{"id":7308,"date":"2026-01-06T14:28:10","date_gmt":"2026-01-06T07:28:10","guid":{"rendered":"https:\/\/tpenergy.com.vn\/?post_type=product&#038;p=7308"},"modified":"2026-03-12T10:37:31","modified_gmt":"2026-03-12T03:37:31","slug":"inverter-huawei-hoa-luoi-3-pha-150kw-sun2000-150k-mg0","status":"publish","type":"product","link":"https:\/\/tpenergy.com.vn\/?product=inverter-huawei-hoa-luoi-3-pha-150kw-sun2000-150k-mg0","title":{"rendered":"Inverter Huawei ho\u00e0 l\u01b0\u1edbi 3 pha 150kW | SUN2000-150K-MG0"},"content":{"rendered":"<h1 style=\"text-align: left\">Inverter Huawei ho\u00e0 l\u01b0\u1edbi 3 pha 150kW | SUN2000-150K-MG0<\/h1>\n<p>Huawei Fusion Solar, v\u1edbi nh\u1eefng t\u00ednh n\u0103ng v\u01b0\u1ee3t b\u1eadc c\u00f9ng thi\u1ebft k\u1ebf t\u1ed1i \u01b0u \u0111\u00e3 t\u1ea1o ra nh\u1eefng s\u1ea3n ph\u1ea9m \u0111i \u0111\u00f4i v\u1edbi ch\u1ea5t l\u01b0\u1ee3ng th\u00f4ng qua nh\u1eefng \u01b0u \u0111i\u1ec3m nh\u01b0:<\/p>\n<p>&#8211; K\u00edch th\u01b0\u1edbc nh\u1ecf g\u1ecdn thu\u1eadn ti\u1ec7n cho vi\u1ec7c l\u1eafp \u0111\u1eb7t<\/p>\n<p>-Thi\u1ebft k\u1ebf chu\u1ea9n IP65 ch\u1ecbu \u0111\u01b0\u1ee3c th\u1eddi ti\u1ebft kh\u1eafc nghi\u1ec7t trong th\u1eddi gian d\u00e0i, c\u01a1 ch\u1ebf t\u1ef1 \u0111\u1ed9ng l\u00e0m m\u00e1t m\u00e1y b\u1ea3o \u0111\u1ea3m \u0111\u1ed9 b\u1ec1n.<\/p>\n<p>&#8211; T\u00edch h\u1ee3p s\u1eb5n thi\u1ebft b\u1ecb ch\u1ed1ng s\u00e9t DC v\u00e0 AC v\u00e0 kh\u00f4ng c\u1ea7n l\u1eafp \u0111\u1eb7t th\u00eam c\u1ea7u ch\u00ec b\u1ea3o v\u1ec7 trong h\u1ec7 th\u1ed1ng g\u00f3p ph\u1ea7n l\u00e0m gi\u1ea3m gi\u00e1 th\u00e0nh \u0111\u1ea7u t\u01b0<\/p>\n<p>&#8211; T\u00edch h\u1ee3p c\u00e1c ch\u1ebf \u0111\u1ed9 b\u1ea3o v\u1ec7: ch\u1ed1ng \u0111\u1ea3o c\u1ef1c DC, ch\u1ed1ng qu\u00e1 \u0111i\u1ec7n \u00e1p AC, PID, \u2026<\/p>\n<h3 style=\"text-align: left\">Th\u00f4ng s\u1ed1 k\u1ef9 thu\u1eadt c\u1ee7a Inverter Huawei ho\u00e0 l\u01b0\u1edbi 3 pha 150kW | SUN2000-150K-MG0:<\/h3>\n<p style=\"text-align: left\"><img loading=\"lazy\" decoding=\"async\" class=\"aligncenter size-full wp-image-7311\" src=\"https:\/\/tpenergy.com.vn\/wp-content\/uploads\/2026\/01\/SUN2000-150K-MG0-hinh-anh-1-scaled.jpg\" alt=\"\" width=\"1808\" height=\"2560\" srcset=\"https:\/\/tpenergy.com.vn\/wp-content\/uploads\/2026\/01\/SUN2000-150K-MG0-hinh-anh-1-scaled.jpg 1808w, https:\/\/tpenergy.com.vn\/wp-content\/uploads\/2026\/01\/SUN2000-150K-MG0-hinh-anh-1-768x1088.jpg 768w, https:\/\/tpenergy.com.vn\/wp-content\/uploads\/2026\/01\/SUN2000-150K-MG0-hinh-anh-1-1085x1536.jpg 1085w, https:\/\/tpenergy.com.vn\/wp-content\/uploads\/2026\/01\/SUN2000-150K-MG0-hinh-anh-1-1446x2048.jpg 1446w, https:\/\/tpenergy.com.vn\/wp-content\/uploads\/2026\/01\/SUN2000-150K-MG0-hinh-anh-1-247x350.jpg 247w, https:\/\/tpenergy.com.vn\/wp-content\/uploads\/2026\/01\/SUN2000-150K-MG0-hinh-anh-1-510x722.jpg 510w\" sizes=\"(max-width: 1808px) 100vw, 1808px\" \/><\/p>\n<p dir=\"ltr\" style=\"text-align: left\"><a href=\"https:\/\/www.facebook.com\/DienMatTroi.SolarQuangBinh\">Thu\u1eadn Phong<\/a> cung c\u1ea5p l\u1eafp \u0111\u1eb7t tr\u1ecdn g\u00f3i h\u1ec7 th\u1ed1ng \u0111i\u1ec7n m\u1eb7t tr\u1eddi g\u1ed3m:<\/p>\n<p style=\"text-align: left\">\u2013 Thi\u1ebft k\u1ebf, l\u1eadp d\u1ef1 \u00e1n \u0111\u1ea7u t\u01b0<br \/>\n\u2013 Cung c\u1ea5p thi\u1ebft b\u1ecb<br \/>\n\u2013 Thi c\u00f4ng c\u00f4ng tr\u00ecnh<br \/>\n\u2013 B\u1ea3o tr\u00ec, b\u1ea3o d\u01b0\u1ee1ng<\/p>\n<p style=\"text-align: left\">V\u1edbi s\u1ef1 n\u1ed7 l\u1ef1c, l\u00f2ng nhi\u1ec7t th\u00e0nh c\u1ed1ng hi\u1ebfn c\u1ee7a \u0111\u1ed9i ng\u0169 nh\u00e2n vi\u00ean c\u00f4ng ty, Thu\u1eadn Phong mong mu\u1ed1n \u0111\u01b0a th\u01b0\u01a1ng hi\u1ec7u trong c\u00e1c l\u0129nh v\u1ef1c ph\u00e2n ph\u1ed1i thi\u1ebft b\u1ecb, t\u01b0 v\u1ea5n thi\u1ebft k\u1ebf, l\u1eafp \u0111\u1eb7t v\u00e0 thi c\u00f4ng \u0111i\u1ec7n m\u1eb7t tr\u1eddi t\u1ea1i Vi\u1ec7t Nam, mang l\u1ea1i ni\u1ec1m tin cho nhi\u1ec1u kh\u00e1ch h\u00e0ng v\u00e0 \u0111\u1ed1i t\u00e1c l\u1edbn, truy\u1ec1n t\u1ea3i nh\u1eefng gi\u00e1 tr\u1ecb t\u1ed1t \u0111\u1eb9p v\u1ec1 m\u1ed9t th\u1ebf gi\u1edbi s\u1ea1ch v\u00e0 b\u1ec1n v\u1eefng, \u0111\u1ed3ng th\u1eddi thi\u1ebft l\u1eadp m\u1ed9t h\u1ec7 sinh th\u00e1i an to\u00e0n cho t\u01b0\u01a1ng lai.<\/p>\n<p style=\"text-align: left\">V\u00ec v\u1eady, n\u1ebfu b\u1ea1n l\u00e0 ch\u1ee7 d\u1ef1 \u00e1n c\u00f3 nhu c\u1ea7u s\u1eed d\u1ee5ng bi\u1ebfn t\u1ea7n Huawei h\u00f2a l\u01b0\u1edbi ch\u1ea5t l\u01b0\u1ee3ng, h\u00e3y li\u00ean h\u1ec7 v\u1edbi Thu\u1eadn Phong qua hotline 0869.564.567 \u0111\u1ec3 l\u1ef1a ch\u1ecdn d\u00f2ng bi\u1ebfn t\u1ea7n chi ph\u00ed t\u1ed1t v\u00e0 uy t\u00edn nh\u1ea5t t\u1ea1i th\u1ecb tr\u01b0\u1eddng Vi\u1ec7t Nam hi\u1ec7n nay nh\u00e9.<\/p>\n<div class=\"x9f619 x1n2onr6 x1ja2u2z\">\n<div class=\"x78zum5 xdt5ytf x1n2onr6 x1ja2u2z\">\n<div class=\"x78zum5 xdt5ytf x1n2onr6 xat3117 xxzkxad\">\n<div class=\"x78zum5 xdt5ytf x1t2pt76 x1n2onr6 x1ja2u2z x10cihs4\">\n<div class=\"x9f619 x2lah0s x1nhvcw1 x1qjc9v5 xozqiw3 x1q0g3np x78zum5 x1iyjqo2 x1t2pt76 x1n2onr6 x1ja2u2z x1h6rjhl\">\n<div class=\"x9f619 x1n2onr6 x1ja2u2z xdt5ytf x193iq5w xeuugli x1r8uery x1iyjqo2 xs83m0k x78zum5 x1t2pt76\" role=\"main\" aria-label=\"temp heading\">\n<div class=\"x78zum5 xdt5ytf x1iyjqo2 x1t2pt76 xeuugli x1n2onr6 x1ja2u2z\">\n<div class=\"x78zum5 xdt5ytf x1t2pt76\">\n<div class=\"x78zum5 xdt5ytf x1iyjqo2 x1t2pt76 xeuugli\">\n<div class=\"x78zum5 xdt5ytf x1t2pt76 x1n2onr6\" role=\"main\">\n<div class=\"x6s0dn4 x78zum5 xdt5ytf x193iq5w\">\n<div class=\"x9f619 x193iq5w x1talbiv x1sltb1f x3fxtfs x1swvt13 x1pi30zi xw7yly9\">\n<div class=\"x9f619 x1n2onr6 x1ja2u2z x2lah0s x1qjc9v5 x78zum5 x1q0g3np x1a02dak xl56j7k x9otpla x1n0m28w x1wsgfga xp7jhwk\">\n<div class=\"x9f619 x1n2onr6 x1ja2u2z xeuugli xs83m0k x1xmf6yo x1emribx x1e56ztr x1i64zmx xjl7jj x19h7ccj xu9j1y6 x7ep2pv\">\n<div class=\"x1yztbdb x1n2onr6 xh8yej3 x1ja2u2z\">\n<div class=\"x1n2onr6 x1ja2u2z\">\n<div class=\"\">\n<div class=\"\">\n<div class=\"x1a2a7pz\" role=\"article\" aria-describedby=\":r6ar: :r6as: :r6at: :r6av: :r6au:\" aria-labelledby=\":r6aq:\">\n<div class=\"x78zum5 xdt5ytf\">\n<div class=\"x9f619 x1n2onr6 x1ja2u2z\">\n<div class=\"x78zum5 x1n2onr6 xh8yej3\">\n<div class=\"x9f619 x1n2onr6 x1ja2u2z x1jx94hy x1qpq9i9 xdney7k xu5ydu1 xt3gfkd xh8yej3 x6ikm8r x10wlt62 xquyuld\">\n<div class=\"html-div xe8uvvx xdj266r x11i5rnm xat24cr x1mh8g0r xexx8yu x4uap5 x18d9i69 xkhd6sd\">\n<div class=\"\" dir=\"auto\" style=\"text-align: left\">\n<div id=\":r6as:\" class=\"x1iorvi4 x1pi30zi x1l90r2v x1swvt13\" data-ad-comet-preview=\"message\" data-ad-preview=\"message\">\n<div class=\"x78zum5 xdt5ytf xz62fqu x16ldp7u\">\n<div class=\"xu06os2 x1ok221b\">\n<div class=\"x11i5rnm xat24cr x1mh8g0r x1vvkbs xtlvy1s x126k92a\">\n<div dir=\"auto\">\n<div dir=\"auto\">\u2014\u2014\u2014\u2014\u2014\u2014\u2014\u2014\u2014\u2014\u2014\u2013<\/div>\n<div dir=\"auto\"><a href=\"https:\/\/www.facebook.com\/DienMatTroi.SolarQuangBinh\">CH\u1eccN THU\u1eacN PHONG \u2013 CH\u1eccN S\u1ef0 AN T\u00c2M<\/a><br \/>\nHotline: 0869.564.567<br \/>\nKinh doanh: 0867.577.357<br \/>\nK\u1ef9 thu\u1eadt: 0899.768.777<br \/>\nService: 0867.118.636<br \/>\nTr\u1ee5 s\u1edf ch\u00ednh: 30 Nguy\u1ec5n H\u1eefu D\u1eadt, ph\u01b0\u1eddng \u0110\u1ed3ng H\u1edbi, t\u1ec9nh Qu\u1ea3ng Tr\u1ecb, Vi\u1ec7t Nam<br \/>\nTr\u1ee5 s\u1edf H\u00e0 N\u1ed9i: Nh\u00e0 ph\u1ed1 th\u01b0\u01a1ng m\u1ea1i Khai S\u01a1n Town s\u1ed1 18 thu\u1ed9c Town 7, khu \u0111\u00f4 th\u1ecb Khai S\u01a1n City, ph\u01b0\u1eddng B\u1ed3 \u0110\u1ec1, Th\u00e0nh ph\u1ed1 H\u00e0 N\u1ed9i<br \/>\nWebsite:\u00a0<a href=\"https:\/\/tpenergy.com.vn\/\">https:\/\/tpenergy.com.vn\/<\/a><br \/>\nShopee:\u00a0<a href=\"https:\/\/shopee.vn\/thuanphongenergy?entryPoint=ShopBySearch&amp;searchKeyword=thu%E1%BA%ADn%20phong%20solar%20energy\">https:\/\/byvn.net\/E1oJ<\/a><br \/>\nLazada:\u00a0<a href=\"https:\/\/byvn.net\/VYPr\">https:\/\/byvn.net\/VYPr<\/a><\/div>\n<\/div>\n<\/div>\n<\/div>\n<\/div>\n<\/div>\n<\/div>\n<\/div>\n<\/div>\n<\/div>\n<\/div>\n<\/div>\n<\/div>\n<\/div>\n<\/div>\n<\/div>\n<\/div>\n<\/div>\n<\/div>\n<\/div>\n<\/div>\n<\/div>\n<\/div>\n<\/div>\n<\/div>\n<\/div>\n<\/div>\n<\/div>\n<\/div>\n<\/div>\n<\/div>\n","protected":false},"excerpt":{"rendered":"<h3>V\u1ec1 s\u1ea3n ph\u1ea9m:<\/h3>\n<ul>\n<li>C\u00f4ng su\u1ea5t ra AC: 150000W<\/li>\n<li>C\u00f4ng su\u1ea5t ra AC t\u1ed1i \u0111a: 165000W<\/li>\n<li>Hi\u1ec7u su\u1ea5t t\u1ed1i \u0111a: 98.6% @400V, 98.8% @480V<\/li>\n<li>Theo ti\u00eau chu\u1ea9n: IP66<\/li>\n<li>K\u00edch th\u01b0\u1edbc: 1,000 x 710 x 395 mm<\/li>\n<li>Kh\u1ed1i L\u01b0\u1ee3ng: 102 kg<\/li>\n<li>K\u1ebft n\u1ed1i: Wifi, RS485, GPRS<\/li>\n<li>B\u1ea3o h\u00e0nh: 5 n\u0103m<\/li>\n<\/ul>\n<h3><i class=\"fas fa-download\"><\/i> Download<\/h3>\n<ul>\n<li style=\"list-style-type: none\">\n<ul>\n<li><a href=\"https:\/\/tpenergy.com.vn\/wp-content\/uploads\/2026\/01\/SUN2000-150K-MG0.pdf\">Datasheet<\/a><\/li>\n<li><a href=\"https:\/\/tpenergy.com.vn\/wp-content\/uploads\/2026\/01\/SUN2000-50K-75K-80K-150K-MG-Series-User-Manual.pdf\">User Manual<\/a><\/li>\n<li><a href=\"https:\/\/tpenergy.com.vn\/wp-content\/uploads\/2026\/01\/HUAWEI-Warranty-and-Service-Conditions-for-Smart-PV-ProductsFor-Channel-180th-day-Thailand-Viet-Nam-Malaysia-Singpore-Bangladesh-HK-of-China-1-1.pdf\">Warranty Conditions<\/a><\/li>\n<\/ul>\n<\/li>\n<\/ul>\n<p>&nbsp;<\/p>\n<p>&nbsp;<\/p>\n","protected":false},"featured_media":7312,"comment_status":"open","ping_status":"closed","template":"","meta":{"_eb_attr":""},"product_cat":[1561],"product_tag":[1565,1560,1569,1556,1570,1554,1559,126,1553,1571,1566],"class_list":{"0":"post-7308","1":"product","2":"type-product","3":"status-publish","4":"has-post-thumbnail","6":"product_cat-huawei","7":"product_tag-afci","8":"product_tag-dien-mat-troi-huawei","9":"product_tag-huawei-150kw","10":"product_tag-huawei-fusionsolar","11":"product_tag-inverter-150kw","12":"product_tag-inverter-3-pha","13":"product_tag-inverter-cong-nghiep","14":"product_tag-inverter-hoa-luoi","15":"product_tag-inverter-huawei","16":"product_tag-mppt","17":"product_tag-ssld","18":"pa_gia-khong-lap-dat","19":"pa_gia-lap-dat","21":"first","22":"instock","23":"shipping-taxable","24":"purchasable","25":"product-type-variable"},"yoast_head":"<!-- This site is optimized with the Yoast SEO plugin v20.9 - https:\/\/yoast.com\/wordpress\/plugins\/seo\/ -->\r\n<title>Inverter Huawei ho\u00e0 l\u01b0\u1edbi 3 pha 150kW | Thu\u1eadn Phong Energy<\/title>\r\n<meta name=\"description\" content=\"Inverter Huawei ho\u00e0 l\u01b0\u1edbi 3 pha 150kW ch\u00ednh h\u00e3ng t\u1ea1i TPE, h\u1ed7 tr\u1ee3 h\u00f2a l\u01b0\u1edbi \u2013 l\u01b0u tr\u1eef, hi\u1ec7u su\u1ea5t cao, ph\u00f9 h\u1ee3p h\u1ec7 th\u1ed1ng \u0110MT gia \u0111\u00ecnh v\u00e0 doanh nghi\u1ec7p.\" \/>\r\n<meta name=\"robots\" content=\"index, follow, max-snippet:-1, max-image-preview:large, max-video-preview:-1\" \/>\r\n<link rel=\"canonical\" href=\"https:\/\/tpenergy.com.vn\/?product=inverter-huawei-hoa-luoi-3-pha-150kw-sun2000-150k-mg0\" \/>\r\n<meta property=\"og:locale\" content=\"vi_VN\" \/>\r\n<meta property=\"og:type\" content=\"article\" \/>\r\n<meta property=\"og:title\" content=\"Inverter Huawei ho\u00e0 l\u01b0\u1edbi 3 pha 150kW | Thu\u1eadn Phong Energy\" \/>\r\n<meta property=\"og:description\" content=\"Inverter Huawei ho\u00e0 l\u01b0\u1edbi 3 pha 150kW ch\u00ednh h\u00e3ng t\u1ea1i TPE, h\u1ed7 tr\u1ee3 h\u00f2a l\u01b0\u1edbi \u2013 l\u01b0u tr\u1eef, hi\u1ec7u su\u1ea5t cao, ph\u00f9 h\u1ee3p h\u1ec7 th\u1ed1ng \u0110MT gia \u0111\u00ecnh v\u00e0 doanh nghi\u1ec7p.\" \/>\r\n<meta property=\"og:url\" content=\"https:\/\/tpenergy.com.vn\/?product=inverter-huawei-hoa-luoi-3-pha-150kw-sun2000-150k-mg0\" \/>\r\n<meta property=\"og:site_name\" content=\"Thuan Phong Solar Energy\" \/>\r\n<meta property=\"article:modified_time\" content=\"2026-03-12T03:37:31+00:00\" \/>\r\n<meta property=\"og:image\" content=\"https:\/\/tpenergy.com.vn\/wp-content\/uploads\/2026\/01\/sun2000-150k-mg0.png\" \/>\r\n\t<meta property=\"og:image:width\" content=\"1000\" \/>\r\n\t<meta property=\"og:image:height\" content=\"1000\" \/>\r\n\t<meta property=\"og:image:type\" content=\"image\/png\" \/>\r\n<meta name=\"twitter:card\" content=\"summary_large_image\" \/>\r\n<meta name=\"twitter:label1\" content=\"\u01af\u1edbc t\u00ednh th\u1eddi gian \u0111\u1ecdc\" \/>\n\t<meta name=\"twitter:data1\" content=\"3 ph\u00fat\" \/>\r\n<script type=\"application\/ld+json\" class=\"yoast-schema-graph\">{\"@context\":\"https:\/\/schema.org\",\"@graph\":[{\"@type\":\"WebPage\",\"@id\":\"https:\/\/tpenergy.com.vn\/?product=inverter-huawei-hoa-luoi-3-pha-150kw-sun2000-150k-mg0\",\"url\":\"https:\/\/tpenergy.com.vn\/?product=inverter-huawei-hoa-luoi-3-pha-150kw-sun2000-150k-mg0\",\"name\":\"Inverter Huawei ho\u00e0 l\u01b0\u1edbi 3 pha 150kW | Thu\u1eadn Phong Energy\",\"isPartOf\":{\"@id\":\"https:\/\/tpenergy.com.vn\/#website\"},\"datePublished\":\"2026-01-06T07:28:10+00:00\",\"dateModified\":\"2026-03-12T03:37:31+00:00\",\"description\":\"Inverter Huawei ho\u00e0 l\u01b0\u1edbi 3 pha 150kW ch\u00ednh h\u00e3ng t\u1ea1i TPE, h\u1ed7 tr\u1ee3 h\u00f2a l\u01b0\u1edbi \u2013 l\u01b0u tr\u1eef, hi\u1ec7u su\u1ea5t cao, ph\u00f9 h\u1ee3p h\u1ec7 th\u1ed1ng \u0110MT gia \u0111\u00ecnh v\u00e0 doanh nghi\u1ec7p.\",\"breadcrumb\":{\"@id\":\"https:\/\/tpenergy.com.vn\/?product=inverter-huawei-hoa-luoi-3-pha-150kw-sun2000-150k-mg0#breadcrumb\"},\"inLanguage\":\"vi\",\"potentialAction\":[{\"@type\":\"ReadAction\",\"target\":[\"https:\/\/tpenergy.com.vn\/?product=inverter-huawei-hoa-luoi-3-pha-150kw-sun2000-150k-mg0\"]}]},{\"@type\":\"BreadcrumbList\",\"@id\":\"https:\/\/tpenergy.com.vn\/?product=inverter-huawei-hoa-luoi-3-pha-150kw-sun2000-150k-mg0#breadcrumb\",\"itemListElement\":[{\"@type\":\"ListItem\",\"position\":1,\"name\":\"Trang ch\u1ee7\",\"item\":\"https:\/\/tpenergy.com.vn\/\"},{\"@type\":\"ListItem\",\"position\":2,\"name\":\"Shop\",\"item\":\"https:\/\/tpenergy.com.vn\/?page_id=5\"},{\"@type\":\"ListItem\",\"position\":3,\"name\":\"BI\u1ebeN T\u1ea6N\",\"item\":\"https:\/\/tpenergy.com.vn\/?product_cat=bien-tan\"},{\"@type\":\"ListItem\",\"position\":4,\"name\":\"HUAWEI\",\"item\":\"https:\/\/tpenergy.com.vn\/?product_cat=huawei\"},{\"@type\":\"ListItem\",\"position\":5,\"name\":\"Inverter Huawei ho\u00e0 l\u01b0\u1edbi 3 pha 150kW | SUN2000-150K-MG0\"}]},{\"@type\":\"WebSite\",\"@id\":\"https:\/\/tpenergy.com.vn\/#website\",\"url\":\"https:\/\/tpenergy.com.vn\/\",\"name\":\"Thuan Phong Solar Energy\",\"description\":\"\",\"potentialAction\":[{\"@type\":\"SearchAction\",\"target\":{\"@type\":\"EntryPoint\",\"urlTemplate\":\"https:\/\/tpenergy.com.vn\/?s={search_term_string}\"},\"query-input\":\"required name=search_term_string\"}],\"inLanguage\":\"vi\"}]}<\/script>\r\n<!-- \/ Yoast SEO plugin. -->","yoast_head_json":{"title":"Inverter Huawei ho\u00e0 l\u01b0\u1edbi 3 pha 150kW | Thu\u1eadn Phong Energy","description":"Inverter Huawei ho\u00e0 l\u01b0\u1edbi 3 pha 150kW ch\u00ednh h\u00e3ng t\u1ea1i TPE, h\u1ed7 tr\u1ee3 h\u00f2a l\u01b0\u1edbi \u2013 l\u01b0u tr\u1eef, hi\u1ec7u su\u1ea5t cao, ph\u00f9 h\u1ee3p h\u1ec7 th\u1ed1ng \u0110MT gia \u0111\u00ecnh v\u00e0 doanh nghi\u1ec7p.","robots":{"index":"index","follow":"follow","max-snippet":"max-snippet:-1","max-image-preview":"max-image-preview:large","max-video-preview":"max-video-preview:-1"},"canonical":"https:\/\/tpenergy.com.vn\/?product=inverter-huawei-hoa-luoi-3-pha-150kw-sun2000-150k-mg0","og_locale":"vi_VN","og_type":"article","og_title":"Inverter Huawei ho\u00e0 l\u01b0\u1edbi 3 pha 150kW | Thu\u1eadn Phong Energy","og_description":"Inverter Huawei ho\u00e0 l\u01b0\u1edbi 3 pha 150kW ch\u00ednh h\u00e3ng t\u1ea1i TPE, h\u1ed7 tr\u1ee3 h\u00f2a l\u01b0\u1edbi \u2013 l\u01b0u tr\u1eef, hi\u1ec7u su\u1ea5t cao, ph\u00f9 h\u1ee3p h\u1ec7 th\u1ed1ng \u0110MT gia \u0111\u00ecnh v\u00e0 doanh nghi\u1ec7p.","og_url":"https:\/\/tpenergy.com.vn\/?product=inverter-huawei-hoa-luoi-3-pha-150kw-sun2000-150k-mg0","og_site_name":"Thuan Phong Solar Energy","article_modified_time":"2026-03-12T03:37:31+00:00","og_image":[{"width":1000,"height":1000,"url":"https:\/\/tpenergy.com.vn\/wp-content\/uploads\/2026\/01\/sun2000-150k-mg0.png","type":"image\/png"}],"twitter_card":"summary_large_image","twitter_misc":{"\u01af\u1edbc t\u00ednh th\u1eddi gian \u0111\u1ecdc":"3 ph\u00fat"},"schema":{"@context":"https:\/\/schema.org","@graph":[{"@type":"WebPage","@id":"https:\/\/tpenergy.com.vn\/?product=inverter-huawei-hoa-luoi-3-pha-150kw-sun2000-150k-mg0","url":"https:\/\/tpenergy.com.vn\/?product=inverter-huawei-hoa-luoi-3-pha-150kw-sun2000-150k-mg0","name":"Inverter Huawei ho\u00e0 l\u01b0\u1edbi 3 pha 150kW | Thu\u1eadn Phong Energy","isPartOf":{"@id":"https:\/\/tpenergy.com.vn\/#website"},"datePublished":"2026-01-06T07:28:10+00:00","dateModified":"2026-03-12T03:37:31+00:00","description":"Inverter Huawei ho\u00e0 l\u01b0\u1edbi 3 pha 150kW ch\u00ednh h\u00e3ng t\u1ea1i TPE, h\u1ed7 tr\u1ee3 h\u00f2a l\u01b0\u1edbi \u2013 l\u01b0u tr\u1eef, hi\u1ec7u su\u1ea5t cao, ph\u00f9 h\u1ee3p h\u1ec7 th\u1ed1ng \u0110MT gia \u0111\u00ecnh v\u00e0 doanh nghi\u1ec7p.","breadcrumb":{"@id":"https:\/\/tpenergy.com.vn\/?product=inverter-huawei-hoa-luoi-3-pha-150kw-sun2000-150k-mg0#breadcrumb"},"inLanguage":"vi","potentialAction":[{"@type":"ReadAction","target":["https:\/\/tpenergy.com.vn\/?product=inverter-huawei-hoa-luoi-3-pha-150kw-sun2000-150k-mg0"]}]},{"@type":"BreadcrumbList","@id":"https:\/\/tpenergy.com.vn\/?product=inverter-huawei-hoa-luoi-3-pha-150kw-sun2000-150k-mg0#breadcrumb","itemListElement":[{"@type":"ListItem","position":1,"name":"Trang ch\u1ee7","item":"https:\/\/tpenergy.com.vn\/"},{"@type":"ListItem","position":2,"name":"Shop","item":"https:\/\/tpenergy.com.vn\/?page_id=5"},{"@type":"ListItem","position":3,"name":"BI\u1ebeN T\u1ea6N","item":"https:\/\/tpenergy.com.vn\/?product_cat=bien-tan"},{"@type":"ListItem","position":4,"name":"HUAWEI","item":"https:\/\/tpenergy.com.vn\/?product_cat=huawei"},{"@type":"ListItem","position":5,"name":"Inverter Huawei ho\u00e0 l\u01b0\u1edbi 3 pha 150kW | SUN2000-150K-MG0"}]},{"@type":"WebSite","@id":"https:\/\/tpenergy.com.vn\/#website","url":"https:\/\/tpenergy.com.vn\/","name":"Thuan Phong Solar Energy","description":"","potentialAction":[{"@type":"SearchAction","target":{"@type":"EntryPoint","urlTemplate":"https:\/\/tpenergy.com.vn\/?s={search_term_string}"},"query-input":"required name=search_term_string"}],"inLanguage":"vi"}]}},"_links":{"self":[{"href":"https:\/\/tpenergy.com.vn\/index.php?rest_route=\/wp\/v2\/product\/7308"}],"collection":[{"href":"https:\/\/tpenergy.com.vn\/index.php?rest_route=\/wp\/v2\/product"}],"about":[{"href":"https:\/\/tpenergy.com.vn\/index.php?rest_route=\/wp\/v2\/types\/product"}],"replies":[{"embeddable":true,"href":"https:\/\/tpenergy.com.vn\/index.php?rest_route=%2Fwp%2Fv2%2Fcomments&post=7308"}],"wp:featuredmedia":[{"embeddable":true,"href":"https:\/\/tpenergy.com.vn\/index.php?rest_route=\/wp\/v2\/media\/7312"}],"wp:attachment":[{"href":"https:\/\/tpenergy.com.vn\/index.php?rest_route=%2Fwp%2Fv2%2Fmedia&parent=7308"}],"wp:term":[{"taxonomy":"product_cat","embeddable":true,"href":"https:\/\/tpenergy.com.vn\/index.php?rest_route=%2Fwp%2Fv2%2Fproduct_cat&post=7308"},{"taxonomy":"product_tag","embeddable":true,"href":"https:\/\/tpenergy.com.vn\/index.php?rest_route=%2Fwp%2Fv2%2Fproduct_tag&post=7308"}],"curies":[{"name":"wp","href":"https:\/\/api.w.org\/{rel}","templated":true}]}}