{"id":6841,"date":"2025-11-12T15:19:12","date_gmt":"2025-11-12T08:19:12","guid":{"rendered":"https:\/\/tpenergy.com.vn\/?post_type=product&#038;p=6841"},"modified":"2025-11-13T10:15:46","modified_gmt":"2025-11-13T03:15:46","slug":"pin-luu-tru-lifepo4-10-24kwh-51-2v-200ah-genix-green","status":"publish","type":"product","link":"https:\/\/tpenergy.com.vn\/?product=pin-luu-tru-lifepo4-10-24kwh-51-2v-200ah-genix-green","title":{"rendered":"Pin l\u01b0u tr\u1eef LiFePO4 10.24kWh 51.2V 200Ah | Genix Green"},"content":{"rendered":"<p>Pin l\u01b0u tr\u1eef LiFePO4 10.24kWh 51.2V 200Ah | Genix Green<\/p>\n<p><img loading=\"lazy\" decoding=\"async\" class=\"size-full wp-image-6844 aligncenter\" src=\"https:\/\/tpenergy.com.vn\/wp-content\/uploads\/2025\/11\/248b779f3ffa4c63819f2b7c8ce0f26cs2Pi9pUmRFqnTwMm-1.png\" alt=\"\" width=\"1654\" height=\"2244\" srcset=\"https:\/\/tpenergy.com.vn\/wp-content\/uploads\/2025\/11\/248b779f3ffa4c63819f2b7c8ce0f26cs2Pi9pUmRFqnTwMm-1.png 1654w, https:\/\/tpenergy.com.vn\/wp-content\/uploads\/2025\/11\/248b779f3ffa4c63819f2b7c8ce0f26cs2Pi9pUmRFqnTwMm-1-768x1042.png 768w, https:\/\/tpenergy.com.vn\/wp-content\/uploads\/2025\/11\/248b779f3ffa4c63819f2b7c8ce0f26cs2Pi9pUmRFqnTwMm-1-1132x1536.png 1132w, https:\/\/tpenergy.com.vn\/wp-content\/uploads\/2025\/11\/248b779f3ffa4c63819f2b7c8ce0f26cs2Pi9pUmRFqnTwMm-1-1510x2048.png 1510w, https:\/\/tpenergy.com.vn\/wp-content\/uploads\/2025\/11\/248b779f3ffa4c63819f2b7c8ce0f26cs2Pi9pUmRFqnTwMm-1-247x335.png 247w, https:\/\/tpenergy.com.vn\/wp-content\/uploads\/2025\/11\/248b779f3ffa4c63819f2b7c8ce0f26cs2Pi9pUmRFqnTwMm-1-510x692.png 510w\" sizes=\"(max-width: 1654px) 100vw, 1654px\" \/><\/p>\n<div dir=\"auto\">\u2014\u2014\u2014\u2014\u2014\u2014\u2014\u2014\u2014\u2014\u2014\u2013<\/div>\n<div dir=\"auto\"><a href=\"https:\/\/www.facebook.com\/DienMatTroi.SolarQuangBinh\">CH\u1eccN THU\u1eacN PHONG \u2013 CH\u1eccN S\u1ef0 AN T\u00c2M<\/a><br \/>\nHotline: 0869.564.567<br \/>\nKinh doanh: 0867.577.357<br \/>\nK\u1ef9 thu\u1eadt: 0899.768.777<br \/>\nService: 0867.118.636<br \/>\nTr\u1ee5 s\u1edf ch\u00ednh: 30 Nguy\u1ec5n H\u1eefu D\u1eadt, ph\u01b0\u1eddng \u0110\u1ed3ng H\u1edbi, t\u1ec9nh Qu\u1ea3ng Tr\u1ecb, Vi\u1ec7t Nam<br \/>\nTr\u1ee5 s\u1edf H\u00e0 N\u1ed9i: Nh\u00e0 ph\u1ed1 th\u01b0\u01a1ng m\u1ea1i Khai S\u01a1n Town s\u1ed1 18 thu\u1ed9c Town 7, khu \u0111\u00f4 th\u1ecb Khai S\u01a1n City, ph\u01b0\u1eddng B\u1ed3 \u0110\u1ec1, Th\u00e0nh ph\u1ed1 H\u00e0 N\u1ed9i<br \/>\nWebsite:\u00a0<a href=\"https:\/\/tpenergy.com.vn\/\">https:\/\/tpenergy.com.vn\/<\/a><br \/>\nShopee:\u00a0<a href=\"https:\/\/shopee.vn\/thuanphongenergy?entryPoint=ShopBySearch&amp;searchKeyword=thu%E1%BA%ADn%20phong%20solar%20energy\">https:\/\/byvn.net\/E1oJ<\/a><br \/>\nLazada:\u00a0<a href=\"https:\/\/byvn.net\/VYPr\">https:\/\/byvn.net\/VYPr<\/a><\/div>\n","protected":false},"excerpt":{"rendered":"<h3>V\u1ec1 s\u1ea3n ph\u1ea9m:<\/h3>\n<h3><i class=\"fas fa-download\"><\/i> DOWNLOAD<\/h3>\n<p>&nbsp;<\/p>\n<ul>\n<li style=\"list-style-type: none\"><\/li>\n<\/ul>\n","protected":false},"featured_media":6845,"comment_status":"open","ping_status":"closed","template":"","meta":{"_eb_attr":""},"product_cat":[1142],"product_tag":[1154,1155,1153,1156,1150,1149,1148,1152,1105],"class_list":{"0":"post-6841","1":"product","2":"type-product","3":"status-publish","4":"has-post-thumbnail","6":"product_cat-pin-lithium-genix-green","7":"product_tag-pin-10kwh","8":"product_tag-pin-51-2v-200ah","9":"product_tag-pin-genix-green","10":"product_tag-pin-lifepo4-hieu-suat-cao","11":"product_tag-pin-lithium-chinh-hang","12":"product_tag-pin-luu-tru-dien-doanh-nghiep","13":"product_tag-pin-luu-tru-dien-gia-dinh","14":"product_tag-pin-luu-tru-dien-nang-luong-mat-troi","15":"product_tag-thuan-phong-energy","17":"first","18":"instock","19":"shipping-taxable","20":"purchasable","21":"product-type-variable","22":"has-default-attributes"},"yoast_head":"<!-- This site is optimized with the Yoast SEO plugin v20.9 - https:\/\/yoast.com\/wordpress\/plugins\/seo\/ -->\r\n<title>Pin l\u01b0u tr\u1eef LiFePO4 10.24kWh 51.2V | Thu\u1eadn Phong Energy<\/title>\r\n<meta name=\"description\" content=\"Pin l\u01b0u tr\u1eef LiFePO4 10.24kWh \u2013 gi\u1ea3i ph\u00e1p l\u01b0u tr\u1eef \u0111i\u1ec7n an to\u00e0n, b\u1ec1n b\u1ec9, tu\u1ed5i th\u1ecd cao. L\u00fd t\u01b0\u1edfng cho h\u1ec7 th\u1ed1ng n\u0103ng l\u01b0\u1ee3ng m\u1eb7t tr\u1eddi gia \u0111\u00ecnh v\u00e0 doanh nghi\u1ec7p.\" \/>\r\n<meta name=\"robots\" content=\"index, follow, max-snippet:-1, max-image-preview:large, max-video-preview:-1\" \/>\r\n<link rel=\"canonical\" href=\"https:\/\/tpenergy.com.vn\/?product=pin-luu-tru-lifepo4-10-24kwh-51-2v-200ah-genix-green\" \/>\r\n<meta property=\"og:locale\" content=\"vi_VN\" \/>\r\n<meta property=\"og:type\" content=\"article\" \/>\r\n<meta property=\"og:title\" content=\"Pin l\u01b0u tr\u1eef LiFePO4 10.24kWh 51.2V | Thu\u1eadn Phong Energy\" \/>\r\n<meta property=\"og:description\" content=\"Pin l\u01b0u tr\u1eef LiFePO4 10.24kWh \u2013 gi\u1ea3i ph\u00e1p l\u01b0u tr\u1eef \u0111i\u1ec7n an to\u00e0n, b\u1ec1n b\u1ec9, tu\u1ed5i th\u1ecd cao. L\u00fd t\u01b0\u1edfng cho h\u1ec7 th\u1ed1ng n\u0103ng l\u01b0\u1ee3ng m\u1eb7t tr\u1eddi gia \u0111\u00ecnh v\u00e0 doanh nghi\u1ec7p.\" \/>\r\n<meta property=\"og:url\" content=\"https:\/\/tpenergy.com.vn\/?product=pin-luu-tru-lifepo4-10-24kwh-51-2v-200ah-genix-green\" \/>\r\n<meta property=\"og:site_name\" content=\"Thuan Phong Solar Energy\" \/>\r\n<meta property=\"article:modified_time\" content=\"2025-11-13T03:15:46+00:00\" \/>\r\n<meta property=\"og:image\" content=\"https:\/\/tpenergy.com.vn\/wp-content\/uploads\/2025\/11\/248b779f3ffa4c63819f2b7c8ce0f26cs2Pi9pUmRFqnTwMm-0.png\" \/>\r\n\t<meta property=\"og:image:width\" content=\"1654\" \/>\r\n\t<meta property=\"og:image:height\" content=\"2244\" \/>\r\n\t<meta property=\"og:image:type\" content=\"image\/png\" \/>\r\n<meta name=\"twitter:card\" content=\"summary_large_image\" \/>\r\n<meta name=\"twitter:label1\" content=\"\u01af\u1edbc t\u00ednh th\u1eddi gian \u0111\u1ecdc\" \/>\n\t<meta name=\"twitter:data1\" content=\"1 ph\u00fat\" \/>\r\n<script type=\"application\/ld+json\" class=\"yoast-schema-graph\">{\"@context\":\"https:\/\/schema.org\",\"@graph\":[{\"@type\":\"WebPage\",\"@id\":\"https:\/\/tpenergy.com.vn\/?product=pin-luu-tru-lifepo4-10-24kwh-51-2v-200ah-genix-green\",\"url\":\"https:\/\/tpenergy.com.vn\/?product=pin-luu-tru-lifepo4-10-24kwh-51-2v-200ah-genix-green\",\"name\":\"Pin l\u01b0u tr\u1eef LiFePO4 10.24kWh 51.2V | Thu\u1eadn Phong Energy\",\"isPartOf\":{\"@id\":\"https:\/\/tpenergy.com.vn\/#website\"},\"datePublished\":\"2025-11-12T08:19:12+00:00\",\"dateModified\":\"2025-11-13T03:15:46+00:00\",\"description\":\"Pin l\u01b0u tr\u1eef LiFePO4 10.24kWh \u2013 gi\u1ea3i ph\u00e1p l\u01b0u tr\u1eef \u0111i\u1ec7n an to\u00e0n, b\u1ec1n b\u1ec9, tu\u1ed5i th\u1ecd cao. L\u00fd t\u01b0\u1edfng cho h\u1ec7 th\u1ed1ng n\u0103ng l\u01b0\u1ee3ng m\u1eb7t tr\u1eddi gia \u0111\u00ecnh v\u00e0 doanh nghi\u1ec7p.\",\"breadcrumb\":{\"@id\":\"https:\/\/tpenergy.com.vn\/?product=pin-luu-tru-lifepo4-10-24kwh-51-2v-200ah-genix-green#breadcrumb\"},\"inLanguage\":\"vi\",\"potentialAction\":[{\"@type\":\"ReadAction\",\"target\":[\"https:\/\/tpenergy.com.vn\/?product=pin-luu-tru-lifepo4-10-24kwh-51-2v-200ah-genix-green\"]}]},{\"@type\":\"BreadcrumbList\",\"@id\":\"https:\/\/tpenergy.com.vn\/?product=pin-luu-tru-lifepo4-10-24kwh-51-2v-200ah-genix-green#breadcrumb\",\"itemListElement\":[{\"@type\":\"ListItem\",\"position\":1,\"name\":\"Trang ch\u1ee7\",\"item\":\"https:\/\/tpenergy.com.vn\/\"},{\"@type\":\"ListItem\",\"position\":2,\"name\":\"Shop\",\"item\":\"https:\/\/tpenergy.com.vn\/?page_id=5\"},{\"@type\":\"ListItem\",\"position\":3,\"name\":\"PIN L\u01afU TR\u1eee\",\"item\":\"https:\/\/tpenergy.com.vn\/?product_cat=pinluutru\"},{\"@type\":\"ListItem\",\"position\":4,\"name\":\"PIN LITHIUM GENIX GREEN\",\"item\":\"https:\/\/tpenergy.com.vn\/?product_cat=pin-lithium-genix-green\"},{\"@type\":\"ListItem\",\"position\":5,\"name\":\"Pin l\u01b0u tr\u1eef LiFePO4 10.24kWh 51.2V 200Ah | Genix Green\"}]},{\"@type\":\"WebSite\",\"@id\":\"https:\/\/tpenergy.com.vn\/#website\",\"url\":\"https:\/\/tpenergy.com.vn\/\",\"name\":\"Thuan Phong Solar Energy\",\"description\":\"\",\"potentialAction\":[{\"@type\":\"SearchAction\",\"target\":{\"@type\":\"EntryPoint\",\"urlTemplate\":\"https:\/\/tpenergy.com.vn\/?s={search_term_string}\"},\"query-input\":\"required name=search_term_string\"}],\"inLanguage\":\"vi\"}]}<\/script>\r\n<!-- \/ Yoast SEO plugin. -->","yoast_head_json":{"title":"Pin l\u01b0u tr\u1eef LiFePO4 10.24kWh 51.2V | Thu\u1eadn Phong Energy","description":"Pin l\u01b0u tr\u1eef LiFePO4 10.24kWh \u2013 gi\u1ea3i ph\u00e1p l\u01b0u tr\u1eef \u0111i\u1ec7n an to\u00e0n, b\u1ec1n b\u1ec9, tu\u1ed5i th\u1ecd cao. L\u00fd t\u01b0\u1edfng cho h\u1ec7 th\u1ed1ng n\u0103ng l\u01b0\u1ee3ng m\u1eb7t tr\u1eddi gia \u0111\u00ecnh v\u00e0 doanh nghi\u1ec7p.","robots":{"index":"index","follow":"follow","max-snippet":"max-snippet:-1","max-image-preview":"max-image-preview:large","max-video-preview":"max-video-preview:-1"},"canonical":"https:\/\/tpenergy.com.vn\/?product=pin-luu-tru-lifepo4-10-24kwh-51-2v-200ah-genix-green","og_locale":"vi_VN","og_type":"article","og_title":"Pin l\u01b0u tr\u1eef LiFePO4 10.24kWh 51.2V | Thu\u1eadn Phong Energy","og_description":"Pin l\u01b0u tr\u1eef LiFePO4 10.24kWh \u2013 gi\u1ea3i ph\u00e1p l\u01b0u tr\u1eef \u0111i\u1ec7n an to\u00e0n, b\u1ec1n b\u1ec9, tu\u1ed5i th\u1ecd cao. L\u00fd t\u01b0\u1edfng cho h\u1ec7 th\u1ed1ng n\u0103ng l\u01b0\u1ee3ng m\u1eb7t tr\u1eddi gia \u0111\u00ecnh v\u00e0 doanh nghi\u1ec7p.","og_url":"https:\/\/tpenergy.com.vn\/?product=pin-luu-tru-lifepo4-10-24kwh-51-2v-200ah-genix-green","og_site_name":"Thuan Phong Solar Energy","article_modified_time":"2025-11-13T03:15:46+00:00","og_image":[{"url":"https:\/\/tpenergy.com.vn\/wp-content\/uploads\/2025\/11\/248b779f3ffa4c63819f2b7c8ce0f26cs2Pi9pUmRFqnTwMm-0.png","width":1654,"height":2244,"type":"image\/png"}],"twitter_card":"summary_large_image","twitter_misc":{"\u01af\u1edbc t\u00ednh th\u1eddi gian \u0111\u1ecdc":"1 ph\u00fat"},"schema":{"@context":"https:\/\/schema.org","@graph":[{"@type":"WebPage","@id":"https:\/\/tpenergy.com.vn\/?product=pin-luu-tru-lifepo4-10-24kwh-51-2v-200ah-genix-green","url":"https:\/\/tpenergy.com.vn\/?product=pin-luu-tru-lifepo4-10-24kwh-51-2v-200ah-genix-green","name":"Pin l\u01b0u tr\u1eef LiFePO4 10.24kWh 51.2V | Thu\u1eadn Phong Energy","isPartOf":{"@id":"https:\/\/tpenergy.com.vn\/#website"},"datePublished":"2025-11-12T08:19:12+00:00","dateModified":"2025-11-13T03:15:46+00:00","description":"Pin l\u01b0u tr\u1eef LiFePO4 10.24kWh \u2013 gi\u1ea3i ph\u00e1p l\u01b0u tr\u1eef \u0111i\u1ec7n an to\u00e0n, b\u1ec1n b\u1ec9, tu\u1ed5i th\u1ecd cao. L\u00fd t\u01b0\u1edfng cho h\u1ec7 th\u1ed1ng n\u0103ng l\u01b0\u1ee3ng m\u1eb7t tr\u1eddi gia \u0111\u00ecnh v\u00e0 doanh nghi\u1ec7p.","breadcrumb":{"@id":"https:\/\/tpenergy.com.vn\/?product=pin-luu-tru-lifepo4-10-24kwh-51-2v-200ah-genix-green#breadcrumb"},"inLanguage":"vi","potentialAction":[{"@type":"ReadAction","target":["https:\/\/tpenergy.com.vn\/?product=pin-luu-tru-lifepo4-10-24kwh-51-2v-200ah-genix-green"]}]},{"@type":"BreadcrumbList","@id":"https:\/\/tpenergy.com.vn\/?product=pin-luu-tru-lifepo4-10-24kwh-51-2v-200ah-genix-green#breadcrumb","itemListElement":[{"@type":"ListItem","position":1,"name":"Trang ch\u1ee7","item":"https:\/\/tpenergy.com.vn\/"},{"@type":"ListItem","position":2,"name":"Shop","item":"https:\/\/tpenergy.com.vn\/?page_id=5"},{"@type":"ListItem","position":3,"name":"PIN L\u01afU TR\u1eee","item":"https:\/\/tpenergy.com.vn\/?product_cat=pinluutru"},{"@type":"ListItem","position":4,"name":"PIN LITHIUM GENIX GREEN","item":"https:\/\/tpenergy.com.vn\/?product_cat=pin-lithium-genix-green"},{"@type":"ListItem","position":5,"name":"Pin l\u01b0u tr\u1eef LiFePO4 10.24kWh 51.2V 200Ah | Genix Green"}]},{"@type":"WebSite","@id":"https:\/\/tpenergy.com.vn\/#website","url":"https:\/\/tpenergy.com.vn\/","name":"Thuan Phong Solar Energy","description":"","potentialAction":[{"@type":"SearchAction","target":{"@type":"EntryPoint","urlTemplate":"https:\/\/tpenergy.com.vn\/?s={search_term_string}"},"query-input":"required name=search_term_string"}],"inLanguage":"vi"}]}},"_links":{"self":[{"href":"https:\/\/tpenergy.com.vn\/index.php?rest_route=\/wp\/v2\/product\/6841"}],"collection":[{"href":"https:\/\/tpenergy.com.vn\/index.php?rest_route=\/wp\/v2\/product"}],"about":[{"href":"https:\/\/tpenergy.com.vn\/index.php?rest_route=\/wp\/v2\/types\/product"}],"replies":[{"embeddable":true,"href":"https:\/\/tpenergy.com.vn\/index.php?rest_route=%2Fwp%2Fv2%2Fcomments&post=6841"}],"wp:featuredmedia":[{"embeddable":true,"href":"https:\/\/tpenergy.com.vn\/index.php?rest_route=\/wp\/v2\/media\/6845"}],"wp:attachment":[{"href":"https:\/\/tpenergy.com.vn\/index.php?rest_route=%2Fwp%2Fv2%2Fmedia&parent=6841"}],"wp:term":[{"taxonomy":"product_cat","embeddable":true,"href":"https:\/\/tpenergy.com.vn\/index.php?rest_route=%2Fwp%2Fv2%2Fproduct_cat&post=6841"},{"taxonomy":"product_tag","embeddable":true,"href":"https:\/\/tpenergy.com.vn\/index.php?rest_route=%2Fwp%2Fv2%2Fproduct_tag&post=6841"}],"curies":[{"name":"wp","href":"https:\/\/api.w.org\/{rel}","templated":true}]}}