{"id":5310,"date":"2024-11-29T14:27:48","date_gmt":"2024-11-29T07:27:48","guid":{"rendered":"https:\/\/tpenergy.com.vn\/?post_type=product&#038;p=5310"},"modified":"2025-10-23T13:30:29","modified_gmt":"2025-10-23T06:30:29","slug":"vo-tu-dien-mat-troi-etek-ha-8way","status":"publish","type":"product","link":"https:\/\/tpenergy.com.vn\/?product=vo-tu-dien-mat-troi-etek-ha-8way","title":{"rendered":"V\u1ecf t\u1ee7 \u0111i\u1ec7n m\u1eb7t tr\u1eddi ETEK HA-8WAY"},"content":{"rendered":"<p>\u0110\u1eb7c \u0111i\u1ec3m n\u1ed5i b\u1eadt c\u1ee7a t\u1ee7 \u0111i\u1ec7n HA-8WAY:<\/p>\n<p><strong>1. Ch\u1ea5t li\u1ec7u cao c\u1ea5p:<\/strong><\/p>\n<p>\u2013 Ch\u1ea5t li\u1ec7u s\u1ea3n xu\u1ea5t ra \u0111\u00e8n t\u1eeb nh\u1ef1a ABS, PC cao c\u1ea5p, b\u1ec1n b\u1ec9, ch\u1ed1ng \u0103n m\u00f2n, c\u00f3 th\u1ec3 l\u1eafp \u0111\u1eb7t s\u1eed d\u1ee5ng \u1edf c\u1ea3 trong nh\u00e0 l\u1eabn ngo\u00e0i tr\u1eddi.<\/p>\n<p>\u2013 \u0110\u01b0\u1eddng ray l\u1eafp CB t\u1eeb kim lo\u1ea1i cao c\u1ea5p, ch\u1ed1ng g\u1ec9, \u0111\u1ea3m b\u1ea3o l\u1eafp \u0111\u1eb7t d\u1ec5 d\u00e0ng<\/p>\n<p><strong>2. Ch\u1ed1ng n\u01b0\u1edbc k\u00edn k\u1ebd:<\/strong><\/p>\n<p>\u2013 \u0110\u1ec7m cao su c\u00e0ng khi\u1ebfn c\u01a1 c\u1ea5u ch\u1ed1ng n\u01b0\u1edbc c\u1ee7a t\u1ee7 \u0111i\u1ec7n hi\u1ec7u qu\u1ea3 h\u01a1n, t\u00ednh n\u0103ng ch\u1ed1ng n\u01b0\u1edbc \u0111\u1ea1t ti\u00eau chu\u1ea9n qu\u1ed1c t\u1ebf IP65.<\/p>\n<figure id=\"attachment_5404\" aria-describedby=\"caption-attachment-5404\" style=\"width: 700px\" class=\"wp-caption aligncenter\"><img loading=\"lazy\" decoding=\"async\" class=\"wp-image-5404 size-full\" src=\"https:\/\/tpenergy.com.vn\/wp-content\/uploads\/2024\/11\/tu-dien-pin-mat-troi-ha-8-way-2.jpg\" alt=\"\" width=\"700\" height=\"589\" srcset=\"https:\/\/tpenergy.com.vn\/wp-content\/uploads\/2024\/11\/tu-dien-pin-mat-troi-ha-8-way-2.jpg 700w, https:\/\/tpenergy.com.vn\/wp-content\/uploads\/2024\/11\/tu-dien-pin-mat-troi-ha-8-way-2-247x208.jpg 247w, https:\/\/tpenergy.com.vn\/wp-content\/uploads\/2024\/11\/tu-dien-pin-mat-troi-ha-8-way-2-510x429.jpg 510w\" sizes=\"(max-width: 700px) 100vw, 700px\" \/><figcaption id=\"caption-attachment-5404\" class=\"wp-caption-text\">V\u1ecf t\u1ee7 \u0111i\u1ec7n ETEK HA-8WAY<\/figcaption><\/figure>\n<p><strong>3. Ki\u1ec3u d\u00e1ng hi\u1ec7n \u0111\u1ea1i:<\/strong><\/p>\n<p>\u2013 T\u1ee7 \u0111i\u1ec7n n\u0103ng l\u01b0\u1ee3ng m\u1eb7t tr\u1eddi HA-8 8way c\u00f3 ki\u1ec3u d\u00e1ng h\u00ecnh ch\u1eef nh\u1eadt c\u00f3 k\u00edch th\u01b0\u1edbc v\u1eeba ph\u1ea3i, v\u1eeba v\u1eb7n c\u00f3 th\u1ec3 l\u1eafp \u0111\u1eb7t 4 CB \u0111\u00f4i, 2 m\u00e0u tr\u1eafng x\u00e1m hi\u1ec7n \u0111\u1ea1i.<\/p>\n<p>\u2013\u00a0<strong>T\u1ee7 \u0111i\u1ec7n l\u1eafp \u0111i\u1ec7n m\u1eb7t tr\u1eddi<\/strong>\u00a0c\u00f3 th\u1ec3 m\u1edf b\u1eb1ng tay b\u1eb1ng n\u00fat b\u1ea5m nh\u1ef1a c\u1ee9ng c\u00e1p, d\u1ec5 s\u1eed d\u1ee5ng. C\u00e1c l\u1ed7 k\u1ebft n\u1ed1i c\u00f3 thi\u1ebft k\u1ebf b\u00ean c\u1ea1nh h\u1ed9 d\u1ec5 d\u00e0ng k\u1ebft n\u1ed1i c\u00e1c d\u00e2y \u0111i\u1ec7n v\u1edbi c\u00e1c CB b\u00ean trong.<\/p>\n<p><strong>4. Ch\u1ee9c n\u0103ng:<\/strong><\/p>\n<p>\u2013 T\u1ee7 \u0111i\u1ec7n HA-8 8way \u0111\u1ea3m b\u1ea3o ti\u00eau ch\u00ed v\u1ec1 \u0111\u1ed9 b\u1ec1n b\u1ec9, \u0111\u1ed9 \u1ed5n \u0111\u1ecbnh, li\u00ean t\u1ee5c v\u00e0 ch\u00ednh x\u00e1c trong th\u1eddi gian d\u01b0\u1edbi c\u00e1c m\u00f4i tr\u01b0\u1eddng l\u00e0m vi\u1ec7c kh\u00e1c nhau.<\/p>\n<blockquote><p>Hi\u1ec7n t\u1ea1i tr\u00ean th\u1ecb tr\u01b0\u1eddng c\u00f3 nhi\u1ec1u \u0111\u01a1n v\u1ecb cung c\u1ea5p <strong>v\u1ecf t\u1ee7 \u0111i\u1ec7n m\u1eb7t tr\u1eddi ETEK HA-8WAY<\/strong>\u00a0c\u00f3 c\u00e1c m\u1ee9c gi\u00e1 kh\u00e1c nhau. Li\u00ean h\u1ec7 Thu\u1eadn Phong qua hotline <strong>0869 564 567<\/strong>\u00a0\u0111\u1ec3 \u0111\u01b0\u1ee3c nh\u1eadn b\u00e1o gi\u00e1 s\u1ec9 v\u00e0 l\u1ebb v\u1ec1\u00a0<strong>t\u1ee7 \u0111i\u1ec7n n\u0103ng l\u01b0\u1ee3ng m\u1eb7t tr\u1eddi<\/strong>.<\/p><\/blockquote>\n<p><strong>T\u1ee7 \u0111i\u1ec7n n\u0103ng l\u01b0\u1ee3ng m\u1eb7t tr\u1eddi<\/strong>\u00a0l\u00e0 thi\u1ebft b\u1ecb ph\u1ee5 ki\u1ec7n kh\u00f4ng th\u1ec3 thi\u1ebfu trong qu\u00e1 tr\u00ecnh thi c\u00f4ng h\u1ec7 th\u1ed1ng \u0111i\u1ec7n m\u1eb7t tr\u1eddi. Khi s\u1eed d\u1ee5ng<strong> v\u1ecf t\u1ee7 \u0111i\u1ec7n m\u1eb7t tr\u1eddi ETEK HA-8WAY<\/strong>\u00a0Qu\u00fd kh\u00e1ch h\u00e0ng s\u1ebd \u0111\u01b0\u1ee3c:<\/p>\n<ul>\n<li>B\u1ea3o v\u1ec7 c\u00e1c thi\u1ebft b\u1ecb quan tr\u1ecdng kh\u1ecfi m\u00f4i tr\u01b0\u1eddng b\u00ean ngo\u00e0i<\/li>\n<li>T\u0103ng t\u00ednh th\u1ea9m m\u1ef9 v\u00e0 chuy\u00ean nghi\u1ec7p cho d\u1ef1 \u00e1n<\/li>\n<li>Ti\u1ebft ki\u1ec7m \u0111\u01b0\u1ee3c ti\u1ec1n b\u1ea1c<\/li>\n<li>Ch\u1ea5t li\u1ec7u b\u1ec1n, c\u00f3 tu\u1ed5i th\u1ecd l\u00e2u<\/li>\n<li>D\u1ec5 d\u00e0ng theo d\u00f5i v\u00e0 b\u1ea3o d\u01b0\u1ee1ng<\/li>\n<\/ul>\n<figure id=\"attachment_5405\" aria-describedby=\"caption-attachment-5405\" style=\"width: 700px\" class=\"wp-caption aligncenter\"><img loading=\"lazy\" decoding=\"async\" class=\"wp-image-5405 size-full\" src=\"https:\/\/tpenergy.com.vn\/wp-content\/uploads\/2024\/11\/tu-dien-pin-mat-troi-ha-8-way-1.jpg\" alt=\"\" width=\"700\" height=\"405\" srcset=\"https:\/\/tpenergy.com.vn\/wp-content\/uploads\/2024\/11\/tu-dien-pin-mat-troi-ha-8-way-1.jpg 700w, https:\/\/tpenergy.com.vn\/wp-content\/uploads\/2024\/11\/tu-dien-pin-mat-troi-ha-8-way-1-247x143.jpg 247w, https:\/\/tpenergy.com.vn\/wp-content\/uploads\/2024\/11\/tu-dien-pin-mat-troi-ha-8-way-1-510x295.jpg 510w\" sizes=\"(max-width: 700px) 100vw, 700px\" \/><figcaption id=\"caption-attachment-5405\" class=\"wp-caption-text\">V\u1ecf t\u1ee7 \u0111i\u1ec7n ETEK HA-8WAY<\/figcaption><\/figure>\n<p><strong>\u0110\u01a1n v\u1ecb ph\u00e2n ph\u1ed1i <a href=\"https:\/\/tpenergy.com.vn\/index.php\/danh-muc-sp\/phu-kien\/thiet-bi-chong-set-lan-truyen\/etek\/\">V\u1ecf t\u1ee7 \u0111i\u1ec7n ETEK ch\u00ednh h\u00e3ng<\/a>:<\/strong>C\u00f4ng ty TNHH Th\u01b0\u01a1ng m\u1ea1i D\u1ecbch v\u1ee5 C\u01a1 \u0111i\u1ec7n Thu\u1eadn Phong l\u00e0 \u0111\u1ea1i l\u00fd ph\u00e2n ph\u1ed1i thi\u1ebft b\u1ecb \u0111i\u1ec7n ETEK ch\u00ednh h\u00e3ng t\u1ea1i th\u1ecb tr\u01b0\u1eddng Vi\u1ec7t Nam. M\u1ecdi kh\u00e1ch h\u00e0ng l\u1ef1a ch\u1ecdn tin t\u01b0\u1edfng v\u00e0o d\u1ecbch v\u1ee5, s\u1ea3n ph\u1ea9m do Thu\u1eadn Phong cung c\u1ea5p ch\u1eafc ch\u1eafn s\u1ebd kh\u00f4ng ph\u1ea3i h\u1ed1i h\u1eadn v\u1edbi l\u1ef1a ch\u1ecdn c\u1ee7a m\u00ecnh. D\u1ecbch v\u1ee5 lu\u00f4n t\u1ef1 tin \u0111\u01b0a ra c\u00e1c cam k\u1ebft ch\u1ea5t l\u01b0\u1ee3ng v\u01b0\u1ee3t tr\u1ed9i nh\u1ea5t khi ph\u1ee5c v\u1ee5 qu\u00fd kh\u00e1ch h\u00e0ng.<\/p>\n<div class=\"box\">\n<div dir=\"auto\">S\u1ea3n ph\u1ea9m c\u1ee7a Thu\u1eadn Phong khi \u0111\u1ebfn tay \u0111\u1ea1i l\u00fd lu\u00f4n \u0111\u1ea3m b\u1ea3o:<\/div>\n<div dir=\"auto\">&#8211; H\u00e0ng h\u00f3a ch\u00ednh h\u00e3ng, \u0111\u1ea7y \u0111\u1ee7 CO, CQ, VAT cho d\u1ef1 \u00e1n<\/div>\n<div dir=\"auto\"><span class=\"html-span xexx8yu x4uap5 x18d9i69 xkhd6sd x1hl2dhg x16tdsg8 x1vvkbs x3nfvp2 x1j61x8r x1fcty0u xdj266r xat24cr xgzva0m xhhsvwb xxymvpz xlup9mm x1kky2od\">&#8211; <\/span>Gi\u00e1 lu\u00f4n c\u1ea1nh tranh nh\u1edd nh\u1eadp kh\u1ea9u tr\u1ef1c ti\u1ebfp.<\/div>\n<div dir=\"auto\">&#8211; C\u1ea5p s\u1ec9 to\u00e0n qu\u1ed1c. V\u1eadn chuy\u1ec3n t\u1eadn n\u01a1i.<\/div>\n<div class=\"x11i5rnm xat24cr x1mh8g0r x1vvkbs xtlvy1s x126k92a\">\n<p dir=\"auto\">\u00a0N\u1ebfu b\u1ea1n \u0111ang loay hoay t\u00ecm ki\u1ebfm d\u00f2ng s\u1ea3n ph\u1ea9m th\u1ef1c s\u1ef1 ch\u1ea5t l\u01b0\u1ee3ng \u0111\u1ec3 ph\u00e2n ph\u1ed1i li\u00ean h\u1ec7 v\u1edbi Thu\u1eadn Phong qua hotline: <strong>0869.564.567<\/strong><\/p>\n<div dir=\"auto\">\n<p dir=\"auto\">&#8212;&#8212;&#8212;&#8212;&#8212;&#8212;&#8212;&#8212;&#8212;&#8212;-<\/p>\n<div dir=\"auto\">CH\u1eccN THU\u1eacN PHONG &#8211; CH\u1eccN S\u1ef0 AN T\u00c2M<br \/>\nHotline: 0869.564.567<br \/>\nKinh doanh: 0867.577.357<br \/>\nK\u1ef9 thu\u1eadt: 0899.768.777<br \/>\nTr\u1ee5 s\u1edf ch\u00ednh: 30 Nguy\u1ec5n H\u1eefu D\u1eadt, ph\u01b0\u1eddng \u0110\u1ed3ng H\u1edbi, t\u1ec9nh Qu\u1ea3ng Tr\u1ecb, Vi\u1ec7t Nam<br \/>\nTr\u1ee5 s\u1edf H\u00e0 N\u1ed9i: Nh\u00e0 ph\u1ed1 th\u01b0\u01a1ng m\u1ea1i Khai S\u01a1n Town s\u1ed1 18 thu\u1ed9c Town 7, khu \u0111\u00f4 th\u1ecb Khai S\u01a1n City, ph\u01b0\u1eddng B\u1ed3 \u0110\u1ec1, Th\u00e0nh ph\u1ed1 H\u00e0 N\u1ed9i<br \/>\nWebsite: https:\/\/tpenergy.com.vn\/<br \/>\nShopee: https:\/\/byvn.net\/E1oJ<br \/>\nLazada: https:\/\/byvn.net\/VYPr<\/div>\n<\/div>\n<\/div>\n<\/div>\n","protected":false},"excerpt":{"rendered":"<div class=\"line_h22 c-s\">\n<div><\/div>\n<div class=\"pctemp line_h22\">Th\u00f4ng s\u1ed1 s\u1ea3n ph\u1ea9m:<\/div>\n<ul>\n<li class=\"pctemp line_h22\">C\u1ea5p \u0111\u1ed9 b\u1ea3o v\u1ec7 : IP65<\/li>\n<li class=\"pctemp line_h22\">Ch\u1ea5t li\u1ec7u v\u1ecf: ABS C\u1eeda: PC trong su\u1ed1t Mothod c\u1ee7a c\u00e0i \u0111\u1eb7t b\u1ec1 m\u1eb7t g\u1eafn k\u1ebft<\/li>\n<li class=\"pctemp line_h22\">K\u00edch th\u01b0\u1edbc: 215mm*210mm*100mm<\/li>\n<li class=\"pctemp line_h22\">Tr\u1ecdng l\u01b0\u1ee3ng: 0.78Kg<\/li>\n<li class=\"pctemp line_h22\">M\u00e3 h\u00e0ng: HA-8<\/li>\n<li class=\"pctemp line_h22\">Th\u01b0\u01a1ng hi\u1ec7u:\u00a0ETEK<\/li>\n<\/ul>\n<\/div>\n","protected":false},"featured_media":5405,"comment_status":"open","ping_status":"closed","template":"","meta":{"_eb_attr":""},"product_cat":[733],"product_tag":[735,737,738,698,734,736],"class_list":{"0":"post-5310","1":"product","2":"type-product","3":"status-publish","4":"has-post-thumbnail","6":"product_cat-vo-tu-dien-mat-troi-etek","7":"product_tag-ha-8way","8":"product_tag-vo","9":"product_tag-vo-tu","10":"product_tag-vo-tu-dien","11":"product_tag-vo-tu-dien-etek","12":"product_tag-vo-tu-dien-mat-troi-etek-ha-8way","13":"pa_gia-khong-lap-dat","14":"pa_gia-lap-dat","16":"first","17":"instock","18":"shipping-taxable","19":"purchasable","20":"product-type-variable"},"yoast_head":"<!-- This site is optimized with the Yoast SEO plugin v20.9 - https:\/\/yoast.com\/wordpress\/plugins\/seo\/ -->\r\n<title>V\u1ecf t\u1ee7 \u0111i\u1ec7n m\u1eb7t tr\u1eddi ETEK HA-8WAY - Thuan Phong Solar Energy<\/title>\r\n<meta name=\"description\" content=\"V\u1ecf t\u1ee7 \u0111i\u1ec7n m\u1eb7t tr\u1eddi ETEK HA-8WAY \u0111\u1ea3m b\u1ea3o ti\u00eau ch\u00ed v\u1ec1 \u0111\u1ed9 b\u1ec1n b\u1ec9, \u0111\u1ed9 \u1ed5n \u0111\u1ecbnh, li\u00ean t\u1ee5c v\u00e0 ch\u00ednh x\u00e1c trong th\u1eddi gian d\u01b0\u1edbi c\u00e1c m\u00f4i tr\u01b0\u1eddng l\u00e0m vi\u1ec7c kh\u00e1c nhau.\" \/>\r\n<meta name=\"robots\" content=\"index, follow, max-snippet:-1, max-image-preview:large, max-video-preview:-1\" \/>\r\n<link rel=\"canonical\" href=\"https:\/\/tpenergy.com.vn\/?product=vo-tu-dien-mat-troi-etek-ha-8way\" \/>\r\n<meta property=\"og:locale\" content=\"vi_VN\" \/>\r\n<meta property=\"og:type\" content=\"article\" \/>\r\n<meta property=\"og:title\" content=\"V\u1ecf t\u1ee7 \u0111i\u1ec7n m\u1eb7t tr\u1eddi ETEK HA-8WAY - Thuan Phong Solar Energy\" \/>\r\n<meta property=\"og:description\" content=\"V\u1ecf t\u1ee7 \u0111i\u1ec7n m\u1eb7t tr\u1eddi ETEK HA-8WAY \u0111\u1ea3m b\u1ea3o ti\u00eau ch\u00ed v\u1ec1 \u0111\u1ed9 b\u1ec1n b\u1ec9, \u0111\u1ed9 \u1ed5n \u0111\u1ecbnh, li\u00ean t\u1ee5c v\u00e0 ch\u00ednh x\u00e1c trong th\u1eddi gian d\u01b0\u1edbi c\u00e1c m\u00f4i tr\u01b0\u1eddng l\u00e0m vi\u1ec7c kh\u00e1c nhau.\" \/>\r\n<meta property=\"og:url\" content=\"https:\/\/tpenergy.com.vn\/?product=vo-tu-dien-mat-troi-etek-ha-8way\" \/>\r\n<meta property=\"og:site_name\" content=\"Thuan Phong Solar Energy\" \/>\r\n<meta property=\"article:modified_time\" content=\"2025-10-23T06:30:29+00:00\" \/>\r\n<meta property=\"og:image\" content=\"https:\/\/tpenergy.com.vn\/wp-content\/uploads\/2024\/11\/tu-dien-pin-mat-troi-ha-8-way-1.jpg\" \/>\r\n\t<meta property=\"og:image:width\" content=\"700\" \/>\r\n\t<meta property=\"og:image:height\" content=\"405\" \/>\r\n\t<meta property=\"og:image:type\" content=\"image\/jpeg\" \/>\r\n<meta name=\"twitter:card\" content=\"summary_large_image\" \/>\r\n<meta name=\"twitter:label1\" content=\"\u01af\u1edbc t\u00ednh th\u1eddi gian \u0111\u1ecdc\" \/>\n\t<meta name=\"twitter:data1\" content=\"4 ph\u00fat\" \/>\r\n<script type=\"application\/ld+json\" class=\"yoast-schema-graph\">{\"@context\":\"https:\/\/schema.org\",\"@graph\":[{\"@type\":\"WebPage\",\"@id\":\"https:\/\/tpenergy.com.vn\/?product=vo-tu-dien-mat-troi-etek-ha-8way\",\"url\":\"https:\/\/tpenergy.com.vn\/?product=vo-tu-dien-mat-troi-etek-ha-8way\",\"name\":\"V\u1ecf t\u1ee7 \u0111i\u1ec7n m\u1eb7t tr\u1eddi ETEK HA-8WAY - Thuan Phong Solar Energy\",\"isPartOf\":{\"@id\":\"https:\/\/tpenergy.com.vn\/#website\"},\"datePublished\":\"2024-11-29T07:27:48+00:00\",\"dateModified\":\"2025-10-23T06:30:29+00:00\",\"description\":\"V\u1ecf t\u1ee7 \u0111i\u1ec7n m\u1eb7t tr\u1eddi ETEK HA-8WAY \u0111\u1ea3m b\u1ea3o ti\u00eau ch\u00ed v\u1ec1 \u0111\u1ed9 b\u1ec1n b\u1ec9, \u0111\u1ed9 \u1ed5n \u0111\u1ecbnh, li\u00ean t\u1ee5c v\u00e0 ch\u00ednh x\u00e1c trong th\u1eddi gian d\u01b0\u1edbi c\u00e1c m\u00f4i tr\u01b0\u1eddng l\u00e0m vi\u1ec7c kh\u00e1c nhau.\",\"breadcrumb\":{\"@id\":\"https:\/\/tpenergy.com.vn\/?product=vo-tu-dien-mat-troi-etek-ha-8way#breadcrumb\"},\"inLanguage\":\"vi\",\"potentialAction\":[{\"@type\":\"ReadAction\",\"target\":[\"https:\/\/tpenergy.com.vn\/?product=vo-tu-dien-mat-troi-etek-ha-8way\"]}]},{\"@type\":\"BreadcrumbList\",\"@id\":\"https:\/\/tpenergy.com.vn\/?product=vo-tu-dien-mat-troi-etek-ha-8way#breadcrumb\",\"itemListElement\":[{\"@type\":\"ListItem\",\"position\":1,\"name\":\"Trang ch\u1ee7\",\"item\":\"https:\/\/tpenergy.com.vn\/\"},{\"@type\":\"ListItem\",\"position\":2,\"name\":\"Shop\",\"item\":\"https:\/\/tpenergy.com.vn\/?page_id=5\"},{\"@type\":\"ListItem\",\"position\":3,\"name\":\"PH\u1ee4 KI\u1ec6N\",\"item\":\"https:\/\/tpenergy.com.vn\/danh-muc-sp\/phu-kien\/\"},{\"@type\":\"ListItem\",\"position\":4,\"name\":\"V\u1ece T\u1ee6 \u0110I\u1ec6N M\u1eb6T TR\u1edcI ETEK\",\"item\":\"https:\/\/tpenergy.com.vn\/index.php\/danh-muc-sp\/phu-kien\/vo-tu-dien-mat-troi-etek\/\"},{\"@type\":\"ListItem\",\"position\":5,\"name\":\"V\u1ecf t\u1ee7 \u0111i\u1ec7n m\u1eb7t tr\u1eddi ETEK HA-8WAY\"}]},{\"@type\":\"WebSite\",\"@id\":\"https:\/\/tpenergy.com.vn\/#website\",\"url\":\"https:\/\/tpenergy.com.vn\/\",\"name\":\"Thuan Phong Solar Energy\",\"description\":\"\",\"potentialAction\":[{\"@type\":\"SearchAction\",\"target\":{\"@type\":\"EntryPoint\",\"urlTemplate\":\"https:\/\/tpenergy.com.vn\/?s={search_term_string}\"},\"query-input\":\"required name=search_term_string\"}],\"inLanguage\":\"vi\"}]}<\/script>\r\n<!-- \/ Yoast SEO plugin. -->","yoast_head_json":{"title":"V\u1ecf t\u1ee7 \u0111i\u1ec7n m\u1eb7t tr\u1eddi ETEK HA-8WAY - Thuan Phong Solar Energy","description":"V\u1ecf t\u1ee7 \u0111i\u1ec7n m\u1eb7t tr\u1eddi ETEK HA-8WAY \u0111\u1ea3m b\u1ea3o ti\u00eau ch\u00ed v\u1ec1 \u0111\u1ed9 b\u1ec1n b\u1ec9, \u0111\u1ed9 \u1ed5n \u0111\u1ecbnh, li\u00ean t\u1ee5c v\u00e0 ch\u00ednh x\u00e1c trong th\u1eddi gian d\u01b0\u1edbi c\u00e1c m\u00f4i tr\u01b0\u1eddng l\u00e0m vi\u1ec7c kh\u00e1c nhau.","robots":{"index":"index","follow":"follow","max-snippet":"max-snippet:-1","max-image-preview":"max-image-preview:large","max-video-preview":"max-video-preview:-1"},"canonical":"https:\/\/tpenergy.com.vn\/?product=vo-tu-dien-mat-troi-etek-ha-8way","og_locale":"vi_VN","og_type":"article","og_title":"V\u1ecf t\u1ee7 \u0111i\u1ec7n m\u1eb7t tr\u1eddi ETEK HA-8WAY - Thuan Phong Solar Energy","og_description":"V\u1ecf t\u1ee7 \u0111i\u1ec7n m\u1eb7t tr\u1eddi ETEK HA-8WAY \u0111\u1ea3m b\u1ea3o ti\u00eau ch\u00ed v\u1ec1 \u0111\u1ed9 b\u1ec1n b\u1ec9, \u0111\u1ed9 \u1ed5n \u0111\u1ecbnh, li\u00ean t\u1ee5c v\u00e0 ch\u00ednh x\u00e1c trong th\u1eddi gian d\u01b0\u1edbi c\u00e1c m\u00f4i tr\u01b0\u1eddng l\u00e0m vi\u1ec7c kh\u00e1c nhau.","og_url":"https:\/\/tpenergy.com.vn\/?product=vo-tu-dien-mat-troi-etek-ha-8way","og_site_name":"Thuan Phong Solar Energy","article_modified_time":"2025-10-23T06:30:29+00:00","og_image":[{"width":700,"height":405,"url":"https:\/\/tpenergy.com.vn\/wp-content\/uploads\/2024\/11\/tu-dien-pin-mat-troi-ha-8-way-1.jpg","type":"image\/jpeg"}],"twitter_card":"summary_large_image","twitter_misc":{"\u01af\u1edbc t\u00ednh th\u1eddi gian \u0111\u1ecdc":"4 ph\u00fat"},"schema":{"@context":"https:\/\/schema.org","@graph":[{"@type":"WebPage","@id":"https:\/\/tpenergy.com.vn\/?product=vo-tu-dien-mat-troi-etek-ha-8way","url":"https:\/\/tpenergy.com.vn\/?product=vo-tu-dien-mat-troi-etek-ha-8way","name":"V\u1ecf t\u1ee7 \u0111i\u1ec7n m\u1eb7t tr\u1eddi ETEK HA-8WAY - Thuan Phong Solar Energy","isPartOf":{"@id":"https:\/\/tpenergy.com.vn\/#website"},"datePublished":"2024-11-29T07:27:48+00:00","dateModified":"2025-10-23T06:30:29+00:00","description":"V\u1ecf t\u1ee7 \u0111i\u1ec7n m\u1eb7t tr\u1eddi ETEK HA-8WAY \u0111\u1ea3m b\u1ea3o ti\u00eau ch\u00ed v\u1ec1 \u0111\u1ed9 b\u1ec1n b\u1ec9, \u0111\u1ed9 \u1ed5n \u0111\u1ecbnh, li\u00ean t\u1ee5c v\u00e0 ch\u00ednh x\u00e1c trong th\u1eddi gian d\u01b0\u1edbi c\u00e1c m\u00f4i tr\u01b0\u1eddng l\u00e0m vi\u1ec7c kh\u00e1c nhau.","breadcrumb":{"@id":"https:\/\/tpenergy.com.vn\/?product=vo-tu-dien-mat-troi-etek-ha-8way#breadcrumb"},"inLanguage":"vi","potentialAction":[{"@type":"ReadAction","target":["https:\/\/tpenergy.com.vn\/?product=vo-tu-dien-mat-troi-etek-ha-8way"]}]},{"@type":"BreadcrumbList","@id":"https:\/\/tpenergy.com.vn\/?product=vo-tu-dien-mat-troi-etek-ha-8way#breadcrumb","itemListElement":[{"@type":"ListItem","position":1,"name":"Trang ch\u1ee7","item":"https:\/\/tpenergy.com.vn\/"},{"@type":"ListItem","position":2,"name":"Shop","item":"https:\/\/tpenergy.com.vn\/?page_id=5"},{"@type":"ListItem","position":3,"name":"PH\u1ee4 KI\u1ec6N","item":"https:\/\/tpenergy.com.vn\/danh-muc-sp\/phu-kien\/"},{"@type":"ListItem","position":4,"name":"V\u1ece T\u1ee6 \u0110I\u1ec6N M\u1eb6T TR\u1edcI ETEK","item":"https:\/\/tpenergy.com.vn\/index.php\/danh-muc-sp\/phu-kien\/vo-tu-dien-mat-troi-etek\/"},{"@type":"ListItem","position":5,"name":"V\u1ecf t\u1ee7 \u0111i\u1ec7n m\u1eb7t tr\u1eddi ETEK HA-8WAY"}]},{"@type":"WebSite","@id":"https:\/\/tpenergy.com.vn\/#website","url":"https:\/\/tpenergy.com.vn\/","name":"Thuan Phong Solar Energy","description":"","potentialAction":[{"@type":"SearchAction","target":{"@type":"EntryPoint","urlTemplate":"https:\/\/tpenergy.com.vn\/?s={search_term_string}"},"query-input":"required name=search_term_string"}],"inLanguage":"vi"}]}},"_links":{"self":[{"href":"https:\/\/tpenergy.com.vn\/index.php?rest_route=\/wp\/v2\/product\/5310"}],"collection":[{"href":"https:\/\/tpenergy.com.vn\/index.php?rest_route=\/wp\/v2\/product"}],"about":[{"href":"https:\/\/tpenergy.com.vn\/index.php?rest_route=\/wp\/v2\/types\/product"}],"replies":[{"embeddable":true,"href":"https:\/\/tpenergy.com.vn\/index.php?rest_route=%2Fwp%2Fv2%2Fcomments&post=5310"}],"wp:featuredmedia":[{"embeddable":true,"href":"https:\/\/tpenergy.com.vn\/index.php?rest_route=\/wp\/v2\/media\/5405"}],"wp:attachment":[{"href":"https:\/\/tpenergy.com.vn\/index.php?rest_route=%2Fwp%2Fv2%2Fmedia&parent=5310"}],"wp:term":[{"taxonomy":"product_cat","embeddable":true,"href":"https:\/\/tpenergy.com.vn\/index.php?rest_route=%2Fwp%2Fv2%2Fproduct_cat&post=5310"},{"taxonomy":"product_tag","embeddable":true,"href":"https:\/\/tpenergy.com.vn\/index.php?rest_route=%2Fwp%2Fv2%2Fproduct_tag&post=5310"}],"curies":[{"name":"wp","href":"https:\/\/api.w.org\/{rel}","templated":true}]}}