{"id":4980,"date":"2024-07-16T15:26:58","date_gmt":"2024-07-16T08:26:58","guid":{"rendered":"https:\/\/tpenergy.com.vn\/?post_type=product&#038;p=4980"},"modified":"2025-11-12T15:49:54","modified_gmt":"2025-11-12T08:49:54","slug":"pin-luu-tru-lithium-ess-rackmount-51-2v-280ah","status":"publish","type":"product","link":"https:\/\/tpenergy.com.vn\/?product=pin-luu-tru-lithium-ess-rackmount-51-2v-280ah","title":{"rendered":"Pin l\u01b0u tr\u1eef lithium ESS Rackmount 51.2V\/280Ah | PT-ESS-R14400"},"content":{"rendered":"<div class=\"x11i5rnm xat24cr x1mh8g0r x1vvkbs xtlvy1s x126k92a\">\n<div dir=\"auto\"><strong>PIN L\u01afU TR\u1eee LITHIUM ESS RACKMOUNT 51.2V\/280AH<\/strong><\/div>\n<div dir=\"auto\">\n<p><iframe loading=\"lazy\" title=\"Pin l\u01b0u tr\u1eef Lithium PTESS - b\u1ea3n treo t\u01b0\u1eddng Wallmount 51,2V (\u00c1p Th\u1ea5p)\" width=\"1020\" height=\"574\" src=\"https:\/\/www.youtube.com\/embed\/3zvI8ai1LJw?feature=oembed\" frameborder=\"0\" allow=\"accelerometer; autoplay; clipboard-write; encrypted-media; gyroscope; picture-in-picture; web-share\" referrerpolicy=\"strict-origin-when-cross-origin\" allowfullscreen><\/iframe><\/p>\n<\/div>\n<div dir=\"auto\"><strong style=\"color: #555555\">TH\u00d4NG S\u1ed0 K\u1ef8 THU\u1eacT:\u00a0<\/strong><\/div>\n<\/div>\n<div class=\"table-responsive\">\n<table border=\"0\" cellspacing=\"0\" cellpadding=\"0\">\n<tbody>\n<tr>\n<td><strong>M\u00e3 s\u1ea3n ph\u1ea9m<\/strong><\/td>\n<td>PT-ESS-R14400<\/td>\n<\/tr>\n<tr>\n<td><strong>Lo\u1ea1i cell<\/strong><\/td>\n<td>LFP<\/td>\n<\/tr>\n<tr>\n<td><strong>\u0110i\u1ec7n \u00e1p danh \u0111\u1ecbnh<\/strong><\/td>\n<td>51.2 Vdc<\/td>\n<\/tr>\n<tr>\n<td><strong>T\u1ed5ng n\u0103ng l\u01b0\u1ee3ng<\/strong><\/td>\n<td>14400 Wh<\/td>\n<\/tr>\n<tr>\n<td><strong>D\u00f2ng s\u1ea1c\/x\u1ea3 t\u1ed1i \u0111a<\/strong><\/td>\n<td>160\/200\u00a0A<\/td>\n<\/tr>\n<tr>\n<td><strong>D\u00f2ng s\u1ea1c\/x\u1ea3 khuy\u1ebfn ngh\u1ecb<\/strong><\/td>\n<td>100 A<\/td>\n<\/tr>\n<tr>\n<td><strong>M\u1ee9c \u0111\u1ed9 x\u1ea3 s\u00e2u (DOD)<\/strong><\/td>\n<td>90%<\/td>\n<\/tr>\n<tr>\n<td><strong>Cho ph\u00e9p l\u1eafp \u0111\u1eb7t song song<\/strong><\/td>\n<td>l\u00ean \u0111\u1ebfn 33 b\u1ed9<\/td>\n<\/tr>\n<tr>\n<td><strong>V\u00f2ng \u0111\u1eddi ho\u1ea1t \u0111\u1ed9ng<\/strong><\/td>\n<td>\u00a0\u2265 6000 chu k\u1ef3<\/td>\n<\/tr>\n<tr>\n<td><strong>K\u00edch th\u01b0\u1edbc<\/strong><\/td>\n<td>676*530*230\u00a0(cm)<\/td>\n<\/tr>\n<tr>\n<td><strong>C\u00e2n n\u1eb7ng<\/strong><\/td>\n<td>125 kg<\/td>\n<\/tr>\n<tr>\n<td><strong>Nhi\u1ec7t \u0111\u1ed9 ho\u1ea1t \u0111\u1ed9ng<\/strong><\/td>\n<td>20 \u0111\u1ebfn +55 \u0111\u1ed9 C<\/td>\n<\/tr>\n<tr>\n<td><strong>\u0110\u1ed9 \u1ed3n (t\u1ea1i kho\u1ea3ng c\u00e1ch 1 m\u00e9t)<\/strong><\/td>\n<td>&lt;25 dB<\/td>\n<\/tr>\n<\/tbody>\n<\/table>\n<p><strong>C\u00c1C TH\u00d4NG S\u1ed0 KH\u00c1C:<\/strong><\/p>\n<div class=\"table-responsive\">\n<table border=\"0\" cellspacing=\"0\" cellpadding=\"0\" align=\"left\">\n<tbody>\n<tr>\n<td><strong>H\u00ecnh th\u1ee9c l\u1eafp \u0111\u1eb7t<\/strong><\/td>\n<td>B\u1ea3n \u0111\u1ee9ng\/l\u1eafp t\u1ee7<\/td>\n<\/tr>\n<tr>\n<td><strong>Theo d\u00f5i th\u00f4ng s\u1ed1<\/strong><\/td>\n<td>M\u00e0n h\u00ecnh LCD<\/td>\n<\/tr>\n<tr>\n<td><strong>Ph\u01b0\u01a1ng th\u1ee9c giao ti\u1ebfp<\/strong><\/td>\n<td>CAN\/RS485<\/td>\n<\/tr>\n<tr>\n<td><strong>Theo d\u00f5i th\u00f4ng s\u1ed1 tr\u1ef1c tuy\u1ebfn<\/strong><\/td>\n<td>\u1ee8ng d\u1ee5ng PTESS Cloud<\/td>\n<\/tr>\n<tr>\n<td><strong>Th\u1eddi h\u1ea1n b\u1ea3o h\u00e0nh<\/strong><\/td>\n<td>5 n\u0103m<\/td>\n<\/tr>\n<\/tbody>\n<\/table>\n<\/div>\n<\/div>\n<p><strong>PIN L\u01afU TR\u1eee LITHIUM ESS RACKMOUNT 51.2V\/280AH <\/strong><strong>T\u01af\u01a0NG TH\u00cdCH V\u1edaI C\u00c1C TH\u01af\u01a0NG HI\u1ec6U INVERTER HYBRID:<\/strong><\/p>\n<p><strong>Deye\/Luxpower\/Growatt\/Megarevo\/Goodwe\/Must\/SRNE\/EPEVER\/<\/strong><strong>Afore\/SMA\/Suder\/Solax\/Solis\/Sofar\/Schneider\/Sorotec\/SMK\/<\/strong><strong>Victron\/Voltronic\/Inhenergy\/&#8230;<\/strong><\/p>\n<figure id=\"attachment_4982\" aria-describedby=\"caption-attachment-4982\" style=\"width: 1600px\" class=\"wp-caption aligncenter\"><img loading=\"lazy\" decoding=\"async\" class=\"wp-image-4982 size-full\" src=\"https:\/\/tpenergy.com.vn\/wp-content\/uploads\/2024\/07\/image1-1.png\" alt=\"H\u1ec7 th\u1ed1ng \u0111i\u1ec7n m\u1eb7t tr\u01a1i ho\u00e0 l\u01b0\u1edbi c\u00f3 l\u01b0u tr\u1eef s\u1eed d\u1ee5ng Pin l\u01b0u tr\u1eef lithium ESS Rackmount 51,2V\/280Ah\" width=\"1600\" height=\"891\" srcset=\"https:\/\/tpenergy.com.vn\/wp-content\/uploads\/2024\/07\/image1-1.png 1600w, https:\/\/tpenergy.com.vn\/wp-content\/uploads\/2024\/07\/image1-1-768x428.png 768w, https:\/\/tpenergy.com.vn\/wp-content\/uploads\/2024\/07\/image1-1-1536x855.png 1536w, https:\/\/tpenergy.com.vn\/wp-content\/uploads\/2024\/07\/image1-1-247x138.png 247w, https:\/\/tpenergy.com.vn\/wp-content\/uploads\/2024\/07\/image1-1-510x284.png 510w\" sizes=\"(max-width: 1600px) 100vw, 1600px\" \/><figcaption id=\"caption-attachment-4982\" class=\"wp-caption-text\">H\u1ec7 th\u1ed1ng \u0111i\u1ec7n m\u1eb7t tr\u01a1i ho\u00e0 l\u01b0\u1edbi c\u00f3 l\u01b0u tr\u1eef s\u1eed d\u1ee5ng Pin l\u01b0u tr\u1eef lithium ESS Rackmount 51,2V\/280Ah<\/figcaption><\/figure>\n<div dir=\"auto\"><span class=\"x3nfvp2 x1j61x8r x1fcty0u xdj266r xhhsvwb xat24cr xgzva0m xxymvpz xlup9mm x1kky2od\"><img loading=\"lazy\" decoding=\"async\" class=\"xz74otr lazy-load-active\" src=\"https:\/\/static.xx.fbcdn.net\/images\/emoji.php\/v9\/t94\/1\/16\/1f947.png\" alt=\"\ud83e\udd47\" width=\"16\" height=\"16\" data-src=\"https:\/\/static.xx.fbcdn.net\/images\/emoji.php\/v9\/t94\/1\/16\/1f947.png\" \/><\/span>\u00a0<a href=\"https:\/\/tpenergy.com.vn\/\">Thu\u1eadn Phong<\/a>\u00a0cam k\u1ebft ch\u1ea5t l\u01b0\u1ee3ng s\u1ea3n ph\u1ea9m \u0111\u01b0\u1ee3c ki\u1ec3m duy\u1ec7t nghi\u00eam ng\u1eb7t, b\u1ea3o h\u00e0nh nhanh ch\u00f3ng, tr\u1ef1c ti\u1ebfp kh\u00f4ng qua x\u1eed l\u00fd trung gian, th\u1eddi gian b\u1ea3o h\u00e0nh l\u00ean \u0111\u1ebfn 5 n\u0103m c\u00f9ng nhi\u1ec1u ch\u00ednh s\u00e1ch h\u1eadu m\u00e3i c\u1ef1c k\u00ec h\u1ea5p d\u1eabn. Li\u00ean h\u1ec7 ch\u00fang t\u00f4i \u0111\u1ec3 \u0111\u01b0\u1ee3c t\u01b0 v\u1ea5n s\u1edbm nh\u1ea5t nh\u00e9!<\/div>\n<div dir=\"auto\">\n<div dir=\"auto\">\u2014\u2014\u2014\u2014\u2014\u2014\u2014\u2014\u2014\u2014\u2014\u2013<\/div>\n<div dir=\"auto\"><a href=\"https:\/\/www.facebook.com\/DienMatTroi.SolarQuangBinh\">CH\u1eccN THU\u1eacN PHONG \u2013 CH\u1eccN S\u1ef0 AN T\u00c2M<\/a><br \/>\nHotline: 0869.564.567<br \/>\nKinh doanh: 0867.577.357<br \/>\nK\u1ef9 thu\u1eadt: 0899.768.777<br \/>\nService: 0867.118.636<br \/>\nTr\u1ee5 s\u1edf ch\u00ednh: 30 Nguy\u1ec5n H\u1eefu D\u1eadt, ph\u01b0\u1eddng \u0110\u1ed3ng H\u1edbi, t\u1ec9nh Qu\u1ea3ng Tr\u1ecb, Vi\u1ec7t Nam<br \/>\nTr\u1ee5 s\u1edf H\u00e0 N\u1ed9i: Nh\u00e0 ph\u1ed1 th\u01b0\u01a1ng m\u1ea1i Khai S\u01a1n Town s\u1ed1 18 thu\u1ed9c Town 7, khu \u0111\u00f4 th\u1ecb Khai S\u01a1n City, ph\u01b0\u1eddng B\u1ed3 \u0110\u1ec1, Th\u00e0nh ph\u1ed1 H\u00e0 N\u1ed9i<br \/>\nWebsite:\u00a0<a href=\"https:\/\/tpenergy.com.vn\/\">https:\/\/tpenergy.com.vn\/<\/a><br \/>\nShopee:\u00a0<a href=\"https:\/\/shopee.vn\/thuanphongenergy?entryPoint=ShopBySearch&amp;searchKeyword=thu%E1%BA%ADn%20phong%20solar%20energy\">https:\/\/byvn.net\/E1oJ<\/a><br \/>\nLazada:\u00a0<a href=\"https:\/\/byvn.net\/VYPr\">https:\/\/byvn.net\/VYPr<\/a><\/div>\n<\/div>\n","protected":false},"excerpt":{"rendered":"<p><strong>TH\u00d4NG S\u1ed0 K\u1ef8 THU\u1eacT:<\/strong><\/p>\n<div class=\"table-responsive\">\n<table border=\"0\" cellspacing=\"0\" cellpadding=\"0\">\n<tbody>\n<tr>\n<td><strong>M\u00e3 s\u1ea3n ph\u1ea9m<\/strong><\/td>\n<td>PT-ESS-R14400<\/td>\n<\/tr>\n<tr>\n<td><strong>Lo\u1ea1i cell<\/strong><\/td>\n<td>LFP<\/td>\n<\/tr>\n<tr>\n<td><strong>\u0110i\u1ec7n \u00e1p danh \u0111\u1ecbnh<\/strong><\/td>\n<td>51,2 Vdc<\/td>\n<\/tr>\n<tr>\n<td><strong>T\u1ed5ng n\u0103ng l\u01b0\u1ee3ng<\/strong><\/td>\n<td>14400 Wh<\/td>\n<\/tr>\n<tr>\n<td><strong>D\u00f2ng s\u1ea1c\/x\u1ea3 t\u1ed1i \u0111a<\/strong><\/td>\n<td>160\/200\u00a0A<\/td>\n<\/tr>\n<tr>\n<td><strong>D\u00f2ng s\u1ea1c\/x\u1ea3 khuy\u1ebfn ngh\u1ecb<\/strong><\/td>\n<td>100 A<\/td>\n<\/tr>\n<tr>\n<td><strong>M\u1ee9c \u0111\u1ed9 x\u1ea3 s\u00e2u (DOD)<\/strong><\/td>\n<td>90%<\/td>\n<\/tr>\n<tr>\n<td><strong>Cho ph\u00e9p l\u1eafp \u0111\u1eb7t song song<\/strong><\/td>\n<td>l\u00ean \u0111\u1ebfn 33 b\u1ed9<\/td>\n<\/tr>\n<tr>\n<td><strong>V\u00f2ng \u0111\u1eddi ho\u1ea1t \u0111\u1ed9ng<\/strong><\/td>\n<td>\u00a0\u2265 6000 chu k\u1ef3<\/td>\n<\/tr>\n<tr>\n<td><strong>K\u00edch th\u01b0\u1edbc<\/strong><\/td>\n<td>676*530*230\u00a0(cm)<\/td>\n<\/tr>\n<tr>\n<td><strong>C\u00e2n n\u1eb7ng<\/strong><\/td>\n<td>125 kg<\/td>\n<\/tr>\n<tr>\n<td><strong>Nhi\u1ec7t \u0111\u1ed9 ho\u1ea1t \u0111\u1ed9ng<\/strong><\/td>\n<td>20 \u0111\u1ebfn +55 \u0111\u1ed9 C<\/td>\n<\/tr>\n<tr>\n<td><strong>\u0110\u1ed9 \u1ed3n (t\u1ea1i kho\u1ea3ng c\u00e1ch 1 m\u00e9t)<\/strong><\/td>\n<td>&lt;25 dB<\/td>\n<\/tr>\n<\/tbody>\n<\/table>\n<\/div>\n","protected":false},"featured_media":4981,"comment_status":"open","ping_status":"closed","template":"","meta":{"_eb_attr":""},"product_cat":[269],"product_tag":[452,446,577,447,578],"class_list":{"0":"post-4980","1":"product","2":"type-product","3":"status-publish","4":"has-post-thumbnail","6":"product_cat-pin-lithium-ess-powertech","7":"product_tag-lithium","8":"product_tag-pin-luu-tru","9":"product_tag-pin-luu-tru-ap-thap","10":"product_tag-pin-luu-tru-ess-powertech","11":"product_tag-pin-luu-tru-lithium-ess-rackmount-51-2v-280ah","12":"pa_gia-khong-lap-dat","13":"pa_gia-lap-dat","15":"first","16":"instock","17":"shipping-taxable","18":"purchasable","19":"product-type-variable"},"yoast_head":"<!-- This site is optimized with the Yoast SEO plugin v20.9 - https:\/\/yoast.com\/wordpress\/plugins\/seo\/ -->\r\n<title>Pin l\u01b0u tr\u1eef lithium ESS Rackmount 51.2V\/280Ah | TPE<\/title>\r\n<meta name=\"description\" content=\"N\u1eafng n\u00f3ng c\u1ef1c \u0111i\u1ec3m, c\u1eaft \u0111i\u1ec7n lu\u00e2n phi\u00ean v\u00e0 n\u1ed7i lo ho\u00e1 \u0111\u01a1n ti\u1ec1n \u0111i\u1ec7n s\u1ebd \u0111\u01b0\u1ee3c gi\u1ea3i quy\u1ebft ngay v\u1edbi Pin l\u01b0u tr\u1eef lithium ESS Rackmount 51.2V\/280Ah\" \/>\r\n<meta name=\"robots\" content=\"index, follow, max-snippet:-1, max-image-preview:large, max-video-preview:-1\" \/>\r\n<link rel=\"canonical\" href=\"https:\/\/tpenergy.com.vn\/?product=pin-luu-tru-lithium-ess-rackmount-51-2v-280ah\" \/>\r\n<meta property=\"og:locale\" content=\"vi_VN\" \/>\r\n<meta property=\"og:type\" content=\"article\" \/>\r\n<meta property=\"og:title\" content=\"Pin l\u01b0u tr\u1eef lithium ESS Rackmount 51.2V\/280Ah | TPE\" \/>\r\n<meta property=\"og:description\" content=\"N\u1eafng n\u00f3ng c\u1ef1c \u0111i\u1ec3m, c\u1eaft \u0111i\u1ec7n lu\u00e2n phi\u00ean v\u00e0 n\u1ed7i lo ho\u00e1 \u0111\u01a1n ti\u1ec1n \u0111i\u1ec7n s\u1ebd \u0111\u01b0\u1ee3c gi\u1ea3i quy\u1ebft ngay v\u1edbi Pin l\u01b0u tr\u1eef lithium ESS Rackmount 51.2V\/280Ah\" \/>\r\n<meta property=\"og:url\" content=\"https:\/\/tpenergy.com.vn\/?product=pin-luu-tru-lithium-ess-rackmount-51-2v-280ah\" \/>\r\n<meta property=\"og:site_name\" content=\"Thuan Phong Solar Energy\" \/>\r\n<meta property=\"article:modified_time\" content=\"2025-11-12T08:49:54+00:00\" \/>\r\n<meta property=\"og:image\" content=\"https:\/\/tpenergy.com.vn\/wp-content\/uploads\/2024\/07\/2-7122.png\" \/>\r\n\t<meta property=\"og:image:width\" content=\"670\" \/>\r\n\t<meta property=\"og:image:height\" content=\"640\" \/>\r\n\t<meta property=\"og:image:type\" content=\"image\/png\" \/>\r\n<meta name=\"twitter:card\" content=\"summary_large_image\" \/>\r\n<meta name=\"twitter:label1\" content=\"\u01af\u1edbc t\u00ednh th\u1eddi gian \u0111\u1ecdc\" \/>\n\t<meta name=\"twitter:data1\" content=\"2 ph\u00fat\" \/>\r\n<script type=\"application\/ld+json\" class=\"yoast-schema-graph\">{\"@context\":\"https:\/\/schema.org\",\"@graph\":[{\"@type\":\"WebPage\",\"@id\":\"https:\/\/tpenergy.com.vn\/?product=pin-luu-tru-lithium-ess-rackmount-51-2v-280ah\",\"url\":\"https:\/\/tpenergy.com.vn\/?product=pin-luu-tru-lithium-ess-rackmount-51-2v-280ah\",\"name\":\"Pin l\u01b0u tr\u1eef lithium ESS Rackmount 51.2V\/280Ah | TPE\",\"isPartOf\":{\"@id\":\"https:\/\/tpenergy.com.vn\/#website\"},\"datePublished\":\"2024-07-16T08:26:58+00:00\",\"dateModified\":\"2025-11-12T08:49:54+00:00\",\"description\":\"N\u1eafng n\u00f3ng c\u1ef1c \u0111i\u1ec3m, c\u1eaft \u0111i\u1ec7n lu\u00e2n phi\u00ean v\u00e0 n\u1ed7i lo ho\u00e1 \u0111\u01a1n ti\u1ec1n \u0111i\u1ec7n s\u1ebd \u0111\u01b0\u1ee3c gi\u1ea3i quy\u1ebft ngay v\u1edbi Pin l\u01b0u tr\u1eef lithium ESS Rackmount 51.2V\/280Ah\",\"breadcrumb\":{\"@id\":\"https:\/\/tpenergy.com.vn\/?product=pin-luu-tru-lithium-ess-rackmount-51-2v-280ah#breadcrumb\"},\"inLanguage\":\"vi\",\"potentialAction\":[{\"@type\":\"ReadAction\",\"target\":[\"https:\/\/tpenergy.com.vn\/?product=pin-luu-tru-lithium-ess-rackmount-51-2v-280ah\"]}]},{\"@type\":\"BreadcrumbList\",\"@id\":\"https:\/\/tpenergy.com.vn\/?product=pin-luu-tru-lithium-ess-rackmount-51-2v-280ah#breadcrumb\",\"itemListElement\":[{\"@type\":\"ListItem\",\"position\":1,\"name\":\"Trang ch\u1ee7\",\"item\":\"https:\/\/tpenergy.com.vn\/\"},{\"@type\":\"ListItem\",\"position\":2,\"name\":\"Shop\",\"item\":\"https:\/\/tpenergy.com.vn\/?page_id=5\"},{\"@type\":\"ListItem\",\"position\":3,\"name\":\"PIN L\u01afU TR\u1eee\",\"item\":\"https:\/\/tpenergy.com.vn\/?product_cat=pinluutru\"},{\"@type\":\"ListItem\",\"position\":4,\"name\":\"PIN LITHIUM ESS POWERTECH\",\"item\":\"https:\/\/tpenergy.com.vn\/?product_cat=pin-lithium-ess-powertech\"},{\"@type\":\"ListItem\",\"position\":5,\"name\":\"Pin l\u01b0u tr\u1eef lithium ESS Rackmount 51.2V\/280Ah | PT-ESS-R14400\"}]},{\"@type\":\"WebSite\",\"@id\":\"https:\/\/tpenergy.com.vn\/#website\",\"url\":\"https:\/\/tpenergy.com.vn\/\",\"name\":\"Thuan Phong Solar Energy\",\"description\":\"\",\"potentialAction\":[{\"@type\":\"SearchAction\",\"target\":{\"@type\":\"EntryPoint\",\"urlTemplate\":\"https:\/\/tpenergy.com.vn\/?s={search_term_string}\"},\"query-input\":\"required name=search_term_string\"}],\"inLanguage\":\"vi\"}]}<\/script>\r\n<!-- \/ Yoast SEO plugin. -->","yoast_head_json":{"title":"Pin l\u01b0u tr\u1eef lithium ESS Rackmount 51.2V\/280Ah | TPE","description":"N\u1eafng n\u00f3ng c\u1ef1c \u0111i\u1ec3m, c\u1eaft \u0111i\u1ec7n lu\u00e2n phi\u00ean v\u00e0 n\u1ed7i lo ho\u00e1 \u0111\u01a1n ti\u1ec1n \u0111i\u1ec7n s\u1ebd \u0111\u01b0\u1ee3c gi\u1ea3i quy\u1ebft ngay v\u1edbi Pin l\u01b0u tr\u1eef lithium ESS Rackmount 51.2V\/280Ah","robots":{"index":"index","follow":"follow","max-snippet":"max-snippet:-1","max-image-preview":"max-image-preview:large","max-video-preview":"max-video-preview:-1"},"canonical":"https:\/\/tpenergy.com.vn\/?product=pin-luu-tru-lithium-ess-rackmount-51-2v-280ah","og_locale":"vi_VN","og_type":"article","og_title":"Pin l\u01b0u tr\u1eef lithium ESS Rackmount 51.2V\/280Ah | TPE","og_description":"N\u1eafng n\u00f3ng c\u1ef1c \u0111i\u1ec3m, c\u1eaft \u0111i\u1ec7n lu\u00e2n phi\u00ean v\u00e0 n\u1ed7i lo ho\u00e1 \u0111\u01a1n ti\u1ec1n \u0111i\u1ec7n s\u1ebd \u0111\u01b0\u1ee3c gi\u1ea3i quy\u1ebft ngay v\u1edbi Pin l\u01b0u tr\u1eef lithium ESS Rackmount 51.2V\/280Ah","og_url":"https:\/\/tpenergy.com.vn\/?product=pin-luu-tru-lithium-ess-rackmount-51-2v-280ah","og_site_name":"Thuan Phong Solar Energy","article_modified_time":"2025-11-12T08:49:54+00:00","og_image":[{"width":670,"height":640,"url":"https:\/\/tpenergy.com.vn\/wp-content\/uploads\/2024\/07\/2-7122.png","type":"image\/png"}],"twitter_card":"summary_large_image","twitter_misc":{"\u01af\u1edbc t\u00ednh th\u1eddi gian \u0111\u1ecdc":"2 ph\u00fat"},"schema":{"@context":"https:\/\/schema.org","@graph":[{"@type":"WebPage","@id":"https:\/\/tpenergy.com.vn\/?product=pin-luu-tru-lithium-ess-rackmount-51-2v-280ah","url":"https:\/\/tpenergy.com.vn\/?product=pin-luu-tru-lithium-ess-rackmount-51-2v-280ah","name":"Pin l\u01b0u tr\u1eef lithium ESS Rackmount 51.2V\/280Ah | TPE","isPartOf":{"@id":"https:\/\/tpenergy.com.vn\/#website"},"datePublished":"2024-07-16T08:26:58+00:00","dateModified":"2025-11-12T08:49:54+00:00","description":"N\u1eafng n\u00f3ng c\u1ef1c \u0111i\u1ec3m, c\u1eaft \u0111i\u1ec7n lu\u00e2n phi\u00ean v\u00e0 n\u1ed7i lo ho\u00e1 \u0111\u01a1n ti\u1ec1n \u0111i\u1ec7n s\u1ebd \u0111\u01b0\u1ee3c gi\u1ea3i quy\u1ebft ngay v\u1edbi Pin l\u01b0u tr\u1eef lithium ESS Rackmount 51.2V\/280Ah","breadcrumb":{"@id":"https:\/\/tpenergy.com.vn\/?product=pin-luu-tru-lithium-ess-rackmount-51-2v-280ah#breadcrumb"},"inLanguage":"vi","potentialAction":[{"@type":"ReadAction","target":["https:\/\/tpenergy.com.vn\/?product=pin-luu-tru-lithium-ess-rackmount-51-2v-280ah"]}]},{"@type":"BreadcrumbList","@id":"https:\/\/tpenergy.com.vn\/?product=pin-luu-tru-lithium-ess-rackmount-51-2v-280ah#breadcrumb","itemListElement":[{"@type":"ListItem","position":1,"name":"Trang ch\u1ee7","item":"https:\/\/tpenergy.com.vn\/"},{"@type":"ListItem","position":2,"name":"Shop","item":"https:\/\/tpenergy.com.vn\/?page_id=5"},{"@type":"ListItem","position":3,"name":"PIN L\u01afU TR\u1eee","item":"https:\/\/tpenergy.com.vn\/?product_cat=pinluutru"},{"@type":"ListItem","position":4,"name":"PIN LITHIUM ESS POWERTECH","item":"https:\/\/tpenergy.com.vn\/?product_cat=pin-lithium-ess-powertech"},{"@type":"ListItem","position":5,"name":"Pin l\u01b0u tr\u1eef lithium ESS Rackmount 51.2V\/280Ah | PT-ESS-R14400"}]},{"@type":"WebSite","@id":"https:\/\/tpenergy.com.vn\/#website","url":"https:\/\/tpenergy.com.vn\/","name":"Thuan Phong Solar Energy","description":"","potentialAction":[{"@type":"SearchAction","target":{"@type":"EntryPoint","urlTemplate":"https:\/\/tpenergy.com.vn\/?s={search_term_string}"},"query-input":"required name=search_term_string"}],"inLanguage":"vi"}]}},"_links":{"self":[{"href":"https:\/\/tpenergy.com.vn\/index.php?rest_route=\/wp\/v2\/product\/4980"}],"collection":[{"href":"https:\/\/tpenergy.com.vn\/index.php?rest_route=\/wp\/v2\/product"}],"about":[{"href":"https:\/\/tpenergy.com.vn\/index.php?rest_route=\/wp\/v2\/types\/product"}],"replies":[{"embeddable":true,"href":"https:\/\/tpenergy.com.vn\/index.php?rest_route=%2Fwp%2Fv2%2Fcomments&post=4980"}],"wp:featuredmedia":[{"embeddable":true,"href":"https:\/\/tpenergy.com.vn\/index.php?rest_route=\/wp\/v2\/media\/4981"}],"wp:attachment":[{"href":"https:\/\/tpenergy.com.vn\/index.php?rest_route=%2Fwp%2Fv2%2Fmedia&parent=4980"}],"wp:term":[{"taxonomy":"product_cat","embeddable":true,"href":"https:\/\/tpenergy.com.vn\/index.php?rest_route=%2Fwp%2Fv2%2Fproduct_cat&post=4980"},{"taxonomy":"product_tag","embeddable":true,"href":"https:\/\/tpenergy.com.vn\/index.php?rest_route=%2Fwp%2Fv2%2Fproduct_tag&post=4980"}],"curies":[{"name":"wp","href":"https:\/\/api.w.org\/{rel}","templated":true}]}}