{"id":4936,"date":"2024-07-05T16:15:51","date_gmt":"2024-07-05T09:15:51","guid":{"rendered":"https:\/\/tpenergy.com.vn\/?post_type=product&#038;p=4936"},"modified":"2024-07-05T16:15:51","modified_gmt":"2024-07-05T09:15:51","slug":"combo-dien-mat-troi-hoa-luoi-8kw","status":"publish","type":"product","link":"https:\/\/tpenergy.com.vn\/?product=combo-dien-mat-troi-hoa-luoi-8kw","title":{"rendered":"Combo \u0110i\u1ec7n m\u1eb7t tr\u1eddi ho\u00e0 l\u01b0\u1edbi 8kW"},"content":{"rendered":"<h3><em>Combo h\u1ec7 th\u1ed1ng \u0110i\u1ec7n m\u1eb7t tr\u1eddi ho\u00e0 l\u01b0\u1edbi 8kWp l\u00e0 m\u1ed9t l\u1ef1a ch\u1ecdn ho\u00e0n h\u1ea3o cho gia \u0111\u00ecnh mu\u1ed1n kh\u00f4ng ch\u1ec9 ti\u1ebft ki\u1ec7m chi ph\u00ed \u0111i\u1ec7n m\u00e0 c\u00f2n ch\u00fa tr\u1ecdng \u0111\u1ebfn vi\u1ec7c b\u1ea3o v\u1ec7 m\u00f4i tr\u01b0\u1eddng. V\u1edbi kh\u1ea3 n\u0103ng t\u1eadn d\u1ee5ng ngu\u1ed3n n\u0103ng l\u01b0\u1ee3ng t\u00e1i t\u1ea1o v\u00f4 t\u1eadn t\u1eeb \u00e1nh n\u1eafng m\u1eb7t tr\u1eddi, h\u1ec7 th\u1ed1ng n\u00e0y cung c\u1ea5p \u0111i\u1ec7n cho c\u00e1c thi\u1ebft b\u1ecb gia \u0111\u00ecnh nh\u01b0 \u0111\u00e8n chi\u1ebfu s\u00e1ng, m\u00e1y l\u1ea1nh v\u00e0 nhi\u1ec1u thi\u1ebft b\u1ecb kh\u00e1c m\u1ed9t c\u00e1ch hi\u1ec7u qu\u1ea3.Trong b\u00e0i vi\u1ebft n\u00e0y, ch\u00fang ta s\u1ebd c\u00f9ng nhau kh\u00e1m ph\u00e1 v\u1ec1 c\u00e1c th\u00e0nh ph\u1ea7n quan tr\u1ecdng trong h\u1ec7 th\u1ed1ng \u0111i\u1ec7n m\u1eb7t tr\u1eddi 8kW, c\u0169ng nh\u01b0 nh\u1eefng l\u1ee3i \u00edch to l\u1edbn m\u00e0 n\u00f3 mang l\u1ea1i cho gia \u0111\u00ecnh.<\/em><\/h3>\n<p>&nbsp;<\/p>\n<h3 style=\"text-align: center;\">COMBO H\u00d2A L\u01af\u1edaI 8KW<\/h3>\n<table style=\"font-size: 14.4px;\" width=\"1026\">\n<tbody>\n<tr>\n<td colspan=\"7\" width=\"786\"><\/td>\n<\/tr>\n<tr>\n<td style=\"text-align: center;\" width=\"32\"><strong>STT<\/strong><\/td>\n<td style=\"text-align: center;\" width=\"116\"><strong>Model<\/strong><\/td>\n<td style=\"text-align: center;\" width=\"428\"><strong>Th\u00f4ng s\u1ed1 k\u1ef9 thu\u1eadt<\/strong><\/td>\n<td style=\"text-align: center;\" width=\"81\"><strong>Xu\u1ea5t x\u1ee9<\/strong><\/td>\n<td style=\"text-align: center;\" width=\"36\"><strong>SL<\/strong><\/td>\n<td style=\"text-align: center;\" width=\"34\"><strong>DVT<\/strong><\/td>\n<td style=\"text-align: center;\" width=\"60\"><strong>B\u1ea3o h\u00e0nh<\/strong><\/td>\n<\/tr>\n<tr>\n<td width=\"32\"><strong>1<\/strong><\/td>\n<td width=\"116\">RSM144-9-575BNDG<\/td>\n<td width=\"428\">\n<p style=\"text-align: left;\"><a href=\"https:\/\/tpenergy.com.vn\/?product=tam-pin-nang-luong-mat-troi-risen-solar-575w\"><strong>T\u1ea4M PIN N\u0102NG L\u01af\u1ee2NG M\u1eb6T TR\u1edcI RISEN SOLAR 575W<\/strong><\/a><\/p>\n<ul>\n<li style=\"text-align: left;\">C\u00f4ng su\u1ea5t: 575WP<\/li>\n<li style=\"text-align: left;\">Hi\u1ec7u su\u1ea5t: 22.3%<\/li>\n<li style=\"text-align: left;\">Tr\u1ecdng L\u01b0\u1ee3ng: 31kg<\/li>\n<li style=\"text-align: left;\">K\u00edch Th\u01b0\u1edbc: 2278\u00d71134\u00d730mm<\/li>\n<\/ul>\n<\/td>\n<td style=\"text-align: center;\" width=\"81\">RISEN<\/td>\n<td style=\"text-align: center;\" width=\"36\">\u00a014<\/td>\n<td style=\"text-align: center;\" width=\"34\">\u00a0T\u1ea5m<\/td>\n<td style=\"text-align: center;\" width=\"60\">\u00a0<strong style=\"color: #555555; font-family: inherit; font-size: inherit;\">15<\/strong><strong style=\"color: #555555; font-family: inherit; font-size: inherit;\">\u00a0N\u0102M<\/strong><\/td>\n<\/tr>\n<tr>\n<td width=\"32\"><\/td>\n<td width=\"116\">SUN-8K-G<\/td>\n<td width=\"428\">\n<p style=\"text-align: left;\"><a href=\"https:\/\/tpenergy.com.vn\/?product=inverter-deye-hoa-luoi-1-pha-8-kw-2-mmpt\"><strong>INVERTER DEYE HO\u00c0 L\u01af\u1edaI 1 PHA, 8 KW<\/strong><\/a><\/p>\n<ul>\n<li style=\"text-align: left;\">\u00a0C\u00f4ng su\u1ea5t ra AC: 8000W<\/li>\n<li style=\"text-align: left;\">Hi\u1ec7u su\u1ea5t: 97.7%<\/li>\n<li style=\"text-align: left;\">C\u1ea5p ch\u1ed1ng n\u01b0\u1edbc: IP65<\/li>\n<li style=\"text-align: left;\">K\u00edch th\u01b0\u1edbc: 330\u00d7410\u00d7198.5(mm)<\/li>\n<li style=\"text-align: left;\">Kh\u1ed1i L\u01b0\u1ee3ng: 15.3kg<\/li>\n<li style=\"text-align: left;\">K\u1ebft n\u1ed1i: Wifi, RS485, RS232, LAN<\/li>\n<\/ul>\n<\/td>\n<td style=\"text-align: center;\" width=\"81\"><a href=\"https:\/\/vi.deyeinverter.com\/\">DEYE<\/a><\/td>\n<td style=\"text-align: center;\" width=\"36\">\u00a0<strong style=\"color: #555555; font-family: inherit; font-size: inherit;\">1<\/strong><\/td>\n<td style=\"text-align: center;\" width=\"34\">\u00a0B\u1ed9<\/td>\n<td style=\"text-align: center;\" width=\"60\">\u00a0<strong style=\"color: #555555; font-family: inherit; font-size: inherit;\">5 N\u0102M<\/strong><\/td>\n<\/tr>\n<tr>\n<td width=\"32\"><strong>\u00a0<\/strong><strong>\u00a0<\/strong><strong>3<\/strong><\/td>\n<td width=\"116\"><strong>KGD<\/strong><\/td>\n<td width=\"428\"><strong>KHUNG GI\u00c1 \u0110\u1ee0, T\u1ee6 \u0110I\u1ec0U KHI\u1ec2N, C\u00c1P \u0110I\u1ec6N, THI\u1ebeT B\u1eca B\u1ea2O V\u1ec6 &amp; \u0110\u1ea4U N\u1ed0I<\/strong><\/p>\n<ul>\n<li style=\"text-align: left;\">Khung \u00e1p m\u00e1i \u2013 di\u1ec7n t\u00edch l\u1eafp \u0111\u1eb7t 40 m2 \u2013 L\u1eafp t\u1ea7ng m\u00e1i<\/li>\n<li style=\"text-align: left;\">\u0110\u01b0\u1ee3c l\u00e0m b\u1eb1ng nh\u00f4m chuy\u00ean d\u1ee5ng d\u00e0nh cho Solar<\/li>\n<li style=\"text-align: left;\">T\u1ee7 \u0111i\u1ec7n 2 l\u1edbp chuy\u00ean d\u00f9ng, thi\u1ebft b\u1ecb \u0111\u00f3ng ng\u1eaft DC, AC<\/li>\n<li style=\"text-align: left;\">D\u00e2y c\u00e1p chuy\u00ean d\u1ee5ng cho Solar, AC<\/li>\n<li style=\"text-align: left;\">\u1ed0ng b\u1ea3o v\u1ec7 v\u00e0 c\u00e1c thi\u1ebft b\u1ecb kh\u00e1c (\u0111\u1ea7u cos, diode v..v)<\/li>\n<\/ul>\n<\/td>\n<td style=\"text-align: center;\" width=\"81\">Vi\u1ec7t Nam<\/td>\n<td style=\"text-align: center;\" width=\"36\">\u00a0<strong style=\"color: #555555; font-family: inherit; font-size: inherit;\">1<\/strong><\/td>\n<td style=\"text-align: center;\" width=\"34\">\u00a0G\u00f3i<\/td>\n<td style=\"text-align: center;\" width=\"60\">\u00a02<strong style=\"color: #555555; font-family: inherit; font-size: inherit;\">\u00a0N\u0102M<\/strong><\/td>\n<\/tr>\n<tr>\n<td width=\"32\"><strong>4<\/strong><\/td>\n<td width=\"116\"><strong>TK-LD<\/strong><\/td>\n<td width=\"428\">\n<p style=\"text-align: left;\"><strong>THI\u1ebeT K\u1ebe, L\u1eaeP \u0110\u1eb6T, B\u1ea2O H\u00c0NH<\/strong><\/p>\n<ul>\n<li style=\"text-align: left;\">Thi\u1ebft k\u1ebf h\u1ec7 khung gi\u00e1 \u0111\u1ee1 ph\u00f9 h\u1ee3p v\u1edbi ki\u1ebfn tr\u00fac to\u00e0 nh\u00e0<\/li>\n<li style=\"text-align: left;\">L\u1eafp \u0111\u1eb7t v\u00e0 chuy\u1ec3n giao h\u1ec7 th\u1ed1ng cho kh\u00e1ch h\u00e0ng<\/li>\n<\/ul>\n<\/td>\n<td style=\"text-align: center;\" width=\"81\">Vi\u1ec7t Nam<\/td>\n<td style=\"text-align: center;\" width=\"36\">\u00a0<strong style=\"color: #555555; font-family: inherit; font-size: inherit;\">1<\/strong><\/td>\n<td style=\"text-align: center;\" width=\"34\">\u00a0G\u00f3i<\/td>\n<td style=\"text-align: center;\" width=\"60\">\u00a02<strong style=\"color: #555555; font-family: inherit; font-size: inherit;\">\u00a0N\u0102M<\/strong><\/td>\n<\/tr>\n<\/tbody>\n<\/table>\n<h2><strong>H\u1ec7 th\u1ed1ng \u0111i\u1ec7n m\u1eb7t tr\u1eddi 8kw cho ph\u00f9 h\u1ee3p\u00a0h\u1ed9 gia n\u00e0o?<\/strong><\/h2>\n<p>H\u1ec7 th\u1ed1ng \u0111i\u1ec7n m\u1eb7t tr\u1eddi 8kW\u00a0l\u00e0 m\u1ed9t l\u1ef1a ch\u1ecdn ph\u00f9 h\u1ee3p cho c\u00e1c h\u1ed9 gia \u0111\u00ecnh c\u00f3 nhu c\u1ea7u ti\u00eau th\u1ee5 \u0111i\u1ec7n v\u1eeba v\u00e0 l\u1edbn. D\u01b0\u1edbi \u0111\u00e2y l\u00e0 m\u1ed9t s\u1ed1 tr\u01b0\u1eddng h\u1ee3p m\u00e0 h\u1ec7 th\u1ed1ng n\u00e0y c\u00f3 th\u1ec3 th\u00edch h\u1ee3p:<\/p>\n<p>1. H\u1ed9 gia \u0111\u00ecnh \u0111\u00f4ng th\u00e0nh vi\u00ean: H\u1ec7 th\u1ed1ng 8kW ph\u00f9 h\u1ee3p cho nh\u1eefng gia \u0111\u00ecnh c\u00f3 s\u1ed1 l\u01b0\u1ee3ng th\u00e0nh vi\u00ean \u0111\u00f4ng \u0111\u00fac ho\u1eb7c s\u1eed d\u1ee5ng nhi\u1ec1u thi\u1ebft b\u1ecb \u0111i\u1ec7n nh\u01b0 m\u00e1y l\u1ea1nh, m\u00e1y gi\u1eb7t, m\u00e1y s\u01b0\u1edfi v\u00e0 m\u00e1y l\u1ecdc kh\u00f4ng kh\u00ed.<\/p>\n<p>2. H\u1ed9 gia \u0111\u00ecnh c\u00f3 m\u1ee9c ti\u00eau th\u1ee5 \u0111i\u1ec7n h\u00e0ng th\u00e1ng cao: C\u00e1c gia \u0111\u00ecnh c\u00f3 nhu c\u1ea7u ti\u00eau th\u1ee5 \u0111i\u1ec7n v\u01b0\u1ee3t qu\u00e1 trung b\u00ecnh s\u1ebd h\u01b0\u1edfng l\u1ee3i t\u1eeb h\u1ec7 th\u1ed1ng \u0111i\u1ec7n m\u1eb7t tr\u1eddi 8kW, gi\u00fap ti\u1ebft ki\u1ec7m chi ph\u00ed \u0111i\u1ec7n trong th\u1eddi gian d\u00e0i.<\/p>\n<p>3. Gia \u0111\u00ecnh c\u00f3 di\u1ec7n t\u00edch m\u00e1i nh\u00e0 \u0111\u1ee7 r\u1ed9ng: H\u1ec7 th\u1ed1ng 8kW \u0111\u00f2i h\u1ecfi di\u1ec7n t\u00edch m\u00e1i nh\u00e0 kh\u00e1 l\u1edbn \u0111\u1ec3 l\u1eafp \u0111\u1eb7t \u0111\u1ee7 s\u1ed1 l\u01b0\u1ee3ng t\u1ea5m pin. N\u1ebfu gia \u0111\u00ecnh c\u00f3 m\u00e1i nh\u00e0 r\u1ed9ng r\u00e3i v\u00e0 \u0111\u00e1p \u1ee9ng \u0111i\u1ec1u ki\u1ec7n l\u1eafp \u0111\u1eb7t, h\u1ec7 th\u1ed1ng n\u00e0y l\u00e0 l\u1ef1a ch\u1ecdn h\u1ee3p l\u00fd v\u00e0 hi\u1ec7u qu\u1ea3.<\/p>\n<h2><strong>C\u00e1ch\u00a0l\u1eafp \u0111\u1eb7t h\u1ec7 th\u1ed1ng \u0111i\u1ec7n m\u1eb7t tr\u1eddi 8kw cho h\u1ed9 gia \u0111\u00ecnh<\/strong><\/h2>\n<p>L\u1eafp \u0111\u1eb7t h\u1ec7 th\u1ed1ng \u0111i\u1ec7n m\u1eb7t tr\u1eddi 8kW cho h\u1ed9 gia \u0111\u00ecnh l\u00e0 m\u1ed9t qu\u00e1 tr\u00ecnh ph\u1ee9c t\u1ea1p v\u00e0 c\u1ea7n \u0111\u01b0\u1ee3c th\u1ef1c hi\u1ec7n b\u1edfi c\u00e1c chuy\u00ean gia c\u00f3 kinh nghi\u1ec7m trong l\u0129nh v\u1ef1c n\u00e0y. D\u01b0\u1edbi \u0111\u00e2y l\u00e0 nh\u1eefng b\u01b0\u1edbc c\u01a1 b\u1ea3n trong qu\u00e1 tr\u00ecnh l\u1eafp \u0111\u1eb7t h\u1ec7 th\u1ed1ng \u0111i\u1ec7n m\u1eb7t tr\u1eddi 8kW cho h\u1ed9 gia \u0111\u00ecnh:<\/p>\n<p><strong>\u0110\u00e1nh gi\u00e1 v\u00e0 l\u1eadp k\u1ebf ho\u1ea1ch:<\/strong>\u00a0K\u1ef9 s\u01b0 ho\u1eb7c chuy\u00ean gia s\u1ebd \u0111\u1ebfn ki\u1ec3m tra v\u1ecb tr\u00ed v\u00e0 \u0111i\u1ec1u ki\u1ec7n k\u1ef9 thu\u1eadt c\u1ee7a m\u00e1i nh\u00e0 ho\u1eb7c khu v\u1ef1c l\u1eafp \u0111\u1eb7t. H\u1ecd s\u1ebd \u0111\u00e1nh gi\u00e1 m\u1ee9c ti\u00eau th\u1ee5 \u0111i\u1ec7n c\u1ee7a gia \u0111\u00ecnh, h\u01b0\u1edbng m\u00e1i, g\u00f3c nghi\u00eang v\u00e0 t\u00ecnh tr\u1ea1ng b\u1ecb che khu\u1ea5t b\u1edfi c\u00e1c v\u1eadt th\u1ec3 kh\u00e1c. D\u1ef1a v\u00e0o th\u00f4ng tin n\u00e0y, h\u1ecd s\u1ebd l\u1eadp k\u1ebf ho\u1ea1ch l\u1eafp \u0111\u1eb7t h\u1ec7 th\u1ed1ng ph\u00f9 h\u1ee3p nh\u1ea5t v\u1edbi y\u00eau c\u1ea7u v\u00e0 \u0111i\u1ec1u ki\u1ec7n c\u1ee7a gia \u0111\u00ecnh.<\/p>\n<p><strong>Chu\u1ea9n b\u1ecb v\u00e0 c\u00e0i \u0111\u1eb7t t\u1ea5m pin m\u1eb7t tr\u1eddi:<\/strong>\u00a0Sau khi c\u00f3 k\u1ebf ho\u1ea1ch, c\u00e1c t\u1ea5m pin m\u1eb7t tr\u1eddi s\u1ebd \u0111\u01b0\u1ee3c l\u1eafp \u0111\u1eb7t l\u00ean m\u00e1i nh\u00e0 ho\u1eb7c khu v\u1ef1c l\u1eafp \u0111\u1eb7t. C\u00e1c chuy\u00ean gia s\u1ebd \u0111\u1ea3m b\u1ea3o r\u1eb1ng ch\u00fang \u0111\u01b0\u1ee3c c\u1ed1 \u0111\u1ecbnh ch\u1eafc ch\u1eafn v\u00e0 \u0111\u1ee7 kho\u1ea3ng kh\u00f4ng gian gi\u1eefa ch\u00fang \u0111\u1ec3 t\u1ed1i \u01b0u h\u00f3a hi\u1ec7u su\u1ea5t ho\u1ea1t \u0111\u1ed9ng.<\/p>\n<p><strong>H\u1ec7 th\u1ed1ng \u0111i\u1ec7n n\u1ed1i d\u00e2y:<\/strong>\u00a0C\u00e1c t\u1ea5m pin m\u1eb7t tr\u1eddi s\u1ebd \u0111\u01b0\u1ee3c k\u1ebft n\u1ed1i v\u1edbi c\u00e1c inverter, bi\u1ebfn \u0111\u1ed5i n\u0103ng l\u01b0\u1ee3ng m\u1eb7t tr\u1eddi th\u00e0nh \u0111i\u1ec7n xoay chi\u1ec1u (AC) s\u1eed d\u1ee5ng trong gia \u0111\u00ecnh. C\u00e1c inverter s\u1ebd \u0111\u01b0\u1ee3c l\u1eafp \u0111\u1eb7t g\u1ea7n nh\u00e0 ho\u1eb7c trong nh\u00e0 \u0111\u1ec3 d\u1ec5 qu\u1ea3n l\u00fd v\u00e0 b\u1ea3o tr\u00ec h\u01a1n.<\/p>\n<p><strong>K\u1ebft n\u1ed1i h\u1ec7 th\u1ed1ng v\u1edbi l\u01b0\u1edbi \u0111i\u1ec7n:<\/strong>\u00a0N\u1ebfu h\u1ec7 th\u1ed1ng l\u00e0 on-grid, t\u1ee9c l\u00e0 k\u1ebft n\u1ed1i v\u1edbi l\u01b0\u1edbi \u0111i\u1ec7n c\u00f4ng c\u1ed9ng, c\u00e1c b\u01b0\u1edbc k\u1ebft n\u1ed1i h\u1ec7 th\u1ed1ng v\u1edbi l\u01b0\u1edbi \u0111i\u1ec7n s\u1ebd \u0111\u01b0\u1ee3c th\u1ef1c hi\u1ec7n. \u0110i\u1ec1u n\u00e0y cho ph\u00e9p gia \u0111\u00ecnh s\u1eed d\u1ee5ng n\u0103ng l\u01b0\u1ee3ng t\u1eeb l\u01b0\u1edbi \u0111i\u1ec7n khi h\u1ec7 th\u1ed1ng m\u1eb7t tr\u1eddi kh\u00f4ng \u0111\u1ee7 cung c\u1ea5p \u0111i\u1ec7n, v\u00e0 ng\u01b0\u1ee3c l\u1ea1i, khi h\u1ec7 th\u1ed1ng t\u1ea1o ra n\u0103ng l\u01b0\u1ee3ng d\u01b0 th\u1eeba, gia \u0111\u00ecnh c\u00f3 th\u1ec3 b\u00e1n l\u1ea1i cho l\u01b0\u1edbi \u0111i\u1ec7n v\u00e0 ki\u1ebfm thu nh\u1eadp b\u1ed5 sung.<\/p>\n<p><strong>Ki\u1ec3m tra v\u00e0 b\u1ea3o tr\u00ec:<\/strong>\u00a0Sau khi ho\u00e0n t\u1ea5t l\u1eafp \u0111\u1eb7t, h\u1ec7 th\u1ed1ng s\u1ebd \u0111\u01b0\u1ee3c ki\u1ec3m tra k\u1ef9 l\u01b0\u1ee1ng \u0111\u1ec3 \u0111\u1ea3m b\u1ea3o ho\u1ea1t \u0111\u1ed9ng hi\u1ec7u qu\u1ea3. B\u1ea3o tr\u00ec \u0111\u1ecbnh k\u1ef3 c\u0169ng l\u00e0 c\u1ea7n thi\u1ebft \u0111\u1ec3 \u0111\u1ea3m b\u1ea3o h\u1ec7 th\u1ed1ng lu\u00f4n ho\u1ea1t \u0111\u1ed9ng \u1ed5n \u0111\u1ecbnh v\u00e0 hi\u1ec7u qu\u1ea3 trong su\u1ed1t th\u1eddi gian d\u00e0i.<\/p>\n<p>Vi\u1ec7c l\u1eafp \u0111\u1eb7t h\u1ec7 th\u1ed1ng \u0111i\u1ec7n m\u1eb7t tr\u1eddi n\u00e0y \u0111\u00f2i h\u1ecfi s\u1ef1 chuy\u00ean nghi\u1ec7p v\u00e0 k\u1ef9 thu\u1eadt cao, nh\u01b0ng khi ho\u00e0n th\u00e0nh, n\u00f3 s\u1ebd \u0111em l\u1ea1i nhi\u1ec1u l\u1ee3i \u00edch v\u01b0\u1ee3t tr\u1ed9i v\u1ec1 m\u00f4i tr\u01b0\u1eddng v\u00e0 ti\u1ebft ki\u1ec7m chi ph\u00ed \u0111i\u1ec7n cho gia \u0111\u00ecnh.<\/p>\n<h2><strong>L\u1eafp \u0111\u1eb7t h\u1ec7 th\u1ed1ng \u0111i\u1ec7n m\u1eb7t tr\u1eddi 8Kw cho h\u1ed9 gia \u0111\u00ecnh uy t\u00edn ch\u1ecdn \u0111\u01a1n v\u1ecb n\u00e0o?<\/strong><\/h2>\n<p><em><strong><a href=\"https:\/\/kitawa.vn\/\">Kitawa<\/a>\u00a0<\/strong><\/em>l\u00e0 m\u1ed9t trong nh\u1eefng \u0111\u01a1n v\u1ecb h\u00e0ng \u0111\u1ea7u t\u1ea1i Vi\u1ec7t Nam v\u1ec1 l\u1eafp \u0111\u1eb7t \u0111i\u1ec7n \u00e1p m\u00e1i, chuy\u00ean cung c\u1ea5p c\u00e1c gi\u1ea3i ph\u00e1p \u0111a d\u1ea1ng cho h\u1ed9 gia \u0111\u00ecnh, doanh nghi\u1ec7p, nh\u00e0 x\u01b0\u1edfng s\u1ea3n xu\u1ea5t v\u00e0 kh\u00e1ch s\u1ea1n. V\u1edbi s\u1ef1 ki\u1ebfn th\u1ee9c chuy\u00ean s\u00e2u v\u00e0 kinh nghi\u1ec7m \u0111\u00e1ng tin c\u1eady trong l\u0129nh v\u1ef1c n\u0103ng l\u01b0\u1ee3ng t\u00e1i t\u1ea1o, Kitawa cam k\u1ebft mang \u0111\u1ebfn nh\u1eefng gi\u1ea3i ph\u00e1p \u0111i\u1ec7n m\u1eb7t tr\u1eddi hi\u1ec7u qu\u1ea3 v\u00e0 b\u1ec1n v\u1eefng cho kh\u00e1ch h\u00e0ng.<\/p>\n<p>S\u1eed d\u1ee5ng ti\u1ec1m n\u0103ng c\u1ee7a \u00e1nh n\u1eafng m\u1eb7t tr\u1eddi, h\u1ec7 th\u1ed1ng \u0111i\u1ec7n \u00e1p m\u00e1i c\u1ee7a Kitawa kh\u00f4ng ch\u1ec9 gi\u00fap ti\u1ebft ki\u1ec7m chi ph\u00ed n\u0103ng l\u01b0\u1ee3ng m\u00e0 c\u00f2n h\u1ea1n ch\u1ebf \u00f4 nhi\u1ec5m m\u00f4i tr\u01b0\u1eddng, \u0111\u00f3ng g\u00f3p t\u00edch c\u1ef1c v\u00e0o vi\u1ec7c x\u00e2y d\u1ef1ng m\u1ed9t m\u00f4i tr\u01b0\u1eddng s\u1ed1ng xanh h\u01a1n cho c\u1ed9ng \u0111\u1ed3ng v\u00e0 t\u01b0\u01a1ng lai b\u1ec1n v\u1eefng.<\/p>\n<p>\u0110\u1ed9i ng\u0169 chuy\u00ean gia gi\u00e0u kinh nghi\u1ec7m v\u00e0 d\u1ecbch v\u1ee5 ch\u0103m s\u00f3c kh\u00e1ch h\u00e0ng t\u1eadn t\u00e2m c\u1ee7a Kitawa \u0111\u00e3 x\u00e2y d\u1ef1ng \u0111\u01b0\u1ee3c uy t\u00edn v\u00e0 l\u00f2ng tin t\u1eeb \u0111\u1ed1i t\u00e1c v\u00e0 kh\u00e1ch h\u00e0ng tr\u00ean kh\u1eafp c\u1ea3 n\u01b0\u1edbc. H\u1ecd lu\u00f4n s\u1eb5n s\u00e0ng h\u1ed7 tr\u1ee3 v\u00e0 t\u01b0 v\u1ea5n ch\u00ednh x\u00e1c v\u1ec1 c\u00e1c gi\u1ea3i ph\u00e1p n\u0103ng l\u01b0\u1ee3ng t\u00e1i t\u1ea1o, nh\u1eb1m \u0111\u00e1p \u1ee9ng m\u1ecdi nhu c\u1ea7u v\u00e0 y\u00eau c\u1ea7u c\u1ee7a kh\u00e1ch h\u00e0ng.<\/p>\n","protected":false},"excerpt":{"rendered":"<ul>\n<li>S\u1ea3n l\u01b0\u1ee3ng: <strong>900 &#8211; 950\u00a0KWh\/th\u00e1ng<\/strong><\/li>\n<li>\u00a0Gi\u1ea3m ti\u1ec1n \u0111i\u1ec7n h\u00e0ng th\u00e1ng<\/li>\n<li>Gi\u1ea3m nhi\u1ec7t cho ng\u00f4i nh\u00e0 c\u1ee7a b\u1ea1n<\/li>\n<li>Gi\u1ea3m ph\u00e1t th\u1ea3i CO<sub>2<\/sub>\u00a0hi\u1ec7u \u1ee9ng nh\u00e0 k\u00ednh<\/li>\n<\/ul>\n","protected":false},"featured_media":4461,"comment_status":"open","ping_status":"closed","template":"","meta":{"_eb_attr":""},"product_cat":[70],"product_tag":[],"class_list":{"0":"post-4936","1":"product","2":"type-product","3":"status-publish","4":"has-post-thumbnail","6":"product_cat-combo-hoa-luoi","7":"pa_gia-khong-lap-dat","8":"pa_gia-lap-dat","10":"first","11":"instock","12":"shipping-taxable","13":"purchasable","14":"product-type-variable"},"yoast_head":"<!-- This site is optimized with the Yoast SEO plugin v20.9 - https:\/\/yoast.com\/wordpress\/plugins\/seo\/ -->\r\n<title>Combo \u0110i\u1ec7n m\u1eb7t tr\u1eddi ho\u00e0 l\u01b0\u1edbi 8kW - Thuan Phong Solar Energy<\/title>\r\n<meta name=\"description\" content=\"N\u1ebfu b\u1ea1n c\u00f3 h\u00f3a \u0111\u01a1n ti\u1ec1n \u0111i\u1ec7n cao, l\u1eafp \u0111\u1eb7t combo \u0111i\u1ec7n m\u1eb7t tr\u1eddi ho\u00e0 l\u01b0\u1edbi 8kw trong nh\u00e0 c\u00f3 th\u1ec3 l\u00e0 m\u1ed9t c\u00e1ch tuy\u1ec7t v\u1eddi \u0111\u1ec3 gi\u1ea3m \u0111\u00e1ng k\u1ec3 chi ph\u00ed....\" \/>\r\n<meta name=\"robots\" content=\"index, follow, max-snippet:-1, max-image-preview:large, max-video-preview:-1\" \/>\r\n<link rel=\"canonical\" href=\"https:\/\/tpenergy.com.vn\/?product=combo-dien-mat-troi-hoa-luoi-8kw\" \/>\r\n<meta property=\"og:locale\" content=\"vi_VN\" \/>\r\n<meta property=\"og:type\" content=\"article\" \/>\r\n<meta property=\"og:title\" content=\"Combo \u0110i\u1ec7n m\u1eb7t tr\u1eddi ho\u00e0 l\u01b0\u1edbi 8kW - Thuan Phong Solar Energy\" \/>\r\n<meta property=\"og:description\" content=\"N\u1ebfu b\u1ea1n c\u00f3 h\u00f3a \u0111\u01a1n ti\u1ec1n \u0111i\u1ec7n cao, l\u1eafp \u0111\u1eb7t combo \u0111i\u1ec7n m\u1eb7t tr\u1eddi ho\u00e0 l\u01b0\u1edbi 8kw trong nh\u00e0 c\u00f3 th\u1ec3 l\u00e0 m\u1ed9t c\u00e1ch tuy\u1ec7t v\u1eddi \u0111\u1ec3 gi\u1ea3m \u0111\u00e1ng k\u1ec3 chi ph\u00ed....\" \/>\r\n<meta property=\"og:url\" content=\"https:\/\/tpenergy.com.vn\/?product=combo-dien-mat-troi-hoa-luoi-8kw\" \/>\r\n<meta property=\"og:site_name\" content=\"Thuan Phong Solar Energy\" \/>\r\n<meta property=\"og:image\" content=\"https:\/\/tpenergy.com.vn\/wp-content\/uploads\/2023\/07\/8k.jpg\" \/>\r\n\t<meta property=\"og:image:width\" content=\"2560\" \/>\r\n\t<meta property=\"og:image:height\" content=\"2560\" \/>\r\n\t<meta property=\"og:image:type\" content=\"image\/jpeg\" \/>\r\n<meta name=\"twitter:card\" content=\"summary_large_image\" \/>\r\n<meta name=\"twitter:label1\" content=\"\u01af\u1edbc t\u00ednh th\u1eddi gian \u0111\u1ecdc\" \/>\n\t<meta name=\"twitter:data1\" content=\"7 ph\u00fat\" \/>\r\n<script type=\"application\/ld+json\" class=\"yoast-schema-graph\">{\"@context\":\"https:\/\/schema.org\",\"@graph\":[{\"@type\":\"WebPage\",\"@id\":\"https:\/\/tpenergy.com.vn\/?product=combo-dien-mat-troi-hoa-luoi-8kw\",\"url\":\"https:\/\/tpenergy.com.vn\/?product=combo-dien-mat-troi-hoa-luoi-8kw\",\"name\":\"Combo \u0110i\u1ec7n m\u1eb7t tr\u1eddi ho\u00e0 l\u01b0\u1edbi 8kW - Thuan Phong Solar Energy\",\"isPartOf\":{\"@id\":\"https:\/\/tpenergy.com.vn\/#website\"},\"datePublished\":\"2024-07-05T09:15:51+00:00\",\"dateModified\":\"2024-07-05T09:15:51+00:00\",\"description\":\"N\u1ebfu b\u1ea1n c\u00f3 h\u00f3a \u0111\u01a1n ti\u1ec1n \u0111i\u1ec7n cao, l\u1eafp \u0111\u1eb7t combo \u0111i\u1ec7n m\u1eb7t tr\u1eddi ho\u00e0 l\u01b0\u1edbi 8kw trong nh\u00e0 c\u00f3 th\u1ec3 l\u00e0 m\u1ed9t c\u00e1ch tuy\u1ec7t v\u1eddi \u0111\u1ec3 gi\u1ea3m \u0111\u00e1ng k\u1ec3 chi ph\u00ed....\",\"breadcrumb\":{\"@id\":\"https:\/\/tpenergy.com.vn\/?product=combo-dien-mat-troi-hoa-luoi-8kw#breadcrumb\"},\"inLanguage\":\"vi\",\"potentialAction\":[{\"@type\":\"ReadAction\",\"target\":[\"https:\/\/tpenergy.com.vn\/?product=combo-dien-mat-troi-hoa-luoi-8kw\"]}]},{\"@type\":\"BreadcrumbList\",\"@id\":\"https:\/\/tpenergy.com.vn\/?product=combo-dien-mat-troi-hoa-luoi-8kw#breadcrumb\",\"itemListElement\":[{\"@type\":\"ListItem\",\"position\":1,\"name\":\"Trang ch\u1ee7\",\"item\":\"https:\/\/tpenergy.com.vn\/\"},{\"@type\":\"ListItem\",\"position\":2,\"name\":\"Shop\",\"item\":\"https:\/\/tpenergy.com.vn\/?page_id=5\"},{\"@type\":\"ListItem\",\"position\":3,\"name\":\"COMBO L\u1eaeP \u0110\u1eb6T H\u1ed8 GIA \u0110\u00ccNH\",\"item\":\"https:\/\/tpenergy.com.vn\/?product_cat=combo-lap-dat-ho-gia-dinh\"},{\"@type\":\"ListItem\",\"position\":4,\"name\":\"Combo \u0110i\u1ec7n m\u1eb7t tr\u1eddi ho\u00e0 l\u01b0\u1edbi\",\"item\":\"https:\/\/tpenergy.com.vn\/?product_cat=combo-hoa-luoi\"},{\"@type\":\"ListItem\",\"position\":5,\"name\":\"Combo \u0110i\u1ec7n m\u1eb7t tr\u1eddi ho\u00e0 l\u01b0\u1edbi 8kW\"}]},{\"@type\":\"WebSite\",\"@id\":\"https:\/\/tpenergy.com.vn\/#website\",\"url\":\"https:\/\/tpenergy.com.vn\/\",\"name\":\"Thuan Phong Solar Energy\",\"description\":\"\",\"potentialAction\":[{\"@type\":\"SearchAction\",\"target\":{\"@type\":\"EntryPoint\",\"urlTemplate\":\"https:\/\/tpenergy.com.vn\/?s={search_term_string}\"},\"query-input\":\"required name=search_term_string\"}],\"inLanguage\":\"vi\"}]}<\/script>\r\n<!-- \/ Yoast SEO plugin. -->","yoast_head_json":{"title":"Combo \u0110i\u1ec7n m\u1eb7t tr\u1eddi ho\u00e0 l\u01b0\u1edbi 8kW - Thuan Phong Solar Energy","description":"N\u1ebfu b\u1ea1n c\u00f3 h\u00f3a \u0111\u01a1n ti\u1ec1n \u0111i\u1ec7n cao, l\u1eafp \u0111\u1eb7t combo \u0111i\u1ec7n m\u1eb7t tr\u1eddi ho\u00e0 l\u01b0\u1edbi 8kw trong nh\u00e0 c\u00f3 th\u1ec3 l\u00e0 m\u1ed9t c\u00e1ch tuy\u1ec7t v\u1eddi \u0111\u1ec3 gi\u1ea3m \u0111\u00e1ng k\u1ec3 chi ph\u00ed....","robots":{"index":"index","follow":"follow","max-snippet":"max-snippet:-1","max-image-preview":"max-image-preview:large","max-video-preview":"max-video-preview:-1"},"canonical":"https:\/\/tpenergy.com.vn\/?product=combo-dien-mat-troi-hoa-luoi-8kw","og_locale":"vi_VN","og_type":"article","og_title":"Combo \u0110i\u1ec7n m\u1eb7t tr\u1eddi ho\u00e0 l\u01b0\u1edbi 8kW - Thuan Phong Solar Energy","og_description":"N\u1ebfu b\u1ea1n c\u00f3 h\u00f3a \u0111\u01a1n ti\u1ec1n \u0111i\u1ec7n cao, l\u1eafp \u0111\u1eb7t combo \u0111i\u1ec7n m\u1eb7t tr\u1eddi ho\u00e0 l\u01b0\u1edbi 8kw trong nh\u00e0 c\u00f3 th\u1ec3 l\u00e0 m\u1ed9t c\u00e1ch tuy\u1ec7t v\u1eddi \u0111\u1ec3 gi\u1ea3m \u0111\u00e1ng k\u1ec3 chi ph\u00ed....","og_url":"https:\/\/tpenergy.com.vn\/?product=combo-dien-mat-troi-hoa-luoi-8kw","og_site_name":"Thuan Phong Solar Energy","og_image":[{"width":2560,"height":2560,"url":"https:\/\/tpenergy.com.vn\/wp-content\/uploads\/2023\/07\/8k.jpg","type":"image\/jpeg"}],"twitter_card":"summary_large_image","twitter_misc":{"\u01af\u1edbc t\u00ednh th\u1eddi gian \u0111\u1ecdc":"7 ph\u00fat"},"schema":{"@context":"https:\/\/schema.org","@graph":[{"@type":"WebPage","@id":"https:\/\/tpenergy.com.vn\/?product=combo-dien-mat-troi-hoa-luoi-8kw","url":"https:\/\/tpenergy.com.vn\/?product=combo-dien-mat-troi-hoa-luoi-8kw","name":"Combo \u0110i\u1ec7n m\u1eb7t tr\u1eddi ho\u00e0 l\u01b0\u1edbi 8kW - Thuan Phong Solar Energy","isPartOf":{"@id":"https:\/\/tpenergy.com.vn\/#website"},"datePublished":"2024-07-05T09:15:51+00:00","dateModified":"2024-07-05T09:15:51+00:00","description":"N\u1ebfu b\u1ea1n c\u00f3 h\u00f3a \u0111\u01a1n ti\u1ec1n \u0111i\u1ec7n cao, l\u1eafp \u0111\u1eb7t combo \u0111i\u1ec7n m\u1eb7t tr\u1eddi ho\u00e0 l\u01b0\u1edbi 8kw trong nh\u00e0 c\u00f3 th\u1ec3 l\u00e0 m\u1ed9t c\u00e1ch tuy\u1ec7t v\u1eddi \u0111\u1ec3 gi\u1ea3m \u0111\u00e1ng k\u1ec3 chi ph\u00ed....","breadcrumb":{"@id":"https:\/\/tpenergy.com.vn\/?product=combo-dien-mat-troi-hoa-luoi-8kw#breadcrumb"},"inLanguage":"vi","potentialAction":[{"@type":"ReadAction","target":["https:\/\/tpenergy.com.vn\/?product=combo-dien-mat-troi-hoa-luoi-8kw"]}]},{"@type":"BreadcrumbList","@id":"https:\/\/tpenergy.com.vn\/?product=combo-dien-mat-troi-hoa-luoi-8kw#breadcrumb","itemListElement":[{"@type":"ListItem","position":1,"name":"Trang ch\u1ee7","item":"https:\/\/tpenergy.com.vn\/"},{"@type":"ListItem","position":2,"name":"Shop","item":"https:\/\/tpenergy.com.vn\/?page_id=5"},{"@type":"ListItem","position":3,"name":"COMBO L\u1eaeP \u0110\u1eb6T H\u1ed8 GIA \u0110\u00ccNH","item":"https:\/\/tpenergy.com.vn\/?product_cat=combo-lap-dat-ho-gia-dinh"},{"@type":"ListItem","position":4,"name":"Combo \u0110i\u1ec7n m\u1eb7t tr\u1eddi ho\u00e0 l\u01b0\u1edbi","item":"https:\/\/tpenergy.com.vn\/?product_cat=combo-hoa-luoi"},{"@type":"ListItem","position":5,"name":"Combo \u0110i\u1ec7n m\u1eb7t tr\u1eddi ho\u00e0 l\u01b0\u1edbi 8kW"}]},{"@type":"WebSite","@id":"https:\/\/tpenergy.com.vn\/#website","url":"https:\/\/tpenergy.com.vn\/","name":"Thuan Phong Solar Energy","description":"","potentialAction":[{"@type":"SearchAction","target":{"@type":"EntryPoint","urlTemplate":"https:\/\/tpenergy.com.vn\/?s={search_term_string}"},"query-input":"required name=search_term_string"}],"inLanguage":"vi"}]}},"_links":{"self":[{"href":"https:\/\/tpenergy.com.vn\/index.php?rest_route=\/wp\/v2\/product\/4936"}],"collection":[{"href":"https:\/\/tpenergy.com.vn\/index.php?rest_route=\/wp\/v2\/product"}],"about":[{"href":"https:\/\/tpenergy.com.vn\/index.php?rest_route=\/wp\/v2\/types\/product"}],"replies":[{"embeddable":true,"href":"https:\/\/tpenergy.com.vn\/index.php?rest_route=%2Fwp%2Fv2%2Fcomments&post=4936"}],"wp:featuredmedia":[{"embeddable":true,"href":"https:\/\/tpenergy.com.vn\/index.php?rest_route=\/wp\/v2\/media\/4461"}],"wp:attachment":[{"href":"https:\/\/tpenergy.com.vn\/index.php?rest_route=%2Fwp%2Fv2%2Fmedia&parent=4936"}],"wp:term":[{"taxonomy":"product_cat","embeddable":true,"href":"https:\/\/tpenergy.com.vn\/index.php?rest_route=%2Fwp%2Fv2%2Fproduct_cat&post=4936"},{"taxonomy":"product_tag","embeddable":true,"href":"https:\/\/tpenergy.com.vn\/index.php?rest_route=%2Fwp%2Fv2%2Fproduct_tag&post=4936"}],"curies":[{"name":"wp","href":"https:\/\/api.w.org\/{rel}","templated":true}]}}