{"id":4334,"date":"2024-02-20T15:17:08","date_gmt":"2024-02-20T08:17:08","guid":{"rendered":"https:\/\/tpenergy.com.vn\/?post_type=product&#038;p=4334"},"modified":"2026-02-28T15:47:33","modified_gmt":"2026-02-28T08:47:33","slug":"tam-pin-nang-luong-mat-troi-risen-solar-575w","status":"publish","type":"product","link":"https:\/\/tpenergy.com.vn\/?product=tam-pin-nang-luong-mat-troi-risen-solar-575w","title":{"rendered":"T\u1ea5m pin m\u1eb7t tr\u1eddi n\u0103ng l\u01b0\u1ee3ng Risen 575W"},"content":{"rendered":"<p><a href=\"https:\/\/tpenergy.com.vn\/?p=4376\"><strong>T\u1ea5m pin m\u1eb7t tr\u1eddi Risen 575Wp\u00a0 NTYPE TOPCON<\/strong><\/a><br \/>\n\u2013 M\u00e3 s\u1ea3n ph\u1ea9m: RSM144-9-575BNDG<\/p>\n<div class=\"x11i5rnm xat24cr x1mh8g0r x1vvkbs xtlvy1s x126k92a\">\n<div dir=\"auto\">PV Risen \u0111\u01b0\u1ee3c xem l\u00e0 m\u1ed9t trong nh\u1eefng d\u00f2ng s\u1ea3n ph\u1ea9m th\u00e0nh c\u00f4ng c\u1ee7a Risen Solar, g\u00f3p ph\u1ea7n \u0111\u01b0a Risen Solar tr\u1edf th\u00e0nh TOP 10 th\u01b0\u01a1ng hi\u1ec7u pin n\u0103ng l\u01b0\u1ee3ng m\u1eb7t tr\u1eddi t\u1ed1t nh\u1ea5t nh\u1ea5t th\u1ebf gi\u1edbi<\/div>\n<\/div>\n<div class=\"x11i5rnm xat24cr x1mh8g0r x1vvkbs xtlvy1s x126k92a\">\n<div dir=\"auto\">\u01afu \u0111i\u1ec3m c\u1ee7a\u00a0RISEN 575W<\/div>\n<div dir=\"auto\"><span class=\"x3nfvp2 x1j61x8r x1fcty0u xdj266r xhhsvwb xat24cr xgzva0m xxymvpz xlup9mm x1kky2od\"><img loading=\"lazy\" decoding=\"async\" class=\"xz74otr\" src=\"https:\/\/static.xx.fbcdn.net\/images\/emoji.php\/v9\/te0\/1\/16\/1f31f.png\" alt=\"\ud83c\udf1f\" width=\"16\" height=\"16\" \/><\/span> Pin \u0111\u1ea1t ti\u00eau chu\u1ea9n TUV, UL, CE, GS, ROHS, REACH, PAHS, Golden Sun c\u00f9ng h\u1ec7 th\u1ed1ng ch\u1ea5t l\u01b0\u1ee3ng ISO 9001, ISO 14001 v\u00e0 ISO 18001<\/div>\n<div dir=\"auto\"><span class=\"x3nfvp2 x1j61x8r x1fcty0u xdj266r xhhsvwb xat24cr xgzva0m xxymvpz xlup9mm x1kky2od\"><img loading=\"lazy\" decoding=\"async\" class=\"xz74otr\" src=\"https:\/\/static.xx.fbcdn.net\/images\/emoji.php\/v9\/te0\/1\/16\/1f31f.png\" alt=\"\ud83c\udf1f\" width=\"16\" height=\"16\" \/><\/span> \u0110\u1ed9 b\u1ee9c x\u1ea1 th\u1ea5p, kh\u00e1ng PID cao<\/div>\n<div dir=\"auto\"><span class=\"x3nfvp2 x1j61x8r x1fcty0u xdj266r xhhsvwb xat24cr xgzva0m xxymvpz xlup9mm x1kky2od\"><img loading=\"lazy\" decoding=\"async\" class=\"xz74otr\" src=\"https:\/\/static.xx.fbcdn.net\/images\/emoji.php\/v9\/te0\/1\/16\/1f31f.png\" alt=\"\ud83c\udf1f\" width=\"16\" height=\"16\" \/><\/span> B\u1ec1 m\u1eb7t ch\u1ed1ng ph\u1ea3n quang, ch\u1ed1ng b\u00e1m b\u1ea9n gi\u00fap gi\u1ea3m t\u1ed1i \u0111a t\u1ed5n th\u1ea5t n\u0103ng l\u01b0\u1ee3ng do b\u1ee5i b\u1ea9n<\/div>\n<div dir=\"auto\"><span class=\"x3nfvp2 x1j61x8r x1fcty0u xdj266r xhhsvwb xat24cr xgzva0m xxymvpz xlup9mm x1kky2od\"><img loading=\"lazy\" decoding=\"async\" class=\"xz74otr\" src=\"https:\/\/static.xx.fbcdn.net\/images\/emoji.php\/v9\/te0\/1\/16\/1f31f.png\" alt=\"\ud83c\udf1f\" width=\"16\" height=\"16\" \/><\/span> B\u1ea3o h\u00e0nh theo ti\u00eau chu\u1ea9n c\u1ee7a nh\u00e0 s\u1ea3n xu\u1ea5t: 15 n\u0103m (b\u1ea3o h\u00e0nh v\u1eadt l\u00fd) v\u00e0 hi\u1ec7u su\u1ea5t tr\u00ean 87% trong 30 n\u0103m<\/div>\n<div dir=\"auto\">Ho\u00e0n to\u00e0n th\u00edch \u1ee9ng v\u1edbi nhu c\u1ea7u c\u1ee7a kh\u00e1ch h\u00e0ng v\u00e0 ch\u1ee7 \u0111\u1ea7u t\u01b0 v\u1ec1 vi\u1ec7c s\u1eed d\u1ee5ng nh\u1eefng d\u00f2ng pin c\u00f4ng su\u1ea5t cao v\u00e0 k\u00edch th\u01b0\u1edbc l\u1edbn h\u01a1n.<\/div>\n<\/div>\n<p><img loading=\"lazy\" decoding=\"async\" class=\"alignnone size-full wp-image-4441\" src=\"https:\/\/tpenergy.com.vn\/wp-content\/uploads\/2024\/02\/RSM144-9-560-585BNDG-IEC1500V-30mm-2023H2-1-EN-_001.png\" alt=\"\" width=\"4958\" height=\"7016\" srcset=\"https:\/\/tpenergy.com.vn\/wp-content\/uploads\/2024\/02\/RSM144-9-560-585BNDG-IEC1500V-30mm-2023H2-1-EN-_001.png 4958w, https:\/\/tpenergy.com.vn\/wp-content\/uploads\/2024\/02\/RSM144-9-560-585BNDG-IEC1500V-30mm-2023H2-1-EN-_001-768x1087.png 768w, https:\/\/tpenergy.com.vn\/wp-content\/uploads\/2024\/02\/RSM144-9-560-585BNDG-IEC1500V-30mm-2023H2-1-EN-_001-1085x1536.png 1085w, https:\/\/tpenergy.com.vn\/wp-content\/uploads\/2024\/02\/RSM144-9-560-585BNDG-IEC1500V-30mm-2023H2-1-EN-_001-1447x2048.png 1447w, https:\/\/tpenergy.com.vn\/wp-content\/uploads\/2024\/02\/RSM144-9-560-585BNDG-IEC1500V-30mm-2023H2-1-EN-_001-247x350.png 247w, https:\/\/tpenergy.com.vn\/wp-content\/uploads\/2024\/02\/RSM144-9-560-585BNDG-IEC1500V-30mm-2023H2-1-EN-_001-510x722.png 510w\" sizes=\"(max-width: 4958px) 100vw, 4958px\" \/> <img loading=\"lazy\" decoding=\"async\" class=\"alignnone size-full wp-image-4442\" src=\"https:\/\/tpenergy.com.vn\/wp-content\/uploads\/2024\/02\/RSM144-9-560-585BNDG-IEC1500V-30mm-2023H2-1-EN-_002.png\" alt=\"\" width=\"4958\" height=\"7016\" srcset=\"https:\/\/tpenergy.com.vn\/wp-content\/uploads\/2024\/02\/RSM144-9-560-585BNDG-IEC1500V-30mm-2023H2-1-EN-_002.png 4958w, https:\/\/tpenergy.com.vn\/wp-content\/uploads\/2024\/02\/RSM144-9-560-585BNDG-IEC1500V-30mm-2023H2-1-EN-_002-768x1087.png 768w, https:\/\/tpenergy.com.vn\/wp-content\/uploads\/2024\/02\/RSM144-9-560-585BNDG-IEC1500V-30mm-2023H2-1-EN-_002-1085x1536.png 1085w, https:\/\/tpenergy.com.vn\/wp-content\/uploads\/2024\/02\/RSM144-9-560-585BNDG-IEC1500V-30mm-2023H2-1-EN-_002-1447x2048.png 1447w, https:\/\/tpenergy.com.vn\/wp-content\/uploads\/2024\/02\/RSM144-9-560-585BNDG-IEC1500V-30mm-2023H2-1-EN-_002-247x350.png 247w, https:\/\/tpenergy.com.vn\/wp-content\/uploads\/2024\/02\/RSM144-9-560-585BNDG-IEC1500V-30mm-2023H2-1-EN-_002-510x722.png 510w\" sizes=\"(max-width: 4958px) 100vw, 4958px\" \/><\/p>\n<p><strong>Ch\u1ee9ng nh\u1eadn Thu\u1eadn Phong l\u00e0 nh\u00e0 ph\u00e2n ph\u1ed1i <a href=\"https:\/\/www.facebook.com\/DienMatTroi.SolarQuangBinh\/posts\/pfbid02YpemojdN9egZjxVqtdb7RgBQowGoeZRdeYXws9R7jMsTSN1DZaPimSsrFKsugXYVl\">Risen Solar<\/a> t\u1ea1i th\u1ecb tr\u01b0\u1eddng Vi\u1ec7t Nam:<\/strong><\/p>\n<p><img loading=\"lazy\" decoding=\"async\" class=\"alignnone size-full wp-image-4445\" src=\"https:\/\/tpenergy.com.vn\/wp-content\/uploads\/2024\/02\/chung-nhan-phan-phoi-risen-solar.png\" alt=\"\" width=\"2481\" height=\"3508\" srcset=\"https:\/\/tpenergy.com.vn\/wp-content\/uploads\/2024\/02\/chung-nhan-phan-phoi-risen-solar.png 2481w, https:\/\/tpenergy.com.vn\/wp-content\/uploads\/2024\/02\/chung-nhan-phan-phoi-risen-solar-768x1086.png 768w, https:\/\/tpenergy.com.vn\/wp-content\/uploads\/2024\/02\/chung-nhan-phan-phoi-risen-solar-1086x1536.png 1086w, https:\/\/tpenergy.com.vn\/wp-content\/uploads\/2024\/02\/chung-nhan-phan-phoi-risen-solar-1448x2048.png 1448w, https:\/\/tpenergy.com.vn\/wp-content\/uploads\/2024\/02\/chung-nhan-phan-phoi-risen-solar-247x349.png 247w, https:\/\/tpenergy.com.vn\/wp-content\/uploads\/2024\/02\/chung-nhan-phan-phoi-risen-solar-510x721.png 510w\" sizes=\"(max-width: 2481px) 100vw, 2481px\" \/><\/p>\n<p>Thu\u1eadn Phong Energy t\u1ef1 h\u00e0o l\u00e0 nh\u00e0 ph\u00e2n ph\u1ed1i ch\u00ednh h\u00e3ng t\u1ea5m pin m\u1eb7t tr\u1eddi Risen Solar 575W<\/p>\n<div class=\"x11i5rnm xat24cr x1mh8g0r x1vvkbs xtlvy1s x126k92a\">\n<div dir=\"auto\">S\u1ea3n ph\u1ea9m c\u1ee7a Thu\u1eadn Phong khi \u0111\u1ebfn tay \u0111\u1ea1i l\u00fd lu\u00f4n \u0111\u1ea3m b\u1ea3o:<\/div>\n<div dir=\"auto\"><span class=\"x3nfvp2 x1j61x8r x1fcty0u xdj266r xhhsvwb xat24cr xgzva0m xxymvpz xlup9mm x1kky2od\"><img loading=\"lazy\" decoding=\"async\" class=\"xz74otr\" src=\"https:\/\/static.xx.fbcdn.net\/images\/emoji.php\/v9\/t6b\/1\/16\/25fe.png\" alt=\"\u25fe\ufe0f\" width=\"16\" height=\"16\" \/><\/span> H\u00e0ng h\u00f3a ch\u00ednh h\u00e3ng, \u0111\u1ea7y \u0111\u1ee7 CO, CQ, VAT cho d\u1ef1 \u00e1n<\/div>\n<div dir=\"auto\"><span class=\"x3nfvp2 x1j61x8r x1fcty0u xdj266r xhhsvwb xat24cr xgzva0m xxymvpz xlup9mm x1kky2od\"><img loading=\"lazy\" decoding=\"async\" class=\"xz74otr\" src=\"https:\/\/static.xx.fbcdn.net\/images\/emoji.php\/v9\/t6b\/1\/16\/25fe.png\" alt=\"\u25fe\ufe0f\" width=\"16\" height=\"16\" \/><\/span> Gi\u00e1 lu\u00f4n c\u1ea1nh tranh nh\u1edd nh\u1eadp kh\u1ea9u tr\u1ef1c ti\u1ebfp.<\/div>\n<div dir=\"auto\"><span class=\"x3nfvp2 x1j61x8r x1fcty0u xdj266r xhhsvwb xat24cr xgzva0m xxymvpz xlup9mm x1kky2od\"><img loading=\"lazy\" decoding=\"async\" class=\"xz74otr\" src=\"https:\/\/static.xx.fbcdn.net\/images\/emoji.php\/v9\/t6b\/1\/16\/25fe.png\" alt=\"\u25fe\ufe0f\" width=\"16\" height=\"16\" \/><\/span> C\u1ea5p s\u1ec9 to\u00e0n qu\u1ed1c. V\u1eadn chuy\u1ec3n t\u1eadn n\u01a1i.<\/div>\n<div dir=\"auto\"><span class=\"x3nfvp2 x1j61x8r x1fcty0u xdj266r xhhsvwb xat24cr xgzva0m xxymvpz xlup9mm x1kky2od\"><img loading=\"lazy\" decoding=\"async\" class=\"xz74otr\" src=\"https:\/\/static.xx.fbcdn.net\/images\/emoji.php\/v9\/t6b\/1\/16\/25fe.png\" alt=\"\u25fe\ufe0f\" width=\"16\" height=\"16\" \/><\/span> B\u1ea3o h\u00e0nh hi\u1ec7u su\u1ea5t l\u00ean t\u1edbi 30 n\u0103m<\/div>\n<\/div>\n<div class=\"x11i5rnm xat24cr x1mh8g0r x1vvkbs xtlvy1s x126k92a\">\n<div dir=\"auto\"><span class=\"x3nfvp2 x1j61x8r x1fcty0u xdj266r xhhsvwb xat24cr xgzva0m xxymvpz xlup9mm x1kky2od\"><img loading=\"lazy\" decoding=\"async\" class=\"xz74otr\" src=\"https:\/\/static.xx.fbcdn.net\/images\/emoji.php\/v9\/td8\/1\/16\/1f4f2.png\" alt=\"\ud83d\udcf2\" width=\"16\" height=\"16\" \/><\/span> Li\u00ean h\u1ec7 Thu\u1eadn Phong qua Hotline: 0869 564 567 \u0111\u1ec3 \u0111\u01b0\u1ee3c t\u01b0 v\u1ea5n th\u00eam!<\/div>\n<\/div>\n<div dir=\"auto\">&#8212;&#8212;&#8212;&#8212;&#8212;&#8212;&#8212;&#8212;&#8212;&#8212;&#8212;&#8211;<\/div>\n<div dir=\"auto\">CH\u1eccN THU\u1eacN PHONG &#8211; CH\u1eccN S\u1ef0 AN T\u00c2M<\/div>\n<div dir=\"auto\"><span class=\"x3nfvp2 x1j61x8r x1fcty0u xdj266r xhhsvwb xat24cr xgzva0m xxymvpz xlup9mm x1kky2od\"><img loading=\"lazy\" decoding=\"async\" class=\"xz74otr\" src=\"https:\/\/static.xx.fbcdn.net\/images\/emoji.php\/v9\/t4c\/1\/16\/25aa.png\" alt=\"\u25aa\" width=\"16\" height=\"16\" \/><\/span> Hotline: 0869.564.567<\/div>\n<div dir=\"auto\"><span class=\"x3nfvp2 x1j61x8r x1fcty0u xdj266r xhhsvwb xat24cr xgzva0m xxymvpz xlup9mm x1kky2od\"><img loading=\"lazy\" decoding=\"async\" class=\"xz74otr\" src=\"https:\/\/static.xx.fbcdn.net\/images\/emoji.php\/v9\/t4c\/1\/16\/25aa.png\" alt=\"\u25aa\" width=\"16\" height=\"16\" \/><\/span> K\u1ef9 thu\u1eadt: Mr D\u0169ng 0899768777<\/div>\n<div dir=\"auto\"><span class=\"x3nfvp2 x1j61x8r x1fcty0u xdj266r xhhsvwb xat24cr xgzva0m xxymvpz xlup9mm x1kky2od\"><img loading=\"lazy\" decoding=\"async\" class=\"xz74otr\" src=\"https:\/\/static.xx.fbcdn.net\/images\/emoji.php\/v9\/t4c\/1\/16\/25aa.png\" alt=\"\u25aa\" width=\"16\" height=\"16\" \/><\/span> Tr\u1ee5 s\u1edf ch\u00ednh: 30 Nguy\u1ec5n H\u1eefu D\u1eadt, ph\u01b0\u1eddng Nam L\u00fd, th\u00e0nh ph\u1ed1 \u0110\u1ed3ng H\u1edbi, t\u1ec9nh Qu\u1ea3ng B\u00ecnh,Vi\u1ec7t Nam<\/div>\n<div dir=\"auto\"><span class=\"x3nfvp2 x1j61x8r x1fcty0u xdj266r xhhsvwb xat24cr xgzva0m xxymvpz xlup9mm x1kky2od\"><img loading=\"lazy\" decoding=\"async\" class=\"xz74otr\" src=\"https:\/\/static.xx.fbcdn.net\/images\/emoji.php\/v9\/t4c\/1\/16\/25aa.png\" alt=\"\u25aa\" width=\"16\" height=\"16\" \/><\/span> Email: solarquangbinh@gmail.com<\/div>\n<div dir=\"auto\"><span class=\"x3nfvp2 x1j61x8r x1fcty0u xdj266r xhhsvwb xat24cr xgzva0m xxymvpz xlup9mm x1kky2od\"><img loading=\"lazy\" decoding=\"async\" class=\"xz74otr\" src=\"https:\/\/static.xx.fbcdn.net\/images\/emoji.php\/v9\/t4c\/1\/16\/25aa.png\" alt=\"\u25aa\" width=\"16\" height=\"16\" \/><\/span> Website: <a class=\"x1i10hfl xjbqb8w x1ejq31n xd10rxx x1sy0etr x17r0tee x972fbf xcfux6l x1qhh985 xm0m39n x9f619 x1ypdohk xt0psk2 xe8uvvx xdj266r x11i5rnm xat24cr x1mh8g0r xexx8yu x4uap5 x18d9i69 xkhd6sd x16tdsg8 x1hl2dhg xggy1nq x1a2a7pz xt0b8zv x1fey0fg\" role=\"link\" href=\"https:\/\/l.facebook.com\/l.php?u=https%3A%2F%2Ftpenergy.com.vn%2F%3Ffbclid%3DIwAR1zTSbdXOi_Tl2faWM8WrkjoJ4DUyjMX0nCVZZgeiI5f-ccyxaJjrvKiyc_aem_Ac8kyG2kzUYIVmKTJ4YQIET7j7QtZNsZTK69SDLbvqP-IShA8AIuhFWzo_o8RexIn7bvj1QLRP0dLubEyeT43z5b&amp;h=AT0_0Xuro56qVins9SsASkKZ2-4CppJsU6DxCPrtSCGjJm3qA6poPdulzeHF0c1B1DJymZpiMqyexrG0jG0GnHBeZWxHueJOlpBJmGh_XHfS-3h-uDELSSZJFEkCvJ0sY6uf&amp;__tn__=-UK-R&amp;c[0]=AT15V3qAYiO51xnsl6t1ix6fBknFoK8VhyQGikjMPZ_yjjuVErZ1Mfujp5GU7rocupsiXl0roMwthvpTdIbyg8j5ETd4oxaQ-ttmS8_tXnEE73UfDCkUixQ_AnxErnCbSalGXJkUrlhUaMlb1YWNBSfqmeHw3GsQe1k7YmX_rCami_YGRA\" target=\"_blank\" rel=\"nofollow noopener noreferrer\">https:\/\/tpenergy.com.vn\/<\/a><\/div>\n<div dir=\"auto\"><span class=\"x3nfvp2 x1j61x8r x1fcty0u xdj266r xhhsvwb xat24cr xgzva0m xxymvpz xlup9mm x1kky2od\"><img loading=\"lazy\" decoding=\"async\" class=\"xz74otr\" src=\"https:\/\/static.xx.fbcdn.net\/images\/emoji.php\/v9\/t4c\/1\/16\/25aa.png\" alt=\"\u25aa\" width=\"16\" height=\"16\" \/><\/span> Shopee: <a class=\"x1i10hfl xjbqb8w x1ejq31n xd10rxx x1sy0etr x17r0tee x972fbf xcfux6l x1qhh985 xm0m39n x9f619 x1ypdohk xt0psk2 xe8uvvx xdj266r x11i5rnm xat24cr x1mh8g0r xexx8yu x4uap5 x18d9i69 xkhd6sd x16tdsg8 x1hl2dhg xggy1nq x1a2a7pz xt0b8zv x1fey0fg\" role=\"link\" href=\"https:\/\/l.facebook.com\/l.php?u=https%3A%2F%2Fshopee.vn%2Fsolarquangbinh%3Ffbclid%3DIwAR0RgrhyNxcw24vSw5-Jq7sk_i1yrfXJvokFtjsVQNAJqrOz1hsuOD9bp8s_aem_Ac900jYtQ5as_4nkHxETyKZXCmZOOqHC9L6BcyinLPZROOx8Bpzf0PUma2h9sSeJHFidNAwXjOfheMzK7s9zBSBo&amp;h=AT0gC7uYbN-4cJAMnDKXawM8C1EerQ8R49-X83wFzPEk1Z2joQqOIH0c0yP7MF21cMBzWE-iaGHwdB293A0k4tZV-kE5sBssbmd70QLM2iz-PdU_NtpzR8bTvwj2DQE7PVMS&amp;__tn__=-UK-R&amp;c[0]=AT15V3qAYiO51xnsl6t1ix6fBknFoK8VhyQGikjMPZ_yjjuVErZ1Mfujp5GU7rocupsiXl0roMwthvpTdIbyg8j5ETd4oxaQ-ttmS8_tXnEE73UfDCkUixQ_AnxErnCbSalGXJkUrlhUaMlb1YWNBSfqmeHw3GsQe1k7YmX_rCami_YGRA\" target=\"_blank\" rel=\"nofollow noopener noreferrer\">https:\/\/shopee.vn\/solarquangbinh<\/a><\/div>\n<div dir=\"auto\"><span class=\"x3nfvp2 x1j61x8r x1fcty0u xdj266r xhhsvwb xat24cr xgzva0m xxymvpz xlup9mm x1kky2od\"><img loading=\"lazy\" decoding=\"async\" class=\"xz74otr\" src=\"https:\/\/static.xx.fbcdn.net\/images\/emoji.php\/v9\/t4c\/1\/16\/25aa.png\" alt=\"\u25aa\" width=\"16\" height=\"16\" \/><\/span> Lazada: <a class=\"x1i10hfl xjbqb8w x1ejq31n xd10rxx x1sy0etr x17r0tee x972fbf xcfux6l x1qhh985 xm0m39n x9f619 x1ypdohk xt0psk2 xe8uvvx xdj266r x11i5rnm xat24cr x1mh8g0r xexx8yu x4uap5 x18d9i69 xkhd6sd x16tdsg8 x1hl2dhg xggy1nq x1a2a7pz xt0b8zv x1fey0fg\" role=\"link\" href=\"https:\/\/www.lazada.vn\/shop\/thuan-phong-electric\/-?fbclid=IwAR2f9Xwv69oI7Gq6oR2qEv5dMV7Awum2wxr8HQkpsePWn3APXFmtEo_kmkU_aem_Ac-jHhf1octjrwXby9Br9EVZ-7hmEmXheIzOaye2pbejFXCnyAiZjEUPLdDWFtm7UMsZi45YCNRE1OnQThJa8FDJ\" target=\"_blank\" rel=\"nofollow noopener noreferrer\">https:\/\/www.lazada.vn\/shop\/thuan-phong-electric\/-<\/a><\/div>\n","protected":false},"excerpt":{"rendered":"<table>\n<tbody>\n<tr>\n<td width=\"308\">Th\u01b0\u01a1ng hi\u1ec7u<\/td>\n<td width=\"308\">Risen Solar<\/td>\n<\/tr>\n<tr>\n<td width=\"308\">Model<\/td>\n<td width=\"308\">RSM110-8-565-585BHDG<\/td>\n<\/tr>\n<tr>\n<td width=\"308\">C\u00f4ng su\u1ea5t<\/td>\n<td width=\"308\">575WP<\/td>\n<\/tr>\n<tr>\n<td width=\"308\">Hi\u1ec7u su\u1ea5t<\/td>\n<td width=\"308\">22.3%<\/td>\n<\/tr>\n<tr>\n<td width=\"308\">Tr\u1ecdng L\u01b0\u1ee3ng<\/td>\n<td width=\"308\">31kg<\/td>\n<\/tr>\n<tr>\n<td width=\"308\">K\u00edch Th\u01b0\u1edbc<\/td>\n<td width=\"308\">2278\u00d71134\u00d730mm<\/td>\n<\/tr>\n<tr>\n<td width=\"308\">B\u1ea3o H\u00e0nh V\u1eadt L\u00fd<\/td>\n<td width=\"308\">15 Years<\/td>\n<\/tr>\n<tr>\n<td width=\"308\">B\u1ea3o H\u00e0nh Hi\u1ec7u Su\u1ea5t<\/td>\n<td width=\"308\">30 Years<\/td>\n<\/tr>\n<\/tbody>\n<\/table>\n","protected":false},"featured_media":4333,"comment_status":"open","ping_status":"closed","template":"","meta":{"_eb_attr":""},"product_cat":[199],"product_tag":[361,360,362,359,358,348,307],"class_list":{"0":"post-4334","1":"product","2":"type-product","3":"status-publish","4":"has-post-thumbnail","6":"product_cat-risen-solar","7":"product_tag-361","8":"product_tag-nang-luong-mat-troi","9":"product_tag-pin-risen-575","10":"product_tag-risen-solar","11":"product_tag-rsm144-9-575bndg","12":"product_tag-tam-pin-nang-luong-mat-troi-hieu-suat-cao","13":"product_tag-tam-pin-nang-luong-mat-troi-risen-solar-575w","14":"pa_gia-khong-lap-dat","15":"pa_gia-lap-dat","17":"first","18":"instock","19":"shipping-taxable","20":"purchasable","21":"product-type-variable"},"yoast_head":"<!-- This site is optimized with the Yoast SEO plugin v20.9 - https:\/\/yoast.com\/wordpress\/plugins\/seo\/ -->\r\n<title>T\u1ea5m pin m\u1eb7t tr\u1eddi Risen Solar 575W<\/title>\r\n<meta name=\"description\" content=\"T\u1ea5m pin m\u1eb7t tr\u1eddi Risen 575W \u0111\u01b0\u1ee3c xem l\u00e0 m\u1ed9t trong nh\u1eefng d\u00f2ng s\u1ea3n ph\u1ea9m th\u00e0nh c\u00f4ng c\u1ee7a Risen Solar, g\u00f3p ph\u1ea7n \u0111\u01b0a Risen Solar tr\u1edf th\u00e0nh TOP 10 th\u01b0\u01a1ng hi\u1ec7u\" \/>\r\n<meta name=\"robots\" content=\"index, follow, max-snippet:-1, max-image-preview:large, max-video-preview:-1\" \/>\r\n<link rel=\"canonical\" href=\"https:\/\/tpenergy.com.vn\/?product=tam-pin-nang-luong-mat-troi-risen-solar-575w\" \/>\r\n<meta property=\"og:locale\" content=\"vi_VN\" \/>\r\n<meta property=\"og:type\" content=\"article\" \/>\r\n<meta property=\"og:title\" content=\"T\u1ea5m pin m\u1eb7t tr\u1eddi Risen Solar 575W\" \/>\r\n<meta property=\"og:description\" content=\"T\u1ea5m pin m\u1eb7t tr\u1eddi Risen 575W \u0111\u01b0\u1ee3c xem l\u00e0 m\u1ed9t trong nh\u1eefng d\u00f2ng s\u1ea3n ph\u1ea9m th\u00e0nh c\u00f4ng c\u1ee7a Risen Solar, g\u00f3p ph\u1ea7n \u0111\u01b0a Risen Solar tr\u1edf th\u00e0nh TOP 10 th\u01b0\u01a1ng hi\u1ec7u\" \/>\r\n<meta property=\"og:url\" content=\"https:\/\/tpenergy.com.vn\/?product=tam-pin-nang-luong-mat-troi-risen-solar-575w\" \/>\r\n<meta property=\"og:site_name\" content=\"Thuan Phong Solar Energy\" \/>\r\n<meta property=\"article:modified_time\" content=\"2026-02-28T08:47:33+00:00\" \/>\r\n<meta property=\"og:image\" content=\"https:\/\/tpenergy.com.vn\/wp-content\/uploads\/2024\/02\/product-jpeg-500x500-1.png\" \/>\r\n\t<meta property=\"og:image:width\" content=\"500\" \/>\r\n\t<meta property=\"og:image:height\" content=\"500\" \/>\r\n\t<meta property=\"og:image:type\" content=\"image\/png\" \/>\r\n<meta name=\"twitter:card\" content=\"summary_large_image\" \/>\r\n<meta name=\"twitter:label1\" content=\"\u01af\u1edbc t\u00ednh th\u1eddi gian \u0111\u1ecdc\" \/>\n\t<meta name=\"twitter:data1\" content=\"6 ph\u00fat\" \/>\r\n<script type=\"application\/ld+json\" class=\"yoast-schema-graph\">{\"@context\":\"https:\/\/schema.org\",\"@graph\":[{\"@type\":\"WebPage\",\"@id\":\"https:\/\/tpenergy.com.vn\/?product=tam-pin-nang-luong-mat-troi-risen-solar-575w\",\"url\":\"https:\/\/tpenergy.com.vn\/?product=tam-pin-nang-luong-mat-troi-risen-solar-575w\",\"name\":\"T\u1ea5m pin m\u1eb7t tr\u1eddi Risen Solar 575W\",\"isPartOf\":{\"@id\":\"https:\/\/tpenergy.com.vn\/#website\"},\"datePublished\":\"2024-02-20T08:17:08+00:00\",\"dateModified\":\"2026-02-28T08:47:33+00:00\",\"description\":\"T\u1ea5m pin m\u1eb7t tr\u1eddi Risen 575W \u0111\u01b0\u1ee3c xem l\u00e0 m\u1ed9t trong nh\u1eefng d\u00f2ng s\u1ea3n ph\u1ea9m th\u00e0nh c\u00f4ng c\u1ee7a Risen Solar, g\u00f3p ph\u1ea7n \u0111\u01b0a Risen Solar tr\u1edf th\u00e0nh TOP 10 th\u01b0\u01a1ng hi\u1ec7u\",\"breadcrumb\":{\"@id\":\"https:\/\/tpenergy.com.vn\/?product=tam-pin-nang-luong-mat-troi-risen-solar-575w#breadcrumb\"},\"inLanguage\":\"vi\",\"potentialAction\":[{\"@type\":\"ReadAction\",\"target\":[\"https:\/\/tpenergy.com.vn\/?product=tam-pin-nang-luong-mat-troi-risen-solar-575w\"]}]},{\"@type\":\"BreadcrumbList\",\"@id\":\"https:\/\/tpenergy.com.vn\/?product=tam-pin-nang-luong-mat-troi-risen-solar-575w#breadcrumb\",\"itemListElement\":[{\"@type\":\"ListItem\",\"position\":1,\"name\":\"Trang ch\u1ee7\",\"item\":\"https:\/\/tpenergy.com.vn\/\"},{\"@type\":\"ListItem\",\"position\":2,\"name\":\"Shop\",\"item\":\"https:\/\/tpenergy.com.vn\/?page_id=5\"},{\"@type\":\"ListItem\",\"position\":3,\"name\":\"T\u1ea4M PIN N\u0102NG L\u01af\u1ee2NG M\u1eb6T TR\u1edcI\",\"item\":\"https:\/\/tpenergy.com.vn\/?product_cat=tam-pin-nang-luong-mat-troi\"},{\"@type\":\"ListItem\",\"position\":4,\"name\":\"RISEN SOLAR\",\"item\":\"https:\/\/tpenergy.com.vn\/?product_cat=risen-solar\"},{\"@type\":\"ListItem\",\"position\":5,\"name\":\"T\u1ea5m pin m\u1eb7t tr\u1eddi n\u0103ng l\u01b0\u1ee3ng Risen 575W\"}]},{\"@type\":\"WebSite\",\"@id\":\"https:\/\/tpenergy.com.vn\/#website\",\"url\":\"https:\/\/tpenergy.com.vn\/\",\"name\":\"Thuan Phong Solar Energy\",\"description\":\"\",\"potentialAction\":[{\"@type\":\"SearchAction\",\"target\":{\"@type\":\"EntryPoint\",\"urlTemplate\":\"https:\/\/tpenergy.com.vn\/?s={search_term_string}\"},\"query-input\":\"required name=search_term_string\"}],\"inLanguage\":\"vi\"}]}<\/script>\r\n<!-- \/ Yoast SEO plugin. -->","yoast_head_json":{"title":"T\u1ea5m pin m\u1eb7t tr\u1eddi Risen Solar 575W","description":"T\u1ea5m pin m\u1eb7t tr\u1eddi Risen 575W \u0111\u01b0\u1ee3c xem l\u00e0 m\u1ed9t trong nh\u1eefng d\u00f2ng s\u1ea3n ph\u1ea9m th\u00e0nh c\u00f4ng c\u1ee7a Risen Solar, g\u00f3p ph\u1ea7n \u0111\u01b0a Risen Solar tr\u1edf th\u00e0nh TOP 10 th\u01b0\u01a1ng hi\u1ec7u","robots":{"index":"index","follow":"follow","max-snippet":"max-snippet:-1","max-image-preview":"max-image-preview:large","max-video-preview":"max-video-preview:-1"},"canonical":"https:\/\/tpenergy.com.vn\/?product=tam-pin-nang-luong-mat-troi-risen-solar-575w","og_locale":"vi_VN","og_type":"article","og_title":"T\u1ea5m pin m\u1eb7t tr\u1eddi Risen Solar 575W","og_description":"T\u1ea5m pin m\u1eb7t tr\u1eddi Risen 575W \u0111\u01b0\u1ee3c xem l\u00e0 m\u1ed9t trong nh\u1eefng d\u00f2ng s\u1ea3n ph\u1ea9m th\u00e0nh c\u00f4ng c\u1ee7a Risen Solar, g\u00f3p ph\u1ea7n \u0111\u01b0a Risen Solar tr\u1edf th\u00e0nh TOP 10 th\u01b0\u01a1ng hi\u1ec7u","og_url":"https:\/\/tpenergy.com.vn\/?product=tam-pin-nang-luong-mat-troi-risen-solar-575w","og_site_name":"Thuan Phong Solar Energy","article_modified_time":"2026-02-28T08:47:33+00:00","og_image":[{"width":500,"height":500,"url":"https:\/\/tpenergy.com.vn\/wp-content\/uploads\/2024\/02\/product-jpeg-500x500-1.png","type":"image\/png"}],"twitter_card":"summary_large_image","twitter_misc":{"\u01af\u1edbc t\u00ednh th\u1eddi gian \u0111\u1ecdc":"6 ph\u00fat"},"schema":{"@context":"https:\/\/schema.org","@graph":[{"@type":"WebPage","@id":"https:\/\/tpenergy.com.vn\/?product=tam-pin-nang-luong-mat-troi-risen-solar-575w","url":"https:\/\/tpenergy.com.vn\/?product=tam-pin-nang-luong-mat-troi-risen-solar-575w","name":"T\u1ea5m pin m\u1eb7t tr\u1eddi Risen Solar 575W","isPartOf":{"@id":"https:\/\/tpenergy.com.vn\/#website"},"datePublished":"2024-02-20T08:17:08+00:00","dateModified":"2026-02-28T08:47:33+00:00","description":"T\u1ea5m pin m\u1eb7t tr\u1eddi Risen 575W \u0111\u01b0\u1ee3c xem l\u00e0 m\u1ed9t trong nh\u1eefng d\u00f2ng s\u1ea3n ph\u1ea9m th\u00e0nh c\u00f4ng c\u1ee7a Risen Solar, g\u00f3p ph\u1ea7n \u0111\u01b0a Risen Solar tr\u1edf th\u00e0nh TOP 10 th\u01b0\u01a1ng hi\u1ec7u","breadcrumb":{"@id":"https:\/\/tpenergy.com.vn\/?product=tam-pin-nang-luong-mat-troi-risen-solar-575w#breadcrumb"},"inLanguage":"vi","potentialAction":[{"@type":"ReadAction","target":["https:\/\/tpenergy.com.vn\/?product=tam-pin-nang-luong-mat-troi-risen-solar-575w"]}]},{"@type":"BreadcrumbList","@id":"https:\/\/tpenergy.com.vn\/?product=tam-pin-nang-luong-mat-troi-risen-solar-575w#breadcrumb","itemListElement":[{"@type":"ListItem","position":1,"name":"Trang ch\u1ee7","item":"https:\/\/tpenergy.com.vn\/"},{"@type":"ListItem","position":2,"name":"Shop","item":"https:\/\/tpenergy.com.vn\/?page_id=5"},{"@type":"ListItem","position":3,"name":"T\u1ea4M PIN N\u0102NG L\u01af\u1ee2NG M\u1eb6T TR\u1edcI","item":"https:\/\/tpenergy.com.vn\/?product_cat=tam-pin-nang-luong-mat-troi"},{"@type":"ListItem","position":4,"name":"RISEN SOLAR","item":"https:\/\/tpenergy.com.vn\/?product_cat=risen-solar"},{"@type":"ListItem","position":5,"name":"T\u1ea5m pin m\u1eb7t tr\u1eddi n\u0103ng l\u01b0\u1ee3ng Risen 575W"}]},{"@type":"WebSite","@id":"https:\/\/tpenergy.com.vn\/#website","url":"https:\/\/tpenergy.com.vn\/","name":"Thuan Phong Solar Energy","description":"","potentialAction":[{"@type":"SearchAction","target":{"@type":"EntryPoint","urlTemplate":"https:\/\/tpenergy.com.vn\/?s={search_term_string}"},"query-input":"required name=search_term_string"}],"inLanguage":"vi"}]}},"_links":{"self":[{"href":"https:\/\/tpenergy.com.vn\/index.php?rest_route=\/wp\/v2\/product\/4334"}],"collection":[{"href":"https:\/\/tpenergy.com.vn\/index.php?rest_route=\/wp\/v2\/product"}],"about":[{"href":"https:\/\/tpenergy.com.vn\/index.php?rest_route=\/wp\/v2\/types\/product"}],"replies":[{"embeddable":true,"href":"https:\/\/tpenergy.com.vn\/index.php?rest_route=%2Fwp%2Fv2%2Fcomments&post=4334"}],"wp:featuredmedia":[{"embeddable":true,"href":"https:\/\/tpenergy.com.vn\/index.php?rest_route=\/wp\/v2\/media\/4333"}],"wp:attachment":[{"href":"https:\/\/tpenergy.com.vn\/index.php?rest_route=%2Fwp%2Fv2%2Fmedia&parent=4334"}],"wp:term":[{"taxonomy":"product_cat","embeddable":true,"href":"https:\/\/tpenergy.com.vn\/index.php?rest_route=%2Fwp%2Fv2%2Fproduct_cat&post=4334"},{"taxonomy":"product_tag","embeddable":true,"href":"https:\/\/tpenergy.com.vn\/index.php?rest_route=%2Fwp%2Fv2%2Fproduct_tag&post=4334"}],"curies":[{"name":"wp","href":"https:\/\/api.w.org\/{rel}","templated":true}]}}