{"id":3515,"date":"2024-05-10T14:30:19","date_gmt":"2024-05-10T07:30:19","guid":{"rendered":"https:\/\/tpenergy.com.vn\/?post_type=product&#038;p=3515"},"modified":"2026-03-30T11:28:31","modified_gmt":"2026-03-30T04:28:31","slug":"inverter-sine-chuan-cong-suat-1500va-24vdc","status":"publish","type":"product","link":"https:\/\/tpenergy.com.vn\/?product=inverter-sine-chuan-cong-suat-1500va-24vdc","title":{"rendered":"Inverter Sine Chu\u1ea9n C\u00f4ng Su\u1ea5t 1500VA, 24VDC"},"content":{"rendered":"<h3>Inverter Sine Chu\u1ea9n C\u00f4ng Su\u1ea5t 1500VA, 24VDC \u2013 IP1500-22 (TUC)<\/h3>\n<p><strong>IPower Series<\/strong>\u00a0l\u00e0 b\u1ed9 bi\u1ebfn t\u1ea7n s\u00f3ng sin thu\u1ea7n t\u00fay c\u00f3 th\u1ec3 chuy\u1ec3n \u0111\u1ed5i 12\/ 24\/ 48VDC sang 220 \/ 230VAC (ho\u1eb7c 110 \/ 120VAC). C\u00e1c<br \/>\nc\u00f4ng su\u1ea5t t\u1eeb \u200b\u200b350VA \u0111\u1ebfn 2000VA. Bi\u1ebfn t\u1ea7n c\u00f3 th\u1ec3 \u0111\u01b0\u1ee3c \u1ee9ng d\u1ee5ng trong nhi\u1ec1u l\u0129nh v\u1ef1c. Ph\u1ea1m vi \u0111i\u1ec7n \u00e1p \u0111\u1ea7u v\u00e0o r\u1ed9ng c\u1ee7a n\u00f3 l\u00e0 l\u00fd t\u01b0\u1edfng cho<br \/>\n\u1ee9ng d\u1ee5ng h\u1ec7 th\u1ed1ng n\u0103ng l\u01b0\u1ee3ng m\u1eb7t tr\u1eddi<\/p>\n<p><strong>\u0110\u1eb7c \u0111i\u1ec3m n\u1ed5i b\u1eadt: Inverter DC-AC Epever 1500VA, 12VDC \u2013 IP1500-22 (TUC)\u00a0<\/strong><\/p>\n<ul>\n<li>Thi\u1ebft k\u1ebf an to\u00e0n v\u1edbi c\u00e1ch ly \u0111i\u1ec7n \u0111\u1ea7u v\u00e0o v\u00e0 \u0111\u1ea7u ra<\/li>\n<li>\u00c1p d\u1ee5ng c\u00f4ng ngh\u1ec7 SPWM ti\u00ean ti\u1ebfn, \u0111\u1ea7u ra s\u00f3ng sin tinh khi\u1ebft<\/li>\n<li>\u0110i\u1ec7n \u00e1p \u0111\u1ea7u ra t\u00f9y ch\u1ecdn 220 \/ 230VAC (ho\u1eb7c 110 \/ 120VAC), \u0111\u01b0\u1ee3c thi\u1ebft l\u1eadp b\u1edfi c\u00f4ng t\u1eafc DIP<\/li>\n<li>T\u1ea7n s\u1ed1 \u0111\u1ea7u ra 50 \/ 60Hz, \u0111\u01b0\u1ee3c thi\u1ebft l\u1eadp b\u1edfi c\u00f4ng t\u1eafc DIP<\/li>\n<li>\u0110\u00e8n LED ch\u1ec9 b\u00e1o tr\u1ea1ng th\u00e1i l\u00e0m vi\u1ec7c v\u00e0 l\u1ed7i<\/li>\n<li>Ti\u00eau th\u1ee5 kh\u00f4ng t\u1ea3i th\u1ea5p h\u01a1n<\/li>\n<li>T\u1ed1i \u0111a hi\u1ec7u su\u1ea5t l\u00ean \u0111\u1ebfn 95%<\/li>\n<li>B\u1ea3o v\u1ec7 \u0111\u1ea7u v\u00e0o: B\u1ea3o v\u1ec7 qu\u00e1 \u00e1p, b\u1ea3o v\u1ec7 \u0111i\u1ec7n \u00e1p th\u1ea5p<\/li>\n<li>B\u1ea3o v\u1ec7 \u0111\u1ea7u ra: B\u1ea3o v\u1ec7 qu\u00e1 t\u1ea3i, b\u1ea3o v\u1ec7 ng\u1eafn m\u1ea1ch<\/li>\n<li>B\u1ea3o v\u1ec7 qu\u00e1 nhi\u1ec7t: Qu\u1ea1t th\u00f4ng gi\u00f3 ki\u1ec3m so\u00e1t nhi\u1ec7t \u0111\u1ed9; Bi\u1ebfn t\u1ea7n t\u1ef1 \u0111\u1ed9ng t\u1eaft khi qu\u00e1<br \/>\nnhi\u1ec7t \u0111\u1ed9<\/li>\n<\/ul>\n<p><strong>M\u00f4 t\u1ea3 c\u01a1 b\u1ea3n: Inverter DC-AC Epever 1500VA, 24VDC \u2013 IP1500-22(TUC)\u00a0<\/strong><\/p>\n<ul>\n<li>C\u00f4ng su\u1ea5t \u0111\u1ea7u ra: 1500W<\/li>\n<li>\u0110i\u1ec7n \u00e1p battery: 24V<\/li>\n<li>Theo ti\u00eau chu\u1ea9n: IP20<\/li>\n<li>K\u00edch th\u01b0\u1edbc: 284mmx231mmx98mm<\/li>\n<li>Kh\u1ed1i L\u01b0\u1ee3ng: 3.9kg<\/li>\n<li>\u0110a ch\u1ee9c n\u0103ng b\u1ea3o v\u1ec7: Qu\u00e1 \u00e1p DC, Qu\u00e1 t\u1ea3i, B\u1ea3o v\u1ec7 ng\u1eafn m\u1ea1ch AC, Qu\u00e1 nhi\u1ec7t<\/li>\n<\/ul>\n<p><strong>\u1ee8ng d\u1ee5ng ph\u00f9 h\u1ee3p cho h\u1ec7 th\u1ed1ng n\u0103ng l\u01b0\u1ee3ng m\u1eb7t tr\u1eddi: Solar Home, Solar Car, Solar Boat, Solar Power Generator<\/strong><\/p>\n<p><img loading=\"lazy\" decoding=\"async\" class=\"size-full wp-image-4699 aligncenter\" src=\"https:\/\/tpenergy.com.vn\/wp-content\/uploads\/2024\/05\/kich-dien-12v-len-220v-1500w-epever.jpg\" alt=\"\" width=\"680\" height=\"680\" srcset=\"https:\/\/tpenergy.com.vn\/wp-content\/uploads\/2024\/05\/kich-dien-12v-len-220v-1500w-epever.jpg 680w, https:\/\/tpenergy.com.vn\/wp-content\/uploads\/2024\/05\/kich-dien-12v-len-220v-1500w-epever-247x247.jpg 247w, https:\/\/tpenergy.com.vn\/wp-content\/uploads\/2024\/05\/kich-dien-12v-len-220v-1500w-epever-510x510.jpg 510w, https:\/\/tpenergy.com.vn\/wp-content\/uploads\/2024\/05\/kich-dien-12v-len-220v-1500w-epever-100x100.jpg 100w\" sizes=\"(max-width: 680px) 100vw, 680px\" \/><\/p>\n<div dir=\"auto\">\n<div dir=\"auto\">\u2014\u2014\u2014\u2014\u2014\u2014\u2014\u2014\u2014\u2014\u2014\u2013<\/div>\n<div dir=\"auto\"><a href=\"https:\/\/www.facebook.com\/DienMatTroi.SolarQuangBinh\">CH\u1eccN THU\u1eacN PHONG \u2013 CH\u1eccN S\u1ef0 AN T\u00c2M<\/a><br \/>\nHotline: 0869.564.567<br \/>\nKinh doanh: 0867.577.357<br \/>\nK\u1ef9 thu\u1eadt: 0899.768.777<br \/>\nService: 0867.118.636<br \/>\nTr\u1ee5 s\u1edf ch\u00ednh: 30 Nguy\u1ec5n H\u1eefu D\u1eadt, ph\u01b0\u1eddng \u0110\u1ed3ng H\u1edbi, t\u1ec9nh Qu\u1ea3ng Tr\u1ecb, Vi\u1ec7t Nam<br \/>\nTr\u1ee5 s\u1edf H\u00e0 N\u1ed9i: Nh\u00e0 ph\u1ed1 th\u01b0\u01a1ng m\u1ea1i Khai S\u01a1n Town s\u1ed1 18 thu\u1ed9c Town 7, khu \u0111\u00f4 th\u1ecb Khai S\u01a1n City, ph\u01b0\u1eddng B\u1ed3 \u0110\u1ec1, Th\u00e0nh ph\u1ed1 H\u00e0 N\u1ed9i<br \/>\nWebsite:\u00a0<a href=\"https:\/\/tpenergy.com.vn\/\">https:\/\/tpenergy.com.vn\/<\/a><br \/>\nShopee:\u00a0<a href=\"https:\/\/shopee.vn\/thuanphongenergy?entryPoint=ShopBySearch&amp;searchKeyword=thu%E1%BA%ADn%20phong%20solar%20energy\">https:\/\/byvn.net\/E1oJ<\/a><br \/>\nLazada:\u00a0<a href=\"https:\/\/byvn.net\/VYPr\">https:\/\/byvn.net\/VYPr<\/a><\/div>\n<\/div>\n","protected":false},"excerpt":{"rendered":"<h3>V\u1ec1 s\u1ea3n ph\u1ea9m:<\/h3>\n<ul>\n<li>C\u00f4ng su\u1ea5t \u0111\u1ea7u ra: 1500W<\/li>\n<li>\u0110i\u1ec7n \u00e1p battery: 24V<\/li>\n<li>Theo ti\u00eau chu\u1ea9n: IP20<\/li>\n<li>K\u00edch th\u01b0\u1edbc: 284mmx231mmx98mm<\/li>\n<li>Kh\u1ed1i L\u01b0\u1ee3ng: 3,9kg<\/li>\n<li>\u0110a ch\u1ee9c n\u0103ng b\u1ea3o v\u1ec7: Qu\u00e1 \u00e1p DC, Qu\u00e1 t\u1ea3i, B\u1ea3o v\u1ec7 ng\u1eafn m\u1ea1ch AC, Qu\u00e1 nhi\u1ec7t<\/li>\n<\/ul>\n<i class=\"fas fa-download\"><\/i> Download<\/p>\n<ul>\n<li><a href=\"https:\/\/tpenergy.com.vn\/wp-content\/uploads\/2023\/09\/EPEVER-Datasheet_IPower-220V.pdf\">DATASHEET<\/a><\/li>\n<\/ul>\n","protected":false},"featured_media":4698,"comment_status":"open","ping_status":"closed","template":"","meta":{"_eb_attr":""},"product_cat":[189],"product_tag":[498,190,484,499,194],"class_list":{"0":"post-3515","1":"product","2":"type-product","3":"status-publish","4":"has-post-thumbnail","6":"product_cat-kich-sac-epever","7":"product_tag-24vdc-ip1500-22-tuc","8":"product_tag-epever","9":"product_tag-inverter-sine-chuan-cong-suat-1500va","10":"product_tag-ip1500-22-tuc","11":"product_tag-kich-sac","12":"pa_gia-khong-lap-dat","13":"pa_gia-lap-dat","15":"first","16":"instock","17":"shipping-taxable","18":"purchasable","19":"product-type-variable"},"yoast_head":"<!-- This site is optimized with the Yoast SEO plugin v20.9 - https:\/\/yoast.com\/wordpress\/plugins\/seo\/ -->\r\n<title>Inverter Sine Chu\u1ea9n C\u00f4ng Su\u1ea5t 1500VA 24VDC<\/title>\r\n<meta name=\"description\" content=\"Inverter Sine Chu\u1ea9n C\u00f4ng Su\u1ea5t 1500VA, 24VDC: C\u00f4ng su\u1ea5t \u0111\u1ea7u ra: 1500W, \u0110i\u1ec7n \u00e1p battery: 24V, Theo ti\u00eau chu\u1ea9n: IP20, K\u00edch th\u01b0\u1edbc: 284mmx231mmx98mm\" \/>\r\n<meta name=\"robots\" content=\"index, follow, max-snippet:-1, max-image-preview:large, max-video-preview:-1\" \/>\r\n<link rel=\"canonical\" href=\"https:\/\/tpenergy.com.vn\/?product=inverter-sine-chuan-cong-suat-1500va-24vdc\" \/>\r\n<meta property=\"og:locale\" content=\"vi_VN\" \/>\r\n<meta property=\"og:type\" content=\"article\" \/>\r\n<meta property=\"og:title\" content=\"Inverter Sine Chu\u1ea9n C\u00f4ng Su\u1ea5t 1500VA 24VDC\" \/>\r\n<meta property=\"og:description\" content=\"Inverter Sine Chu\u1ea9n C\u00f4ng Su\u1ea5t 1500VA, 24VDC: C\u00f4ng su\u1ea5t \u0111\u1ea7u ra: 1500W, \u0110i\u1ec7n \u00e1p battery: 24V, Theo ti\u00eau chu\u1ea9n: IP20, K\u00edch th\u01b0\u1edbc: 284mmx231mmx98mm\" \/>\r\n<meta property=\"og:url\" content=\"https:\/\/tpenergy.com.vn\/?product=inverter-sine-chuan-cong-suat-1500va-24vdc\" \/>\r\n<meta property=\"og:site_name\" content=\"Thuan Phong Solar Energy\" \/>\r\n<meta property=\"article:modified_time\" content=\"2026-03-30T04:28:31+00:00\" \/>\r\n<meta property=\"og:image\" content=\"https:\/\/tpenergy.com.vn\/wp-content\/uploads\/2024\/05\/images.jpg\" \/>\r\n\t<meta property=\"og:image:width\" content=\"225\" \/>\r\n\t<meta property=\"og:image:height\" content=\"225\" \/>\r\n\t<meta property=\"og:image:type\" content=\"image\/jpeg\" \/>\r\n<meta name=\"twitter:card\" content=\"summary_large_image\" \/>\r\n<meta name=\"twitter:label1\" content=\"\u01af\u1edbc t\u00ednh th\u1eddi gian \u0111\u1ecdc\" \/>\n\t<meta name=\"twitter:data1\" content=\"3 ph\u00fat\" \/>\r\n<script type=\"application\/ld+json\" class=\"yoast-schema-graph\">{\"@context\":\"https:\/\/schema.org\",\"@graph\":[{\"@type\":\"WebPage\",\"@id\":\"https:\/\/tpenergy.com.vn\/?product=inverter-sine-chuan-cong-suat-1500va-24vdc\",\"url\":\"https:\/\/tpenergy.com.vn\/?product=inverter-sine-chuan-cong-suat-1500va-24vdc\",\"name\":\"Inverter Sine Chu\u1ea9n C\u00f4ng Su\u1ea5t 1500VA 24VDC\",\"isPartOf\":{\"@id\":\"https:\/\/tpenergy.com.vn\/#website\"},\"datePublished\":\"2024-05-10T07:30:19+00:00\",\"dateModified\":\"2026-03-30T04:28:31+00:00\",\"description\":\"Inverter Sine Chu\u1ea9n C\u00f4ng Su\u1ea5t 1500VA, 24VDC: C\u00f4ng su\u1ea5t \u0111\u1ea7u ra: 1500W, \u0110i\u1ec7n \u00e1p battery: 24V, Theo ti\u00eau chu\u1ea9n: IP20, K\u00edch th\u01b0\u1edbc: 284mmx231mmx98mm\",\"breadcrumb\":{\"@id\":\"https:\/\/tpenergy.com.vn\/?product=inverter-sine-chuan-cong-suat-1500va-24vdc#breadcrumb\"},\"inLanguage\":\"vi\",\"potentialAction\":[{\"@type\":\"ReadAction\",\"target\":[\"https:\/\/tpenergy.com.vn\/?product=inverter-sine-chuan-cong-suat-1500va-24vdc\"]}]},{\"@type\":\"BreadcrumbList\",\"@id\":\"https:\/\/tpenergy.com.vn\/?product=inverter-sine-chuan-cong-suat-1500va-24vdc#breadcrumb\",\"itemListElement\":[{\"@type\":\"ListItem\",\"position\":1,\"name\":\"Trang ch\u1ee7\",\"item\":\"https:\/\/tpenergy.com.vn\/\"},{\"@type\":\"ListItem\",\"position\":2,\"name\":\"Shop\",\"item\":\"https:\/\/tpenergy.com.vn\/?page_id=5\"},{\"@type\":\"ListItem\",\"position\":3,\"name\":\"PH\u1ee4 KI\u1ec6N\",\"item\":\"https:\/\/tpenergy.com.vn\/danh-muc-sp\/phu-kien\/\"},{\"@type\":\"ListItem\",\"position\":4,\"name\":\"EPEVER\",\"item\":\"https:\/\/tpenergy.com.vn\/?product_cat=epever-phu-kien\"},{\"@type\":\"ListItem\",\"position\":5,\"name\":\"K\u00edch s\u1ea1c Epever\",\"item\":\"https:\/\/tpenergy.com.vn\/?product_cat=kich-sac-epever\"},{\"@type\":\"ListItem\",\"position\":6,\"name\":\"Inverter Sine Chu\u1ea9n C\u00f4ng Su\u1ea5t 1500VA, 24VDC\"}]},{\"@type\":\"WebSite\",\"@id\":\"https:\/\/tpenergy.com.vn\/#website\",\"url\":\"https:\/\/tpenergy.com.vn\/\",\"name\":\"Thuan Phong Solar Energy\",\"description\":\"\",\"potentialAction\":[{\"@type\":\"SearchAction\",\"target\":{\"@type\":\"EntryPoint\",\"urlTemplate\":\"https:\/\/tpenergy.com.vn\/?s={search_term_string}\"},\"query-input\":\"required name=search_term_string\"}],\"inLanguage\":\"vi\"}]}<\/script>\r\n<!-- \/ Yoast SEO plugin. -->","yoast_head_json":{"title":"Inverter Sine Chu\u1ea9n C\u00f4ng Su\u1ea5t 1500VA 24VDC","description":"Inverter Sine Chu\u1ea9n C\u00f4ng Su\u1ea5t 1500VA, 24VDC: C\u00f4ng su\u1ea5t \u0111\u1ea7u ra: 1500W, \u0110i\u1ec7n \u00e1p battery: 24V, Theo ti\u00eau chu\u1ea9n: IP20, K\u00edch th\u01b0\u1edbc: 284mmx231mmx98mm","robots":{"index":"index","follow":"follow","max-snippet":"max-snippet:-1","max-image-preview":"max-image-preview:large","max-video-preview":"max-video-preview:-1"},"canonical":"https:\/\/tpenergy.com.vn\/?product=inverter-sine-chuan-cong-suat-1500va-24vdc","og_locale":"vi_VN","og_type":"article","og_title":"Inverter Sine Chu\u1ea9n C\u00f4ng Su\u1ea5t 1500VA 24VDC","og_description":"Inverter Sine Chu\u1ea9n C\u00f4ng Su\u1ea5t 1500VA, 24VDC: C\u00f4ng su\u1ea5t \u0111\u1ea7u ra: 1500W, \u0110i\u1ec7n \u00e1p battery: 24V, Theo ti\u00eau chu\u1ea9n: IP20, K\u00edch th\u01b0\u1edbc: 284mmx231mmx98mm","og_url":"https:\/\/tpenergy.com.vn\/?product=inverter-sine-chuan-cong-suat-1500va-24vdc","og_site_name":"Thuan Phong Solar Energy","article_modified_time":"2026-03-30T04:28:31+00:00","og_image":[{"width":225,"height":225,"url":"https:\/\/tpenergy.com.vn\/wp-content\/uploads\/2024\/05\/images.jpg","type":"image\/jpeg"}],"twitter_card":"summary_large_image","twitter_misc":{"\u01af\u1edbc t\u00ednh th\u1eddi gian \u0111\u1ecdc":"3 ph\u00fat"},"schema":{"@context":"https:\/\/schema.org","@graph":[{"@type":"WebPage","@id":"https:\/\/tpenergy.com.vn\/?product=inverter-sine-chuan-cong-suat-1500va-24vdc","url":"https:\/\/tpenergy.com.vn\/?product=inverter-sine-chuan-cong-suat-1500va-24vdc","name":"Inverter Sine Chu\u1ea9n C\u00f4ng Su\u1ea5t 1500VA 24VDC","isPartOf":{"@id":"https:\/\/tpenergy.com.vn\/#website"},"datePublished":"2024-05-10T07:30:19+00:00","dateModified":"2026-03-30T04:28:31+00:00","description":"Inverter Sine Chu\u1ea9n C\u00f4ng Su\u1ea5t 1500VA, 24VDC: C\u00f4ng su\u1ea5t \u0111\u1ea7u ra: 1500W, \u0110i\u1ec7n \u00e1p battery: 24V, Theo ti\u00eau chu\u1ea9n: IP20, K\u00edch th\u01b0\u1edbc: 284mmx231mmx98mm","breadcrumb":{"@id":"https:\/\/tpenergy.com.vn\/?product=inverter-sine-chuan-cong-suat-1500va-24vdc#breadcrumb"},"inLanguage":"vi","potentialAction":[{"@type":"ReadAction","target":["https:\/\/tpenergy.com.vn\/?product=inverter-sine-chuan-cong-suat-1500va-24vdc"]}]},{"@type":"BreadcrumbList","@id":"https:\/\/tpenergy.com.vn\/?product=inverter-sine-chuan-cong-suat-1500va-24vdc#breadcrumb","itemListElement":[{"@type":"ListItem","position":1,"name":"Trang ch\u1ee7","item":"https:\/\/tpenergy.com.vn\/"},{"@type":"ListItem","position":2,"name":"Shop","item":"https:\/\/tpenergy.com.vn\/?page_id=5"},{"@type":"ListItem","position":3,"name":"PH\u1ee4 KI\u1ec6N","item":"https:\/\/tpenergy.com.vn\/danh-muc-sp\/phu-kien\/"},{"@type":"ListItem","position":4,"name":"EPEVER","item":"https:\/\/tpenergy.com.vn\/?product_cat=epever-phu-kien"},{"@type":"ListItem","position":5,"name":"K\u00edch s\u1ea1c Epever","item":"https:\/\/tpenergy.com.vn\/?product_cat=kich-sac-epever"},{"@type":"ListItem","position":6,"name":"Inverter Sine Chu\u1ea9n C\u00f4ng Su\u1ea5t 1500VA, 24VDC"}]},{"@type":"WebSite","@id":"https:\/\/tpenergy.com.vn\/#website","url":"https:\/\/tpenergy.com.vn\/","name":"Thuan Phong Solar Energy","description":"","potentialAction":[{"@type":"SearchAction","target":{"@type":"EntryPoint","urlTemplate":"https:\/\/tpenergy.com.vn\/?s={search_term_string}"},"query-input":"required name=search_term_string"}],"inLanguage":"vi"}]}},"_links":{"self":[{"href":"https:\/\/tpenergy.com.vn\/index.php?rest_route=\/wp\/v2\/product\/3515"}],"collection":[{"href":"https:\/\/tpenergy.com.vn\/index.php?rest_route=\/wp\/v2\/product"}],"about":[{"href":"https:\/\/tpenergy.com.vn\/index.php?rest_route=\/wp\/v2\/types\/product"}],"replies":[{"embeddable":true,"href":"https:\/\/tpenergy.com.vn\/index.php?rest_route=%2Fwp%2Fv2%2Fcomments&post=3515"}],"wp:featuredmedia":[{"embeddable":true,"href":"https:\/\/tpenergy.com.vn\/index.php?rest_route=\/wp\/v2\/media\/4698"}],"wp:attachment":[{"href":"https:\/\/tpenergy.com.vn\/index.php?rest_route=%2Fwp%2Fv2%2Fmedia&parent=3515"}],"wp:term":[{"taxonomy":"product_cat","embeddable":true,"href":"https:\/\/tpenergy.com.vn\/index.php?rest_route=%2Fwp%2Fv2%2Fproduct_cat&post=3515"},{"taxonomy":"product_tag","embeddable":true,"href":"https:\/\/tpenergy.com.vn\/index.php?rest_route=%2Fwp%2Fv2%2Fproduct_tag&post=3515"}],"curies":[{"name":"wp","href":"https:\/\/api.w.org\/{rel}","templated":true}]}}