{"id":3104,"date":"2023-08-03T16:35:08","date_gmt":"2023-08-03T09:35:08","guid":{"rendered":"https:\/\/tpenergy.com.vn\/?post_type=product&#038;p=3104"},"modified":"2023-11-03T20:06:28","modified_gmt":"2023-11-03T13:06:28","slug":"den-duong-nang-luong-mat-troi-gelta-sti200c","status":"publish","type":"product","link":"https:\/\/tpenergy.com.vn\/?product=den-duong-nang-luong-mat-troi-gelta-sti200c","title":{"rendered":"\u0110\u00e8n \u0110\u01b0\u1eddng N\u0103ng L\u01b0\u1ee3ng M\u1eb7t Tr\u1eddi Gelta \u2013 STI200C"},"content":{"rendered":"<ul>\n<li><strong>ChipLed Bridgelux\/USA<\/strong>\u00a0cho c\u01b0\u1eddng \u0111\u1ed9 chi\u1ebfu s\u00e1ng r\u1ea5t cao v\u1edbi Lumen l\u00ean \u0111\u1ebfn 10.000 Lm.<\/li>\n<li>B\u1ed9 \u0111i\u1ec1u khi\u1ec3n\u00a0<strong>t\u00edch h\u1ee3p MPPT<\/strong>\u00a0(t\u1ed1i \u01b0u h\u00f3a d\u00f2ng s\u1ea1c v\u00e0 x\u1ea3) h\u00e3ng SRNE n\u1ed5i ti\u1ebfng.<\/li>\n<li><strong>Pin l\u01b0u tr\u1eef Lithium LifePO4<\/strong>\u00a0cho ph\u00e9p tu\u1ed5i th\u1ecd d\u00e0i h\u01a1n, d\u00f2ng x\u1ea3 cao h\u01a1n v\u00e0 an to\u00e0n h\u01a1n.<\/li>\n<li>C\u00f4ng ngh\u1ec7 t\u1ef1 \u0111\u1ed9ng \u0111i\u1ec1u ch\u1ec9nh c\u00f4ng su\u1ea5t \u0111\u1ea3m b\u1ea3o th\u1eddi gian chi\u1ebfu s\u00e1ng t\u1ed1i \u01b0u\u00a0<strong>l\u00ean \u0111\u1ebfn 3 ng\u00e0y<\/strong><\/li>\n<li><strong>T\u1ea5m quang \u0111i\u1ec7n Mono<\/strong>\u00a0cho hi\u1ec7u su\u1ea5t chuy\u1ec3n \u0111\u1ed5i l\u00ean \u0111\u1ebfn 21%<\/li>\n<li>Thi\u1ebft k\u1ebf chuy\u00ean d\u1ee5ng cho c\u00e1c tuy\u1ebfn \u0111\u01b0\u1eddng, khu v\u1ef1c kh\u00f4ng gian r\u1ed9ng c\u1ea7n chi\u1ebfu s\u00e1ng.<\/li>\n<\/ul>\n<h2>Th\u00f4ng s\u1ed1 k\u1ef9 thu\u1eadt<\/h2>\n<table>\n<thead>\n<tr>\n<th class=\"pad--15 color--orangebold fw--600\">\u0110\u1eb6C \u0110I\u1ec2M<\/th>\n<th class=\"pad--15 color--orangebold fw--600\">\u0110\u00c8N \u0110\u01af\u1edcNG N\u0102NG L\u01af\u1ee2NG M\u1eb6T TR\u1edcI GELTA STI-200-C<\/th>\n<\/tr>\n<\/thead>\n<tbody>\n<tr>\n<td>H\u00ecnh \u1ea3nh<\/td>\n<td><img loading=\"lazy\" decoding=\"async\" class=\"\" src=\"http:\/\/gelta.vn\/wp-content\/uploads\/2023\/07\/bo-den-duong-nang-luong-mat-troi-gelta-200-w.png\" alt=\"\u0110\u00e8n \u0111\u01b0\u1eddng n\u0103ng l\u01b0\u1ee3ng m\u1eb7t tr\u1eddi Gelta 200W\" width=\"460\" height=\"460\" \/><\/td>\n<\/tr>\n<tr>\n<td>C\u00f4ng su\u1ea5t<\/td>\n<td>40W<\/td>\n<\/tr>\n<tr>\n<td>T\u1ea5m quang \u0111i\u1ec7n<\/td>\n<td><strong>Mono<\/strong>\u00a018V\/90Wp<\/td>\n<\/tr>\n<tr>\n<td>Pin l\u01b0u tr\u1eef<\/td>\n<td>512 Wh<\/td>\n<\/tr>\n<tr>\n<td>Quang th\u00f4ng<\/td>\n<td>10.000 Lm<\/td>\n<\/tr>\n<tr>\n<td>Chip LED<\/td>\n<td><strong>Bridgelux<\/strong>\u00a03030<\/td>\n<\/tr>\n<tr>\n<td>Tu\u1ed5i th\u1ecd LED<\/td>\n<td>50,000 gi\u1edd<\/td>\n<\/tr>\n<tr>\n<td>Th\u1eddi gian s\u1ea1c<\/td>\n<td>4 \u2013 6 gi\u1edd<\/td>\n<\/tr>\n<tr>\n<td>Th\u1eddi gian s\u00e1ng<\/td>\n<td>12 \u2013 15 gi\u1edd<\/td>\n<\/tr>\n<tr>\n<td>K\u00edch th\u01b0\u1edbc \u0111\u00e8n<\/td>\n<td>650x300x70 mm<\/td>\n<\/tr>\n<tr>\n<td>\u0110\u1ed9 cao l\u1eafp \u0111\u1eb7t<\/td>\n<td>8-9 m<\/td>\n<\/tr>\n<tr>\n<td>Kho\u1ea3ng c\u00e1ch l\u1eafp \u0111\u1eb7t<\/td>\n<td>20-25 m<\/td>\n<\/tr>\n<tr>\n<td>Kh\u1ed1i l\u01b0\u1ee3ng<\/td>\n<td>9.2 Kg<\/td>\n<\/tr>\n<tr>\n<td>Kh\u00e1ng n\u01b0\u1edbc<\/td>\n<td>IP65<\/td>\n<\/tr>\n<\/tbody>\n<\/table>\n<h2>B\u1ea3o d\u01b0\u1ee1ng v\u1eadn h\u00e0nh<\/h2>\n<ul class=\"listype--none\">\n<li><i class=\"fa-solid fa-circle-check color--orangebold marr--5\"><\/i>L\u1eafp \u0111\u1eb7t vui l\u00f2ng tu\u00e2n theo h\u01b0\u1edbng d\u1eabn \u0111i k\u00e8m.<\/li>\n<li><i class=\"fa-solid fa-circle-check color--orangebold marr--5\"><\/i>Ki\u1ec3m tra, v\u1ec7 sinh \u0111\u00e8n v\u00e0 t\u1ea5m pin quang \u0111i\u1ec7n \u0111\u1ecbnh k\u1ef3 \u0111\u1ec3 \u0111\u1ea3m b\u1ea3o hi\u1ec7u su\u1ea5t ho\u1ea1t \u0111\u1ed9ng t\u1ed1t nh\u1ea5t.<\/li>\n<\/ul>\n<p class=\"text--italic fz--14\">*L\u01b0u \u00fd: Th\u00f4ng s\u1ed1 k\u1ef9 thu\u1eadt n\u00eau tr\u00ean c\u00f3 dung sai +-5%. C\u00e1c th\u00f4ng s\u1ed1 tr\u00ean c\u00f3 th\u1ec3 thay \u0111\u1ed5i b\u1edfi nh\u00e0 s\u1ea3n xu\u1ea5t m\u00e0 kh\u00f4ng b\u00e1o tr\u01b0\u1edbc.<\/p>\n<p>&nbsp;<\/p>\n","protected":false},"excerpt":{"rendered":"<ul>\n<li class=\"shortdes--product\">Model:\u00a0Gelta 40W | STI-200-C<\/li>\n<li class=\"shortdes--product\">Th\u01b0\u01a1ng hi\u1ec7u:\u00a0Gelta<\/li>\n<li class=\"shortdes--product\">C\u00f4ng su\u1ea5t t\u1ed1i \u0111a:\u00a040 W<\/li>\n<li class=\"shortdes--product\">T\u1ea5m pin:\u00a018v 90W Mono<\/li>\n<li class=\"shortdes--product\">Pin l\u01b0u tr\u1eef:\u00a0512Wh (160Ah)<\/li>\n<li class=\"shortdes--product\">B\u1ea3o h\u00e0nh:\u00a02 n\u0103m<\/li>\n<\/ul>\n<p><a href=\"https:\/\/gelta.vn\/wp-content\/uploads\/2023\/07\/Datasheet-den-duong-nang-luong-mat-troi-gelta-STI.pdf\"><img loading=\"lazy\" decoding=\"async\" class=\"alignnone size-full wp-image-3072\" src=\"https:\/\/tpenergy.com.vn\/wp-content\/uploads\/2023\/08\/datta.png\" alt=\"\" width=\"136\" height=\"39\" \/><\/a><\/p>\n","protected":false},"featured_media":3105,"comment_status":"open","ping_status":"closed","template":"","meta":{"_eb_attr":""},"product_cat":[102],"product_tag":[115,111,109],"class_list":{"0":"post-3104","1":"product","2":"type-product","3":"status-publish","4":"has-post-thumbnail","6":"product_cat-gelta","7":"product_tag-den-duong-nang-luong-mat-troi","8":"product_tag-den-nang-luong","9":"product_tag-den-nang-luong-mat-troi-duong-pho","10":"pa_gia-khong-lap-dat","11":"pa_gia-lap-dat","13":"first","14":"instock","15":"shipping-taxable","16":"purchasable","17":"product-type-variable"},"yoast_head":"<!-- This site is optimized with the Yoast SEO plugin v20.9 - https:\/\/yoast.com\/wordpress\/plugins\/seo\/ -->\r\n<title>\u0110\u00e8n \u0110\u01b0\u1eddng N\u0103ng L\u01b0\u1ee3ng M\u1eb7t Tr\u1eddi Gelta \u2013 STI200C - Thuan Phong Solar Energy<\/title>\r\n<meta name=\"robots\" content=\"index, follow, max-snippet:-1, max-image-preview:large, max-video-preview:-1\" \/>\r\n<link rel=\"canonical\" href=\"https:\/\/tpenergy.com.vn\/?product=den-duong-nang-luong-mat-troi-gelta-sti200c\" \/>\r\n<meta property=\"og:locale\" content=\"vi_VN\" \/>\r\n<meta property=\"og:type\" content=\"article\" \/>\r\n<meta property=\"og:title\" content=\"\u0110\u00e8n \u0110\u01b0\u1eddng N\u0103ng L\u01b0\u1ee3ng M\u1eb7t Tr\u1eddi Gelta \u2013 STI200C - Thuan Phong Solar Energy\" \/>\r\n<meta property=\"og:description\" content=\"Model:\u00a0Gelta 40W | STI-200-C  Th\u01b0\u01a1ng hi\u1ec7u:\u00a0Gelta  C\u00f4ng su\u1ea5t t\u1ed1i \u0111a:\u00a040 W  T\u1ea5m pin:\u00a018v 90W Mono  Pin l\u01b0u tr\u1eef:\u00a0512Wh (160Ah)  B\u1ea3o h\u00e0nh:\u00a02 n\u0103m\" \/>\r\n<meta property=\"og:url\" content=\"https:\/\/tpenergy.com.vn\/?product=den-duong-nang-luong-mat-troi-gelta-sti200c\" \/>\r\n<meta property=\"og:site_name\" content=\"Thuan Phong Solar Energy\" \/>\r\n<meta property=\"article:modified_time\" content=\"2023-11-03T13:06:28+00:00\" \/>\r\n<meta property=\"og:image\" content=\"https:\/\/tpenergy.com.vn\/wp-content\/uploads\/2023\/08\/bo-den-duong-nang-luong-mat-troi-gelta-200-w.png\" \/>\r\n\t<meta property=\"og:image:width\" content=\"800\" \/>\r\n\t<meta property=\"og:image:height\" content=\"800\" \/>\r\n\t<meta property=\"og:image:type\" content=\"image\/png\" \/>\r\n<meta name=\"twitter:card\" content=\"summary_large_image\" \/>\r\n<meta name=\"twitter:label1\" content=\"\u01af\u1edbc t\u00ednh th\u1eddi gian \u0111\u1ecdc\" \/>\n\t<meta name=\"twitter:data1\" content=\"2 ph\u00fat\" \/>\r\n<script type=\"application\/ld+json\" class=\"yoast-schema-graph\">{\"@context\":\"https:\/\/schema.org\",\"@graph\":[{\"@type\":\"WebPage\",\"@id\":\"https:\/\/tpenergy.com.vn\/?product=den-duong-nang-luong-mat-troi-gelta-sti200c\",\"url\":\"https:\/\/tpenergy.com.vn\/?product=den-duong-nang-luong-mat-troi-gelta-sti200c\",\"name\":\"\u0110\u00e8n \u0110\u01b0\u1eddng N\u0103ng L\u01b0\u1ee3ng M\u1eb7t Tr\u1eddi Gelta \u2013 STI200C - Thuan Phong Solar Energy\",\"isPartOf\":{\"@id\":\"https:\/\/tpenergy.com.vn\/#website\"},\"datePublished\":\"2023-08-03T09:35:08+00:00\",\"dateModified\":\"2023-11-03T13:06:28+00:00\",\"breadcrumb\":{\"@id\":\"https:\/\/tpenergy.com.vn\/?product=den-duong-nang-luong-mat-troi-gelta-sti200c#breadcrumb\"},\"inLanguage\":\"vi\",\"potentialAction\":[{\"@type\":\"ReadAction\",\"target\":[\"https:\/\/tpenergy.com.vn\/?product=den-duong-nang-luong-mat-troi-gelta-sti200c\"]}]},{\"@type\":\"BreadcrumbList\",\"@id\":\"https:\/\/tpenergy.com.vn\/?product=den-duong-nang-luong-mat-troi-gelta-sti200c#breadcrumb\",\"itemListElement\":[{\"@type\":\"ListItem\",\"position\":1,\"name\":\"Trang ch\u1ee7\",\"item\":\"https:\/\/tpenergy.com.vn\/\"},{\"@type\":\"ListItem\",\"position\":2,\"name\":\"Shop\",\"item\":\"https:\/\/tpenergy.com.vn\/?page_id=5\"},{\"@type\":\"ListItem\",\"position\":3,\"name\":\"\u0110\u00c8N N\u0102NG L\u01af\u1ee2NG M\u1eb6T TR\u1edcI\",\"item\":\"https:\/\/tpenergy.com.vn\/?product_cat=den-nang-luong-mat-troi\"},{\"@type\":\"ListItem\",\"position\":4,\"name\":\"GELTA\",\"item\":\"https:\/\/tpenergy.com.vn\/?product_cat=gelta\"},{\"@type\":\"ListItem\",\"position\":5,\"name\":\"\u0110\u00e8n \u0110\u01b0\u1eddng N\u0103ng L\u01b0\u1ee3ng M\u1eb7t Tr\u1eddi Gelta \u2013 STI200C\"}]},{\"@type\":\"WebSite\",\"@id\":\"https:\/\/tpenergy.com.vn\/#website\",\"url\":\"https:\/\/tpenergy.com.vn\/\",\"name\":\"Thuan Phong Solar Energy\",\"description\":\"\",\"potentialAction\":[{\"@type\":\"SearchAction\",\"target\":{\"@type\":\"EntryPoint\",\"urlTemplate\":\"https:\/\/tpenergy.com.vn\/?s={search_term_string}\"},\"query-input\":\"required name=search_term_string\"}],\"inLanguage\":\"vi\"}]}<\/script>\r\n<!-- \/ Yoast SEO plugin. -->","yoast_head_json":{"title":"\u0110\u00e8n \u0110\u01b0\u1eddng N\u0103ng L\u01b0\u1ee3ng M\u1eb7t Tr\u1eddi Gelta \u2013 STI200C - Thuan Phong Solar Energy","robots":{"index":"index","follow":"follow","max-snippet":"max-snippet:-1","max-image-preview":"max-image-preview:large","max-video-preview":"max-video-preview:-1"},"canonical":"https:\/\/tpenergy.com.vn\/?product=den-duong-nang-luong-mat-troi-gelta-sti200c","og_locale":"vi_VN","og_type":"article","og_title":"\u0110\u00e8n \u0110\u01b0\u1eddng N\u0103ng L\u01b0\u1ee3ng M\u1eb7t Tr\u1eddi Gelta \u2013 STI200C - Thuan Phong Solar Energy","og_description":"Model:\u00a0Gelta 40W | STI-200-C  Th\u01b0\u01a1ng hi\u1ec7u:\u00a0Gelta  C\u00f4ng su\u1ea5t t\u1ed1i \u0111a:\u00a040 W  T\u1ea5m pin:\u00a018v 90W Mono  Pin l\u01b0u tr\u1eef:\u00a0512Wh (160Ah)  B\u1ea3o h\u00e0nh:\u00a02 n\u0103m","og_url":"https:\/\/tpenergy.com.vn\/?product=den-duong-nang-luong-mat-troi-gelta-sti200c","og_site_name":"Thuan Phong Solar Energy","article_modified_time":"2023-11-03T13:06:28+00:00","og_image":[{"width":800,"height":800,"url":"https:\/\/tpenergy.com.vn\/wp-content\/uploads\/2023\/08\/bo-den-duong-nang-luong-mat-troi-gelta-200-w.png","type":"image\/png"}],"twitter_card":"summary_large_image","twitter_misc":{"\u01af\u1edbc t\u00ednh th\u1eddi gian \u0111\u1ecdc":"2 ph\u00fat"},"schema":{"@context":"https:\/\/schema.org","@graph":[{"@type":"WebPage","@id":"https:\/\/tpenergy.com.vn\/?product=den-duong-nang-luong-mat-troi-gelta-sti200c","url":"https:\/\/tpenergy.com.vn\/?product=den-duong-nang-luong-mat-troi-gelta-sti200c","name":"\u0110\u00e8n \u0110\u01b0\u1eddng N\u0103ng L\u01b0\u1ee3ng M\u1eb7t Tr\u1eddi Gelta \u2013 STI200C - Thuan Phong Solar Energy","isPartOf":{"@id":"https:\/\/tpenergy.com.vn\/#website"},"datePublished":"2023-08-03T09:35:08+00:00","dateModified":"2023-11-03T13:06:28+00:00","breadcrumb":{"@id":"https:\/\/tpenergy.com.vn\/?product=den-duong-nang-luong-mat-troi-gelta-sti200c#breadcrumb"},"inLanguage":"vi","potentialAction":[{"@type":"ReadAction","target":["https:\/\/tpenergy.com.vn\/?product=den-duong-nang-luong-mat-troi-gelta-sti200c"]}]},{"@type":"BreadcrumbList","@id":"https:\/\/tpenergy.com.vn\/?product=den-duong-nang-luong-mat-troi-gelta-sti200c#breadcrumb","itemListElement":[{"@type":"ListItem","position":1,"name":"Trang ch\u1ee7","item":"https:\/\/tpenergy.com.vn\/"},{"@type":"ListItem","position":2,"name":"Shop","item":"https:\/\/tpenergy.com.vn\/?page_id=5"},{"@type":"ListItem","position":3,"name":"\u0110\u00c8N N\u0102NG L\u01af\u1ee2NG M\u1eb6T TR\u1edcI","item":"https:\/\/tpenergy.com.vn\/?product_cat=den-nang-luong-mat-troi"},{"@type":"ListItem","position":4,"name":"GELTA","item":"https:\/\/tpenergy.com.vn\/?product_cat=gelta"},{"@type":"ListItem","position":5,"name":"\u0110\u00e8n \u0110\u01b0\u1eddng N\u0103ng L\u01b0\u1ee3ng M\u1eb7t Tr\u1eddi Gelta \u2013 STI200C"}]},{"@type":"WebSite","@id":"https:\/\/tpenergy.com.vn\/#website","url":"https:\/\/tpenergy.com.vn\/","name":"Thuan Phong Solar Energy","description":"","potentialAction":[{"@type":"SearchAction","target":{"@type":"EntryPoint","urlTemplate":"https:\/\/tpenergy.com.vn\/?s={search_term_string}"},"query-input":"required name=search_term_string"}],"inLanguage":"vi"}]}},"_links":{"self":[{"href":"https:\/\/tpenergy.com.vn\/index.php?rest_route=\/wp\/v2\/product\/3104"}],"collection":[{"href":"https:\/\/tpenergy.com.vn\/index.php?rest_route=\/wp\/v2\/product"}],"about":[{"href":"https:\/\/tpenergy.com.vn\/index.php?rest_route=\/wp\/v2\/types\/product"}],"replies":[{"embeddable":true,"href":"https:\/\/tpenergy.com.vn\/index.php?rest_route=%2Fwp%2Fv2%2Fcomments&post=3104"}],"wp:featuredmedia":[{"embeddable":true,"href":"https:\/\/tpenergy.com.vn\/index.php?rest_route=\/wp\/v2\/media\/3105"}],"wp:attachment":[{"href":"https:\/\/tpenergy.com.vn\/index.php?rest_route=%2Fwp%2Fv2%2Fmedia&parent=3104"}],"wp:term":[{"taxonomy":"product_cat","embeddable":true,"href":"https:\/\/tpenergy.com.vn\/index.php?rest_route=%2Fwp%2Fv2%2Fproduct_cat&post=3104"},{"taxonomy":"product_tag","embeddable":true,"href":"https:\/\/tpenergy.com.vn\/index.php?rest_route=%2Fwp%2Fv2%2Fproduct_tag&post=3104"}],"curies":[{"name":"wp","href":"https:\/\/api.w.org\/{rel}","templated":true}]}}