{"id":2944,"date":"2023-07-29T10:09:02","date_gmt":"2023-07-29T03:09:02","guid":{"rendered":"https:\/\/tpenergy.com.vn\/?post_type=product&#038;p=2944"},"modified":"2025-11-12T10:23:34","modified_gmt":"2025-11-12T03:23:34","slug":"lithium-deye-ap-cao-b0s-g","status":"publish","type":"product","link":"https:\/\/tpenergy.com.vn\/?product=lithium-deye-ap-cao-b0s-g","title":{"rendered":"Pin Lithium Deye BOS-G-Pack5.1 \u00e1p cao"},"content":{"rendered":"<div id=\"RootGridCell_f7bd7025bd3bb5ec5db8eef11048f0330\" class=\"col-xs-12 col-sm-6 col-md-6 col-lg-6 col-xl-6 RootGridCell_f7bd7025bd3bb5ec5db8eef11048f0330 cell\" data-id=\"RootGridCell_f7bd7025bd3bb5ec5db8eef11048f0330\" data-type=\"cell\">\n<div id=\"RootGridBg_f7bd7025bd3bb5ec5db8eef11048f0330\" class=\"grid_content\">\n<div id=\"ImageSource424_ae680394a95b39d0150dbb8177f7a878\" class=\"Slide0\" data-id=\"ImageSource424_ae680394a95b39d0150dbb8177f7a878\">\n<div class=\"ImageSource\">\n<div class=\"detail_img_big\">\n<div class=\"detail_img\">\n<div class=\"ScrollImage-inner\">\n<div class=\"ScrollImage-content\">\n<h1 class=\"ScrollImage-box\">Pin Lithium Deye BOS-G-Pack5.1 \u00e1p cao<\/h1>\n<\/div>\n<\/div>\n<\/div>\n<\/div>\n<\/div>\n<\/div>\n<\/div>\n<\/div>\n<div id=\"RootGridCell_d4ac61cb4bf4c3827008f820c7c58fe2\" class=\"col-xs-12 col-sm-6 col-md-6 col-lg-6 col-xl-6 RootGridCell_d4ac61cb4bf4c3827008f820c7c58fe2 cell\" data-id=\"RootGridCell_d4ac61cb4bf4c3827008f820c7c58fe2\" data-type=\"cell\">\n<div id=\"RootGridBg_d4ac61cb4bf4c3827008f820c7c58fe2\" class=\"grid_content\">\n<div id=\"SplitLine222_870ced1010ce75f68fd74bd3134d5720\" class=\"SplitLine1\" data-id=\"SplitLine222_870ced1010ce75f68fd74bd3134d5720\"><\/div>\n<div id=\"ProDel313_f3421a727723e2382f3272a88fe55a9c0\" class=\"ProDel\" data-id=\"ProDel313_f3421a727723e2382f3272a88fe55a9c0\">\n<div>\n<div class=\"ProdelContent\">\n<p><strong>\u2022 Thu\u1eadn ti\u1ec7n<\/strong><\/p>\n<p>C\u00e0i \u0111\u1eb7t nhanh ch\u00f3ng, ti\u00eau chu\u1ea9n c\u1ee7a m\u00f4-\u0111un \u0111\u01b0\u1ee3c thi\u1ebft k\u1ebf nh\u00fang 19 inch tho\u1ea3i m\u00e1i cho vi\u1ec7c c\u00e0i \u0111\u1eb7t v\u00e0 b\u1ea3o tr\u00ec.<\/p>\n<p><strong>\u2022<\/strong><strong>\u00a0An to\u00e0n v\u00e0 \u0111\u00e1ng tin c\u1eady<\/strong><\/p>\n<p>V\u1eadt li\u1ec7u c\u1ef1c \u00e2m \u0111\u01b0\u1ee3c l\u00e0m t\u1eeb LiFeP04 v\u1edbi hi\u1ec7u su\u1ea5t an to\u00e0n v\u00e0 tu\u1ed5i th\u1ecd d\u00e0i, M\u00f4-\u0111un \u00edt t\u1ef1 ph\u00f3ng \u0111i\u1ec7n h\u01a1n, l\u00ean \u0111\u1ebfn 6 th\u00e1ng m\u00e0 kh\u00f4ng c\u1ea7n s\u1ea1c tr\u00ean k\u1ec7, kh\u00f4ng c\u00f3 hi\u1ec7u \u1ee9ng b\u1ed9 nh\u1edb, hi\u1ec7u su\u1ea5t s\u1ea1c v\u00e0 x\u1ea3 s\u00e2u tuy\u1ec7t v\u1eddi.<\/p>\n<p><strong>\u2022<\/strong><strong>\u00a0BMS th\u00f4ng minh<\/strong><\/p>\n<p>N\u00f3 c\u00f3 c\u00e1c ch\u1ee9c n\u0103ng b\u1ea3o v\u1ec7 bao g\u1ed3m x\u1ea3 qu\u00e1 m\u1ee9c v\u00e0 nhi\u1ec7t \u0111\u1ed9 qu\u00e1 cao ho\u1eb7c qu\u00e1 th\u1ea5p. H\u1ec7 th\u1ed1ng c\u00f3 th\u1ec3 t\u1ef1 \u0111\u1ed9ng qu\u1ea3n l\u00fd tr\u1ea1ng th\u00e1i s\u1ea1c v\u00e0 x\u1ea3 v\u00e0 c\u00e2n b\u1eb1ng d\u00f2ng \u0111i\u1ec7n v\u00e0 \u0111i\u1ec7n \u00e1p c\u1ee7a t\u1eebng t\u1ebf b\u00e0o cell pin.<\/p>\n<p><strong>\u2022<\/strong><strong>\u00a0Th\u00e2n thi\u1ec7n v\u1edbi m\u00f4i tr\u01b0\u1eddng<\/strong><\/p>\n<p>To\u00e0n b\u1ed9 m\u00f4-\u0111un kh\u00f4ng \u0111\u1ed9c h\u1ea1i, kh\u00f4ng g\u00e2y \u00f4 nhi\u1ec5m v\u00e0 th\u00e2n thi\u1ec7n v\u1edbi m\u00f4i tr\u01b0\u1eddng.<\/p>\n<p><strong>\u2022<\/strong><strong>\u00a0C\u1ea5u h\u00ecnh linh ho\u1ea1t<\/strong><\/p>\n<p>Nhi\u1ec1u m\u00f4-\u0111un pin c\u00f3 th\u1ec3 song song \u0111\u1ec3 m\u1edf r\u1ed9ng dung l\u01b0\u1ee3ng v\u00e0 s\u1ee9c m\u1ea1nh. H\u1ed7 tr\u1ee3 n\u00e2ng c\u1ea5p USB, n\u00e2ng c\u1ea5p wifi (t\u00f9y ch\u1ecdn), n\u00e2ng c\u1ea5p t\u1eeb xa (T\u01b0\u01a1ng th\u00edch v\u1edbi bi\u1ebfn t\u1ea7n Deye).<\/p>\n<p><strong>\u2022<\/strong><strong>\u00a0Nhi\u1ec7t \u0111\u1ed9 r\u1ed9ng<\/strong><\/p>\n<p>Ph\u1ea1m vi nhi\u1ec7t \u0111\u1ed9 l\u00e0m vi\u1ec7c l\u00e0 t\u1eeb -20\u00b0C \u0111\u1ebfn 55\u00b0C, v\u1edbi hi\u1ec7u su\u1ea5t x\u1ea3 v\u00e0 v\u00f2ng \u0111\u1eddi tuy\u1ec7t v\u1eddi.<\/p>\n<h3><img loading=\"lazy\" decoding=\"async\" class=\"aligncenter size-full wp-image-6805\" src=\"https:\/\/tpenergy.com.vn\/wp-content\/uploads\/2023\/07\/Deye-BOS-G-Pro-Series_Brochure-20241230V1.0-1_page-0002.jpg\" alt=\"\" width=\"1241\" height=\"1684\" srcset=\"https:\/\/tpenergy.com.vn\/wp-content\/uploads\/2023\/07\/Deye-BOS-G-Pro-Series_Brochure-20241230V1.0-1_page-0002.jpg 1241w, https:\/\/tpenergy.com.vn\/wp-content\/uploads\/2023\/07\/Deye-BOS-G-Pro-Series_Brochure-20241230V1.0-1_page-0002-768x1042.jpg 768w, https:\/\/tpenergy.com.vn\/wp-content\/uploads\/2023\/07\/Deye-BOS-G-Pro-Series_Brochure-20241230V1.0-1_page-0002-1132x1536.jpg 1132w, https:\/\/tpenergy.com.vn\/wp-content\/uploads\/2023\/07\/Deye-BOS-G-Pro-Series_Brochure-20241230V1.0-1_page-0002-247x335.jpg 247w, https:\/\/tpenergy.com.vn\/wp-content\/uploads\/2023\/07\/Deye-BOS-G-Pro-Series_Brochure-20241230V1.0-1_page-0002-510x692.jpg 510w\" sizes=\"(max-width: 1241px) 100vw, 1241px\" \/><\/h3>\n<p><a href=\"https:\/\/tpenergy.com.vn\/\">Thu\u1eadn Phong<\/a>\u00a0cam k\u1ebft ch\u1ea5t l\u01b0\u1ee3ng s\u1ea3n ph\u1ea9m \u0111\u01b0\u1ee3c ki\u1ec3m duy\u1ec7t nghi\u00eam ng\u1eb7t, b\u1ea3o h\u00e0nh nhanh ch\u00f3ng, tr\u1ef1c ti\u1ebfp kh\u00f4ng qua x\u1eed l\u00fd trung gian, th\u1eddi gian b\u1ea3o h\u00e0nh l\u00ean \u0111\u1ebfn 5 n\u0103m c\u00f9ng nhi\u1ec1u ch\u00ednh s\u00e1ch h\u1eadu m\u00e3i c\u1ef1c k\u00ec h\u1ea5p d\u1eabn. Li\u00ean h\u1ec7 ch\u00fang t\u00f4i \u0111\u1ec3 \u0111\u01b0\u1ee3c t\u01b0 v\u1ea5n s\u1edbm nh\u1ea5t nh\u00e9!<\/p>\n<div dir=\"auto\">\u2014\u2014\u2014\u2014\u2014\u2014\u2014\u2014\u2014\u2014\u2014\u2013<\/div>\n<div dir=\"auto\"><a href=\"https:\/\/www.facebook.com\/DienMatTroi.SolarQuangBinh\">CH\u1eccN THU\u1eacN PHONG \u2013 CH\u1eccN S\u1ef0 AN T\u00c2M<\/a><br \/>\nHotline: 0869.564.567<br \/>\nKinh doanh: 0867.577.357<br \/>\nK\u1ef9 thu\u1eadt: 0899.768.777<br \/>\nService: 0867.118.636<br \/>\nTr\u1ee5 s\u1edf ch\u00ednh: 30 Nguy\u1ec5n H\u1eefu D\u1eadt, ph\u01b0\u1eddng \u0110\u1ed3ng H\u1edbi, t\u1ec9nh Qu\u1ea3ng Tr\u1ecb, Vi\u1ec7t Nam<br \/>\nTr\u1ee5 s\u1edf H\u00e0 N\u1ed9i: Nh\u00e0 ph\u1ed1 th\u01b0\u01a1ng m\u1ea1i Khai S\u01a1n Town s\u1ed1 18 thu\u1ed9c Town 7, khu \u0111\u00f4 th\u1ecb Khai S\u01a1n City, ph\u01b0\u1eddng B\u1ed3 \u0110\u1ec1, Th\u00e0nh ph\u1ed1 H\u00e0 N\u1ed9i<br \/>\nWebsite:\u00a0<a href=\"https:\/\/tpenergy.com.vn\/\">https:\/\/tpenergy.com.vn\/<\/a><br \/>\nShopee:\u00a0<a href=\"https:\/\/shopee.vn\/thuanphongenergy?entryPoint=ShopBySearch&amp;searchKeyword=thu%E1%BA%ADn%20phong%20solar%20energy\">https:\/\/byvn.net\/E1oJ<\/a><br \/>\nLazada:\u00a0<a href=\"https:\/\/byvn.net\/VYPr\">https:\/\/byvn.net\/VYPr<\/a><\/div>\n<\/div>\n<\/div>\n<\/div>\n<\/div>\n<\/div>\n","protected":false},"excerpt":{"rendered":"<h3>V\u1ec1 s\u1ea3n ph\u1ea9m:<\/h3>\n<p>&#8211; S\u1ed1 l\u01b0\u1ee3ng module m\u1ed7i chu\u1ed7i: 5\u00a0&#8211; 8 &#8211; 12 &#8211; 17<br \/>\n&#8211; \u0110i\u1ec7n \u00e1p b\u00ecnh th\u01b0\u1eddng: 51.2Vdc\/1 module<br \/>\n&#8211; \u0110i\u1ec7n \u00e1p chu\u1ed7i: 220~992.8Vdc<br \/>\n&#8211; Dung l\u01b0\u1ee3ng: 100Ah<br \/>\n&#8211; K\u00edch th\u01b0\u1edbc batterry:\u00a0\u00a0440\u00d7585\u00d7133(mm)<br \/>\n&#8211; Tr\u1ecdng l\u01b0\u1ee3ng battery: 46kg<br \/>\n&#8211; K\u00edch th\u01b0\u1edbc gi\u00e1 \u0111\u1ee1: 530\u00d7602\u00d71629(mm)\u00a0~ 1060\u00d7602\u00d71629(mm)<br \/>\n&#8211; Weight: 290kg ~ 883kg<br \/>\n&#8211; IP20<\/p>\n<h3><i class=\"fas fa-download\"><\/i> DOWNLOAD<\/h3>\n<ul>\n<li><a href=\"https:\/\/tpenergy.com.vn\/wp-content\/uploads\/2023\/07\/Deye-BOS-G-Pro-Series_Brochure-20241230V1.0-1.pdf\">Datasheet<\/a><\/li>\n<li><a href=\"https:\/\/tpenergy.com.vn\/wp-content\/uploads\/2023\/07\/DEYE-EU-BOS-G-Pro-Manual-1.0.pdf\">User Manual<\/a><\/li>\n<\/ul>\n","protected":false},"featured_media":6801,"comment_status":"open","ping_status":"closed","template":"","meta":{"_eb_attr":""},"product_cat":[1108],"product_tag":[1117,1116,1120,1118,1119,1105],"class_list":{"0":"post-2944","1":"product","2":"type-product","3":"status-publish","4":"has-post-thumbnail","6":"product_cat-ap-cao","7":"product_tag-pin-deye-ap-cao","8":"product_tag-pin-lithium-deye-bos-g-pack5-1","9":"product_tag-pin-lithium-luu-tru-dien-chinh-hang","10":"product_tag-pin-luu-tru-deye-5-1kwh","11":"product_tag-pin-nang-luong-mat-troi-deye","12":"product_tag-thuan-phong-energy","14":"first","15":"instock","16":"shipping-taxable","17":"purchasable","18":"product-type-variable","19":"has-default-attributes"},"yoast_head":"<!-- This site is optimized with the Yoast SEO plugin v20.9 - https:\/\/yoast.com\/wordpress\/plugins\/seo\/ -->\r\n<title>Pin Lithium Deye BOS-G-Pack5.1 \u00e1p cao | Thu\u1eadn Phong Energy<\/title>\r\n<meta name=\"description\" content=\"Pin Lithium Deye BOS-G-Pack5.1 \u00e1p cao \u2013 hi\u1ec7u su\u1ea5t v\u01b0\u1ee3t tr\u1ed9i, \u0111\u1ed9 b\u1ec1n cao, an to\u00e0n tuy\u1ec7t \u0111\u1ed1i. Gi\u1ea3i ph\u00e1p l\u01b0u tr\u1eef n\u0103ng l\u01b0\u1ee3ng xanh t\u1eeb Thu\u1eadn Phong Energy.\" \/>\r\n<meta name=\"robots\" content=\"index, follow, max-snippet:-1, max-image-preview:large, max-video-preview:-1\" \/>\r\n<link rel=\"canonical\" href=\"https:\/\/tpenergy.com.vn\/?product=lithium-deye-ap-cao-b0s-g\" \/>\r\n<meta property=\"og:locale\" content=\"vi_VN\" \/>\r\n<meta property=\"og:type\" content=\"article\" \/>\r\n<meta property=\"og:title\" content=\"Pin Lithium Deye BOS-G-Pack5.1 \u00e1p cao | Thu\u1eadn Phong Energy\" \/>\r\n<meta property=\"og:description\" content=\"Pin Lithium Deye BOS-G-Pack5.1 \u00e1p cao \u2013 hi\u1ec7u su\u1ea5t v\u01b0\u1ee3t tr\u1ed9i, \u0111\u1ed9 b\u1ec1n cao, an to\u00e0n tuy\u1ec7t \u0111\u1ed1i. Gi\u1ea3i ph\u00e1p l\u01b0u tr\u1eef n\u0103ng l\u01b0\u1ee3ng xanh t\u1eeb Thu\u1eadn Phong Energy.\" \/>\r\n<meta property=\"og:url\" content=\"https:\/\/tpenergy.com.vn\/?product=lithium-deye-ap-cao-b0s-g\" \/>\r\n<meta property=\"og:site_name\" content=\"Thuan Phong Solar Energy\" \/>\r\n<meta property=\"article:modified_time\" content=\"2025-11-12T03:23:34+00:00\" \/>\r\n<meta property=\"og:image\" content=\"https:\/\/tpenergy.com.vn\/wp-content\/uploads\/2023\/07\/17\u5c42.740.png\" \/>\r\n\t<meta property=\"og:image:width\" content=\"3840\" \/>\r\n\t<meta property=\"og:image:height\" content=\"3840\" \/>\r\n\t<meta property=\"og:image:type\" content=\"image\/png\" \/>\r\n<meta name=\"twitter:card\" content=\"summary_large_image\" \/>\r\n<meta name=\"twitter:label1\" content=\"\u01af\u1edbc t\u00ednh th\u1eddi gian \u0111\u1ecdc\" \/>\n\t<meta name=\"twitter:data1\" content=\"3 ph\u00fat\" \/>\r\n<script type=\"application\/ld+json\" class=\"yoast-schema-graph\">{\"@context\":\"https:\/\/schema.org\",\"@graph\":[{\"@type\":\"WebPage\",\"@id\":\"https:\/\/tpenergy.com.vn\/?product=lithium-deye-ap-cao-b0s-g\",\"url\":\"https:\/\/tpenergy.com.vn\/?product=lithium-deye-ap-cao-b0s-g\",\"name\":\"Pin Lithium Deye BOS-G-Pack5.1 \u00e1p cao | Thu\u1eadn Phong Energy\",\"isPartOf\":{\"@id\":\"https:\/\/tpenergy.com.vn\/#website\"},\"datePublished\":\"2023-07-29T03:09:02+00:00\",\"dateModified\":\"2025-11-12T03:23:34+00:00\",\"description\":\"Pin Lithium Deye BOS-G-Pack5.1 \u00e1p cao \u2013 hi\u1ec7u su\u1ea5t v\u01b0\u1ee3t tr\u1ed9i, \u0111\u1ed9 b\u1ec1n cao, an to\u00e0n tuy\u1ec7t \u0111\u1ed1i. Gi\u1ea3i ph\u00e1p l\u01b0u tr\u1eef n\u0103ng l\u01b0\u1ee3ng xanh t\u1eeb Thu\u1eadn Phong Energy.\",\"breadcrumb\":{\"@id\":\"https:\/\/tpenergy.com.vn\/?product=lithium-deye-ap-cao-b0s-g#breadcrumb\"},\"inLanguage\":\"vi\",\"potentialAction\":[{\"@type\":\"ReadAction\",\"target\":[\"https:\/\/tpenergy.com.vn\/?product=lithium-deye-ap-cao-b0s-g\"]}]},{\"@type\":\"BreadcrumbList\",\"@id\":\"https:\/\/tpenergy.com.vn\/?product=lithium-deye-ap-cao-b0s-g#breadcrumb\",\"itemListElement\":[{\"@type\":\"ListItem\",\"position\":1,\"name\":\"Trang ch\u1ee7\",\"item\":\"https:\/\/tpenergy.com.vn\/\"},{\"@type\":\"ListItem\",\"position\":2,\"name\":\"Shop\",\"item\":\"https:\/\/tpenergy.com.vn\/?page_id=5\"},{\"@type\":\"ListItem\",\"position\":3,\"name\":\"PIN L\u01afU TR\u1eee\",\"item\":\"https:\/\/tpenergy.com.vn\/?product_cat=pinluutru\"},{\"@type\":\"ListItem\",\"position\":4,\"name\":\"PIN LITHIUM DEYE\",\"item\":\"https:\/\/tpenergy.com.vn\/?product_cat=pin-lithium-deye\"},{\"@type\":\"ListItem\",\"position\":5,\"name\":\"\u00c1P CAO\",\"item\":\"https:\/\/tpenergy.com.vn\/?product_cat=ap-cao\"},{\"@type\":\"ListItem\",\"position\":6,\"name\":\"Pin Lithium Deye BOS-G-Pack5.1 \u00e1p cao\"}]},{\"@type\":\"WebSite\",\"@id\":\"https:\/\/tpenergy.com.vn\/#website\",\"url\":\"https:\/\/tpenergy.com.vn\/\",\"name\":\"Thuan Phong Solar Energy\",\"description\":\"\",\"potentialAction\":[{\"@type\":\"SearchAction\",\"target\":{\"@type\":\"EntryPoint\",\"urlTemplate\":\"https:\/\/tpenergy.com.vn\/?s={search_term_string}\"},\"query-input\":\"required name=search_term_string\"}],\"inLanguage\":\"vi\"}]}<\/script>\r\n<!-- \/ Yoast SEO plugin. -->","yoast_head_json":{"title":"Pin Lithium Deye BOS-G-Pack5.1 \u00e1p cao | Thu\u1eadn Phong Energy","description":"Pin Lithium Deye BOS-G-Pack5.1 \u00e1p cao \u2013 hi\u1ec7u su\u1ea5t v\u01b0\u1ee3t tr\u1ed9i, \u0111\u1ed9 b\u1ec1n cao, an to\u00e0n tuy\u1ec7t \u0111\u1ed1i. Gi\u1ea3i ph\u00e1p l\u01b0u tr\u1eef n\u0103ng l\u01b0\u1ee3ng xanh t\u1eeb Thu\u1eadn Phong Energy.","robots":{"index":"index","follow":"follow","max-snippet":"max-snippet:-1","max-image-preview":"max-image-preview:large","max-video-preview":"max-video-preview:-1"},"canonical":"https:\/\/tpenergy.com.vn\/?product=lithium-deye-ap-cao-b0s-g","og_locale":"vi_VN","og_type":"article","og_title":"Pin Lithium Deye BOS-G-Pack5.1 \u00e1p cao | Thu\u1eadn Phong Energy","og_description":"Pin Lithium Deye BOS-G-Pack5.1 \u00e1p cao \u2013 hi\u1ec7u su\u1ea5t v\u01b0\u1ee3t tr\u1ed9i, \u0111\u1ed9 b\u1ec1n cao, an to\u00e0n tuy\u1ec7t \u0111\u1ed1i. Gi\u1ea3i ph\u00e1p l\u01b0u tr\u1eef n\u0103ng l\u01b0\u1ee3ng xanh t\u1eeb Thu\u1eadn Phong Energy.","og_url":"https:\/\/tpenergy.com.vn\/?product=lithium-deye-ap-cao-b0s-g","og_site_name":"Thuan Phong Solar Energy","article_modified_time":"2025-11-12T03:23:34+00:00","og_image":[{"url":"https:\/\/tpenergy.com.vn\/wp-content\/uploads\/2023\/07\/17\u5c42.740.png","width":3840,"height":3840,"type":"image\/png"}],"twitter_card":"summary_large_image","twitter_misc":{"\u01af\u1edbc t\u00ednh th\u1eddi gian \u0111\u1ecdc":"3 ph\u00fat"},"schema":{"@context":"https:\/\/schema.org","@graph":[{"@type":"WebPage","@id":"https:\/\/tpenergy.com.vn\/?product=lithium-deye-ap-cao-b0s-g","url":"https:\/\/tpenergy.com.vn\/?product=lithium-deye-ap-cao-b0s-g","name":"Pin Lithium Deye BOS-G-Pack5.1 \u00e1p cao | Thu\u1eadn Phong Energy","isPartOf":{"@id":"https:\/\/tpenergy.com.vn\/#website"},"datePublished":"2023-07-29T03:09:02+00:00","dateModified":"2025-11-12T03:23:34+00:00","description":"Pin Lithium Deye BOS-G-Pack5.1 \u00e1p cao \u2013 hi\u1ec7u su\u1ea5t v\u01b0\u1ee3t tr\u1ed9i, \u0111\u1ed9 b\u1ec1n cao, an to\u00e0n tuy\u1ec7t \u0111\u1ed1i. Gi\u1ea3i ph\u00e1p l\u01b0u tr\u1eef n\u0103ng l\u01b0\u1ee3ng xanh t\u1eeb Thu\u1eadn Phong Energy.","breadcrumb":{"@id":"https:\/\/tpenergy.com.vn\/?product=lithium-deye-ap-cao-b0s-g#breadcrumb"},"inLanguage":"vi","potentialAction":[{"@type":"ReadAction","target":["https:\/\/tpenergy.com.vn\/?product=lithium-deye-ap-cao-b0s-g"]}]},{"@type":"BreadcrumbList","@id":"https:\/\/tpenergy.com.vn\/?product=lithium-deye-ap-cao-b0s-g#breadcrumb","itemListElement":[{"@type":"ListItem","position":1,"name":"Trang ch\u1ee7","item":"https:\/\/tpenergy.com.vn\/"},{"@type":"ListItem","position":2,"name":"Shop","item":"https:\/\/tpenergy.com.vn\/?page_id=5"},{"@type":"ListItem","position":3,"name":"PIN L\u01afU TR\u1eee","item":"https:\/\/tpenergy.com.vn\/?product_cat=pinluutru"},{"@type":"ListItem","position":4,"name":"PIN LITHIUM DEYE","item":"https:\/\/tpenergy.com.vn\/?product_cat=pin-lithium-deye"},{"@type":"ListItem","position":5,"name":"\u00c1P CAO","item":"https:\/\/tpenergy.com.vn\/?product_cat=ap-cao"},{"@type":"ListItem","position":6,"name":"Pin Lithium Deye BOS-G-Pack5.1 \u00e1p cao"}]},{"@type":"WebSite","@id":"https:\/\/tpenergy.com.vn\/#website","url":"https:\/\/tpenergy.com.vn\/","name":"Thuan Phong Solar Energy","description":"","potentialAction":[{"@type":"SearchAction","target":{"@type":"EntryPoint","urlTemplate":"https:\/\/tpenergy.com.vn\/?s={search_term_string}"},"query-input":"required name=search_term_string"}],"inLanguage":"vi"}]}},"_links":{"self":[{"href":"https:\/\/tpenergy.com.vn\/index.php?rest_route=\/wp\/v2\/product\/2944"}],"collection":[{"href":"https:\/\/tpenergy.com.vn\/index.php?rest_route=\/wp\/v2\/product"}],"about":[{"href":"https:\/\/tpenergy.com.vn\/index.php?rest_route=\/wp\/v2\/types\/product"}],"replies":[{"embeddable":true,"href":"https:\/\/tpenergy.com.vn\/index.php?rest_route=%2Fwp%2Fv2%2Fcomments&post=2944"}],"wp:featuredmedia":[{"embeddable":true,"href":"https:\/\/tpenergy.com.vn\/index.php?rest_route=\/wp\/v2\/media\/6801"}],"wp:attachment":[{"href":"https:\/\/tpenergy.com.vn\/index.php?rest_route=%2Fwp%2Fv2%2Fmedia&parent=2944"}],"wp:term":[{"taxonomy":"product_cat","embeddable":true,"href":"https:\/\/tpenergy.com.vn\/index.php?rest_route=%2Fwp%2Fv2%2Fproduct_cat&post=2944"},{"taxonomy":"product_tag","embeddable":true,"href":"https:\/\/tpenergy.com.vn\/index.php?rest_route=%2Fwp%2Fv2%2Fproduct_tag&post=2944"}],"curies":[{"name":"wp","href":"https:\/\/api.w.org\/{rel}","templated":true}]}}