{"id":2812,"date":"2023-07-25T15:27:37","date_gmt":"2023-07-25T08:27:37","guid":{"rendered":"https:\/\/tpenergy.com.vn\/?post_type=product&#038;p=2812"},"modified":"2023-11-06T15:44:51","modified_gmt":"2023-11-06T08:44:51","slug":"2812","status":"publish","type":"product","link":"https:\/\/tpenergy.com.vn\/?product=2812","title":{"rendered":"TR\u1eccN B\u1ed8 C\u00d4NG SU\u1ea4T 5 KWP 48VDC \u0110\u1ed8C L\u1eacP 1 PHA"},"content":{"rendered":"<table width=\"949\">\n<tbody>\n<tr>\n<td style=\"text-align: center;\" colspan=\"7\" width=\"527\"><strong>TR\u1eccN B\u1ed8 C\u00d4NG SU\u1ea4T 5 KWP \u0110\u1ed8C L\u1eacP 1 PHA<\/strong><\/td>\n<\/tr>\n<tr>\n<td style=\"text-align: center;\" width=\"21\"><strong>STT<\/strong><\/td>\n<td style=\"text-align: center;\" width=\"47\"><strong>Model<\/strong><\/td>\n<td style=\"text-align: center;\" width=\"316\"><strong>Th\u00f4ng s\u1ed1 k\u1ef9 thu\u1eadt<\/strong><\/td>\n<td style=\"text-align: center;\" width=\"50\"><strong>Xu\u1ea5t x\u1ee9<\/strong><\/td>\n<td style=\"text-align: center;\" width=\"25\"><strong>SL<\/strong><\/td>\n<td style=\"text-align: center;\" width=\"25\"><strong>DVT<\/strong><\/td>\n<td style=\"text-align: center;\" width=\"43\"><strong>B\u1ea3o h\u00e0nh<\/strong><\/td>\n<\/tr>\n<tr>\n<td width=\"21\">&nbsp;<\/p>\n<p style=\"text-align: center;\">1<\/p>\n<\/td>\n<td style=\"text-align: center;\" width=\"47\"><strong>LR4\u201372HBD 445<\/strong><\/td>\n<td width=\"316\">\n<p style=\"text-align: center;\"><strong>SOLAR PANEL \u2013 T\u1ea4M N\u0102NG L\u01af\u1ee2NG M\u1eb6T TR\u1edcI C\u00d4NG SU\u1ea4T \u2013 445 Wp \u2013 MONO<\/strong><\/p>\n<ul>\n<li>C\u00f4ng su\u1ea5t: 445Wp t\u1ea1i \u0111i\u1ec1u ki\u1ec7n chu\u1ea9n, hi\u1ec7u su\u1ea5t 20.5%<\/li>\n<li>B\u1ea3o h\u00e0nh v\u1eadt l\u00fd 12 n\u0103m v\u00e0 b\u1ea3o h\u00e0nh hi\u1ec7u su\u1ea5t 30 n\u0103m<\/li>\n<li>Di\u1ec7n t\u00edch l\u1eafp \u0111\u1eb7t: 1038 x 2094 x 35 (mm), tr\u1ecdng l\u01b0\u1ee3ng: 27.5 kg. B\u1ec1 m\u1eb7t 2 m\u1eb7t k\u00ednh.<\/li>\n<\/ul>\n<\/td>\n<td width=\"50\">&nbsp;<\/p>\n<p style=\"text-align: center;\">LONGI<\/p>\n<\/td>\n<td width=\"25\">&nbsp;<\/p>\n<p style=\"text-align: center;\"><strong>9<\/strong><\/p>\n<\/td>\n<td width=\"25\">&nbsp;<\/p>\n<p style=\"text-align: center;\">T\u1ea5m<\/p>\n<\/td>\n<td width=\"43\">&nbsp;<\/p>\n<p style=\"text-align: center;\"><strong>12 N\u0102M<\/strong><\/p>\n<\/td>\n<\/tr>\n<tr>\n<td style=\"text-align: center;\" width=\"21\">\u00a02<\/td>\n<td style=\"text-align: center;\" width=\"47\"><strong>UP5000-<\/strong><br \/>\n<strong>HM8042(RTU) <\/strong><\/td>\n<td width=\"316\">\n<p style=\"text-align: center;\"><strong>INVERTER 5 kWp 48VDC OFF-GRID 1 PHA<\/strong><\/p>\n<ul>\n<li style=\"text-align: left;\">C\u00f4ng su\u1ea5t: 3 kWp, hi\u1ec7u su\u1ea5t c\u1ef1c \u0111\u1ea1i Max.97.8%<\/li>\n<li style=\"text-align: left;\">Ch\u01b0\u01a1ng tr\u00ecnh gi\u00e1m s\u00e1t n\u0103ng l\u01b0\u1ee3ng (Wifi monitoring)<\/li>\n<li style=\"text-align: left;\">Di\u1ec7n t\u00edch l\u1eafp \u0111\u1eb7t: 430 x 350 x 195 mm, tr\u1ecdng l\u01b0\u1ee3ng: 8 kg<\/li>\n<\/ul>\n<\/td>\n<td style=\"text-align: center;\" width=\"50\">EVEPER<\/td>\n<td style=\"text-align: center;\" width=\"25\"><strong>1<\/strong><\/td>\n<td style=\"text-align: center;\" width=\"25\">B\u1ed9<\/td>\n<td style=\"text-align: center;\" width=\"43\"><strong>2 N\u0102M<\/strong><\/td>\n<\/tr>\n<tr>\n<td style=\"text-align: center;\" width=\"21\">3<\/td>\n<td style=\"text-align: center;\" width=\"47\"><strong>ULFP100-48P 48V\/100Ah 4.8KWH<\/strong><\/td>\n<td style=\"text-align: center;\" width=\"316\">\n<p style=\"text-align: center;\"><strong>LITHIUM\u00a0<\/strong><strong>48V-100AH<\/strong><\/p>\n<ul>\n<li>V\u00f2ng \u0111\u1eddi sa\u0323c xa\u0309 cao v\u00e0 cho phe\u0301p x\u1ea3 s\u00e2u 80% \u1edf 25 \u0111\u1ed9 C &gt; 6000 cycles<\/li>\n<li style=\"text-align: left;\">H\u00ea\u0323 th\u00f4\u0301ng gi\u00e1m s\u00e1t th\u00f4ng minh: t\u1ef1 \u0111\u1ed9ng ki\u1ec3m tra d\u00f2ng \u0111i\u1ec7n s\u1ea1c v\u00e0 x\u1ea3, \u0111i\u1ec7n \u00e1p, nhi\u1ec7t \u0111\u1ed9 b\u1ec1 m\u1eb7t pin v\u00e0 nhi\u1ec7t \u0111\u1ed9 m\u00f4i tr\u01b0\u1eddng xung quanh.<\/li>\n<li style=\"text-align: left;\">Tr\u1ecdng l\u01b0\u1ee3ng nh\u1eb9, nho\u0309 go\u0323n nh\u01b0ng m\u1eadt \u0111\u1ed9 n\u0103ng l\u01b0\u1ee3ng kha\u0301 cao.<\/li>\n<li style=\"text-align: left;\">V\u00e2\u0323n ha\u0300nh an to\u00e0n<\/li>\n<\/ul>\n<\/td>\n<td style=\"text-align: center;\" width=\"50\">UFO<\/td>\n<td style=\"text-align: center;\" width=\"25\"><strong>1<\/strong><\/td>\n<td style=\"text-align: center;\" width=\"25\">B\u1ed9<\/td>\n<td style=\"text-align: center;\" width=\"43\"><strong>5 N\u0102M<\/strong><\/td>\n<\/tr>\n<tr>\n<td width=\"21\">&nbsp;<\/p>\n<p>&nbsp;<\/p>\n<p style=\"text-align: center;\">4<\/p>\n<\/td>\n<td width=\"47\">&nbsp;<\/p>\n<p>&nbsp;<\/p>\n<p style=\"text-align: center;\"><strong>KGD<\/strong><\/p>\n<\/td>\n<td width=\"316\">\n<p style=\"text-align: center;\"><strong>KHUNG GI\u00c1 \u0110\u1ee0, T\u1ee6 \u0110I\u1ec0U KHI\u1ec2N, C\u00c1P \u0110I\u1ec6N, THI\u1ebeT B\u1eca B\u1ea2O V\u1ec6 &amp; \u0110\u1ea4U N\u1ed0I<\/strong><\/p>\n<ul>\n<li>Khung \u00e1p m\u00e1i \u2013 di\u1ec7n t\u00edch l\u1eafp \u0111\u1eb7t 16 m2 \u2013 L\u1eafp t\u1ea7ng m\u00e1i<\/li>\n<li>\u0110\u01b0\u1ee3c l\u00e0m b\u1eb1ng nh\u00f4m chuy\u00ean d\u1ee5ng d\u00e0nh cho Solar<\/li>\n<li>T\u1ee7 \u0111i\u1ec7n 2 l\u1edbp chuy\u00ean d\u00f9ng, thi\u1ebft b\u1ecb \u0111\u00f3ng ng\u1eaft DC, AC<\/li>\n<li>D\u00e2y c\u00e1p chuy\u00ean d\u1ee5ng cho Solar, AC<\/li>\n<li>\u1ed0ng b\u1ea3o v\u1ec7 v\u00e0 c\u00e1c thi\u1ebft b\u1ecb kh\u00e1c (\u0111\u1ea7u cos, diode v..v)<\/li>\n<\/ul>\n<\/td>\n<td width=\"50\">&nbsp;<\/p>\n<p>&nbsp;<\/p>\n<p style=\"text-align: center;\">Vi\u1ec7t Nam<\/p>\n<\/td>\n<td width=\"25\">&nbsp;<\/p>\n<p>&nbsp;<\/p>\n<p style=\"text-align: center;\"><strong>1<\/strong><\/p>\n<\/td>\n<td width=\"25\">&nbsp;<\/p>\n<p>&nbsp;<\/p>\n<p style=\"text-align: center;\">G\u00f3i<\/p>\n<\/td>\n<td width=\"43\">\n<p style=\"text-align: center;\"><strong>2 N\u0102M<\/strong><\/p>\n<\/td>\n<\/tr>\n<tr>\n<td style=\"text-align: center;\" width=\"21\">5<\/td>\n<td style=\"text-align: center;\" width=\"47\"><strong>TK-LD<\/strong><\/td>\n<td style=\"text-align: center;\" width=\"316\">\n<p style=\"text-align: center;\"><strong>THI\u1ebeT K\u1ebe, L\u1eaeP \u0110\u1eb6T, B\u1ea2O H\u00c0NH<\/strong><\/p>\n<ul>\n<li style=\"text-align: left;\">Thi\u1ebft k\u1ebf h\u1ec7 khung gi\u00e1 \u0111\u1ee1 ph\u00f9 h\u1ee3p v\u1edbi ki\u1ebfn tr\u00fac to\u00e0 nh\u00e0<\/li>\n<li style=\"text-align: left;\">L\u1eafp \u0111\u1eb7t v\u00e0 chuy\u1ec3n giao h\u1ec7 th\u1ed1ng cho kh\u00e1ch h\u00e0ng<\/li>\n<\/ul>\n<\/td>\n<td style=\"text-align: center;\" width=\"50\">Vi\u1ec7t Nam<\/td>\n<td style=\"text-align: center;\" width=\"25\"><strong>1<\/strong><\/td>\n<td style=\"text-align: center;\" width=\"25\">G\u00f3i<\/td>\n<td style=\"text-align: center;\" width=\"43\"><strong>2 N\u0102M<\/strong><\/td>\n<\/tr>\n<\/tbody>\n<\/table>\n","protected":false},"excerpt":{"rendered":"<p>TR\u1eccN B\u1ed8 C\u00d4NG SU\u1ea4T 5 KWP \u0110\u1ed8C L\u1eacP 1 PHA STT Model Th\u00f4ng s\u1ed1 k\u1ef9 thu\u1eadt Xu\u1ea5t x\u1ee9 SL DVT B\u1ea3o h\u00e0nh &nbsp; 1 LR4\u201372HBD 445 SOLAR PANEL \u2013 T\u1ea4M N\u0102NG L\u01af\u1ee2NG M\u1eb6T TR\u1edcI C\u00d4NG SU\u1ea4T \u2013 445 Wp \u2013 MONO C\u00f4ng su\u1ea5t: 445Wp t\u1ea1i \u0111i\u1ec1u ki\u1ec7n chu\u1ea9n, hi\u1ec7u su\u1ea5t 20.5% B\u1ea3o h\u00e0nh v\u1eadt l\u00fd&#8230;<\/p>\n","protected":false},"featured_media":2798,"comment_status":"open","ping_status":"closed","template":"","meta":{"_eb_attr":""},"product_cat":[72],"product_tag":[77,74,78,75],"class_list":{"0":"post-2812","1":"product","2":"type-product","3":"status-publish","4":"has-post-thumbnail","6":"product_cat-combo-he-doc-lap","7":"product_tag-dien-nlmt-doc-lap","8":"product_tag-doc-lap","9":"product_tag-he-doc-lap","10":"product_tag-off-grid","11":"pa_gia-khong-lap-dat","12":"pa_gia-lap-dat","14":"first","15":"instock","16":"shipping-taxable","17":"purchasable","18":"product-type-variable"},"yoast_head":"<!-- This site is optimized with the Yoast SEO plugin v20.9 - https:\/\/yoast.com\/wordpress\/plugins\/seo\/ -->\r\n<title>TR\u1eccN B\u1ed8 C\u00d4NG SU\u1ea4T 5 KWP 48VDC \u0110\u1ed8C L\u1eacP 1 PHA - Thuan Phong Solar Energy<\/title>\r\n<meta name=\"description\" content=\"Off grid Thuan Phong Solar Energy H\u1ec7 \u0111\u1ed9c l\u1eadp TR\u1eccN B\u1ed8 C\u00d4NG SU\u1ea4T 5 KWP 48VDC \u0110\u1ed8C L\u1eacP 1 PHA\" \/>\r\n<meta name=\"robots\" content=\"index, follow, max-snippet:-1, max-image-preview:large, max-video-preview:-1\" \/>\r\n<link rel=\"canonical\" href=\"https:\/\/tpenergy.com.vn\/?product=2812\" \/>\r\n<meta property=\"og:locale\" content=\"vi_VN\" \/>\r\n<meta property=\"og:type\" content=\"article\" \/>\r\n<meta property=\"og:title\" content=\"TR\u1eccN B\u1ed8 C\u00d4NG SU\u1ea4T 5 KWP 48VDC \u0110\u1ed8C L\u1eacP 1 PHA - Thuan Phong Solar Energy\" \/>\r\n<meta property=\"og:description\" content=\"Off grid Thuan Phong Solar Energy H\u1ec7 \u0111\u1ed9c l\u1eadp TR\u1eccN B\u1ed8 C\u00d4NG SU\u1ea4T 5 KWP 48VDC \u0110\u1ed8C L\u1eacP 1 PHA\" \/>\r\n<meta property=\"og:url\" content=\"https:\/\/tpenergy.com.vn\/?product=2812\" \/>\r\n<meta property=\"og:site_name\" content=\"Thuan Phong Solar Energy\" \/>\r\n<meta property=\"article:modified_time\" content=\"2023-11-06T08:44:51+00:00\" \/>\r\n<meta property=\"og:image\" content=\"https:\/\/tpenergy.com.vn\/wp-content\/uploads\/2023\/07\/COMBO-DOC-LAP-EPEVER-1.png\" \/>\r\n\t<meta property=\"og:image:width\" content=\"1393\" \/>\r\n\t<meta property=\"og:image:height\" content=\"1875\" \/>\r\n\t<meta property=\"og:image:type\" content=\"image\/png\" \/>\r\n<meta name=\"twitter:card\" content=\"summary_large_image\" \/>\r\n<meta name=\"twitter:label1\" content=\"\u01af\u1edbc t\u00ednh th\u1eddi gian \u0111\u1ecdc\" \/>\n\t<meta name=\"twitter:data1\" content=\"2 ph\u00fat\" \/>\r\n<script type=\"application\/ld+json\" class=\"yoast-schema-graph\">{\"@context\":\"https:\/\/schema.org\",\"@graph\":[{\"@type\":\"WebPage\",\"@id\":\"https:\/\/tpenergy.com.vn\/?product=2812\",\"url\":\"https:\/\/tpenergy.com.vn\/?product=2812\",\"name\":\"TR\u1eccN B\u1ed8 C\u00d4NG SU\u1ea4T 5 KWP 48VDC \u0110\u1ed8C L\u1eacP 1 PHA - Thuan Phong Solar Energy\",\"isPartOf\":{\"@id\":\"https:\/\/tpenergy.com.vn\/#website\"},\"datePublished\":\"2023-07-25T08:27:37+00:00\",\"dateModified\":\"2023-11-06T08:44:51+00:00\",\"description\":\"Off grid Thuan Phong Solar Energy H\u1ec7 \u0111\u1ed9c l\u1eadp TR\u1eccN B\u1ed8 C\u00d4NG SU\u1ea4T 5 KWP 48VDC \u0110\u1ed8C L\u1eacP 1 PHA\",\"breadcrumb\":{\"@id\":\"https:\/\/tpenergy.com.vn\/?product=2812#breadcrumb\"},\"inLanguage\":\"vi\",\"potentialAction\":[{\"@type\":\"ReadAction\",\"target\":[\"https:\/\/tpenergy.com.vn\/?product=2812\"]}]},{\"@type\":\"BreadcrumbList\",\"@id\":\"https:\/\/tpenergy.com.vn\/?product=2812#breadcrumb\",\"itemListElement\":[{\"@type\":\"ListItem\",\"position\":1,\"name\":\"Trang ch\u1ee7\",\"item\":\"https:\/\/tpenergy.com.vn\/\"},{\"@type\":\"ListItem\",\"position\":2,\"name\":\"Shop\",\"item\":\"https:\/\/tpenergy.com.vn\/?page_id=5\"},{\"@type\":\"ListItem\",\"position\":3,\"name\":\"COMBO L\u1eaeP \u0110\u1eb6T H\u1ed8 GIA \u0110\u00ccNH\",\"item\":\"https:\/\/tpenergy.com.vn\/?product_cat=combo-lap-dat-ho-gia-dinh\"},{\"@type\":\"ListItem\",\"position\":4,\"name\":\"COMBO \u0110I\u1ec6N M\u1eb6T TR\u1edcI \u0110\u1ed8C L\u1eacP\",\"item\":\"https:\/\/tpenergy.com.vn\/?product_cat=combo-he-doc-lap\"},{\"@type\":\"ListItem\",\"position\":5,\"name\":\"TR\u1eccN B\u1ed8 C\u00d4NG SU\u1ea4T 5 KWP 48VDC \u0110\u1ed8C L\u1eacP 1 PHA\"}]},{\"@type\":\"WebSite\",\"@id\":\"https:\/\/tpenergy.com.vn\/#website\",\"url\":\"https:\/\/tpenergy.com.vn\/\",\"name\":\"Thuan Phong Solar Energy\",\"description\":\"\",\"potentialAction\":[{\"@type\":\"SearchAction\",\"target\":{\"@type\":\"EntryPoint\",\"urlTemplate\":\"https:\/\/tpenergy.com.vn\/?s={search_term_string}\"},\"query-input\":\"required name=search_term_string\"}],\"inLanguage\":\"vi\"}]}<\/script>\r\n<!-- \/ Yoast SEO plugin. -->","yoast_head_json":{"title":"TR\u1eccN B\u1ed8 C\u00d4NG SU\u1ea4T 5 KWP 48VDC \u0110\u1ed8C L\u1eacP 1 PHA - Thuan Phong Solar Energy","description":"Off grid Thuan Phong Solar Energy H\u1ec7 \u0111\u1ed9c l\u1eadp TR\u1eccN B\u1ed8 C\u00d4NG SU\u1ea4T 5 KWP 48VDC \u0110\u1ed8C L\u1eacP 1 PHA","robots":{"index":"index","follow":"follow","max-snippet":"max-snippet:-1","max-image-preview":"max-image-preview:large","max-video-preview":"max-video-preview:-1"},"canonical":"https:\/\/tpenergy.com.vn\/?product=2812","og_locale":"vi_VN","og_type":"article","og_title":"TR\u1eccN B\u1ed8 C\u00d4NG SU\u1ea4T 5 KWP 48VDC \u0110\u1ed8C L\u1eacP 1 PHA - Thuan Phong Solar Energy","og_description":"Off grid Thuan Phong Solar Energy H\u1ec7 \u0111\u1ed9c l\u1eadp TR\u1eccN B\u1ed8 C\u00d4NG SU\u1ea4T 5 KWP 48VDC \u0110\u1ed8C L\u1eacP 1 PHA","og_url":"https:\/\/tpenergy.com.vn\/?product=2812","og_site_name":"Thuan Phong Solar Energy","article_modified_time":"2023-11-06T08:44:51+00:00","og_image":[{"width":1393,"height":1875,"url":"https:\/\/tpenergy.com.vn\/wp-content\/uploads\/2023\/07\/COMBO-DOC-LAP-EPEVER-1.png","type":"image\/png"}],"twitter_card":"summary_large_image","twitter_misc":{"\u01af\u1edbc t\u00ednh th\u1eddi gian \u0111\u1ecdc":"2 ph\u00fat"},"schema":{"@context":"https:\/\/schema.org","@graph":[{"@type":"WebPage","@id":"https:\/\/tpenergy.com.vn\/?product=2812","url":"https:\/\/tpenergy.com.vn\/?product=2812","name":"TR\u1eccN B\u1ed8 C\u00d4NG SU\u1ea4T 5 KWP 48VDC \u0110\u1ed8C L\u1eacP 1 PHA - Thuan Phong Solar Energy","isPartOf":{"@id":"https:\/\/tpenergy.com.vn\/#website"},"datePublished":"2023-07-25T08:27:37+00:00","dateModified":"2023-11-06T08:44:51+00:00","description":"Off grid Thuan Phong Solar Energy H\u1ec7 \u0111\u1ed9c l\u1eadp TR\u1eccN B\u1ed8 C\u00d4NG SU\u1ea4T 5 KWP 48VDC \u0110\u1ed8C L\u1eacP 1 PHA","breadcrumb":{"@id":"https:\/\/tpenergy.com.vn\/?product=2812#breadcrumb"},"inLanguage":"vi","potentialAction":[{"@type":"ReadAction","target":["https:\/\/tpenergy.com.vn\/?product=2812"]}]},{"@type":"BreadcrumbList","@id":"https:\/\/tpenergy.com.vn\/?product=2812#breadcrumb","itemListElement":[{"@type":"ListItem","position":1,"name":"Trang ch\u1ee7","item":"https:\/\/tpenergy.com.vn\/"},{"@type":"ListItem","position":2,"name":"Shop","item":"https:\/\/tpenergy.com.vn\/?page_id=5"},{"@type":"ListItem","position":3,"name":"COMBO L\u1eaeP \u0110\u1eb6T H\u1ed8 GIA \u0110\u00ccNH","item":"https:\/\/tpenergy.com.vn\/?product_cat=combo-lap-dat-ho-gia-dinh"},{"@type":"ListItem","position":4,"name":"COMBO \u0110I\u1ec6N M\u1eb6T TR\u1edcI \u0110\u1ed8C L\u1eacP","item":"https:\/\/tpenergy.com.vn\/?product_cat=combo-he-doc-lap"},{"@type":"ListItem","position":5,"name":"TR\u1eccN B\u1ed8 C\u00d4NG SU\u1ea4T 5 KWP 48VDC \u0110\u1ed8C L\u1eacP 1 PHA"}]},{"@type":"WebSite","@id":"https:\/\/tpenergy.com.vn\/#website","url":"https:\/\/tpenergy.com.vn\/","name":"Thuan Phong Solar Energy","description":"","potentialAction":[{"@type":"SearchAction","target":{"@type":"EntryPoint","urlTemplate":"https:\/\/tpenergy.com.vn\/?s={search_term_string}"},"query-input":"required name=search_term_string"}],"inLanguage":"vi"}]}},"_links":{"self":[{"href":"https:\/\/tpenergy.com.vn\/index.php?rest_route=\/wp\/v2\/product\/2812"}],"collection":[{"href":"https:\/\/tpenergy.com.vn\/index.php?rest_route=\/wp\/v2\/product"}],"about":[{"href":"https:\/\/tpenergy.com.vn\/index.php?rest_route=\/wp\/v2\/types\/product"}],"replies":[{"embeddable":true,"href":"https:\/\/tpenergy.com.vn\/index.php?rest_route=%2Fwp%2Fv2%2Fcomments&post=2812"}],"wp:featuredmedia":[{"embeddable":true,"href":"https:\/\/tpenergy.com.vn\/index.php?rest_route=\/wp\/v2\/media\/2798"}],"wp:attachment":[{"href":"https:\/\/tpenergy.com.vn\/index.php?rest_route=%2Fwp%2Fv2%2Fmedia&parent=2812"}],"wp:term":[{"taxonomy":"product_cat","embeddable":true,"href":"https:\/\/tpenergy.com.vn\/index.php?rest_route=%2Fwp%2Fv2%2Fproduct_cat&post=2812"},{"taxonomy":"product_tag","embeddable":true,"href":"https:\/\/tpenergy.com.vn\/index.php?rest_route=%2Fwp%2Fv2%2Fproduct_tag&post=2812"}],"curies":[{"name":"wp","href":"https:\/\/api.w.org\/{rel}","templated":true}]}}