{"id":4046,"date":"2023-12-12T10:48:54","date_gmt":"2023-12-12T03:48:54","guid":{"rendered":"https:\/\/tpenergy.com.vn\/?page_id=4046"},"modified":"2025-11-08T10:56:32","modified_gmt":"2025-11-08T03:56:32","slug":"chinh-sach-bao-hanh","status":"publish","type":"page","link":"https:\/\/tpenergy.com.vn\/?page_id=4046","title":{"rendered":"Ch\u00ednh s\u00e1ch"},"content":{"rendered":"<p><img loading=\"lazy\" decoding=\"async\" class=\"aligncenter size-full wp-image-6590\" src=\"https:\/\/tpenergy.com.vn\/wp-content\/uploads\/2025\/11\/THOI-GIAN-BAO-HANH-hinh-anh-0-scaled.jpg\" alt=\"\" width=\"1024\" height=\"2560\" srcset=\"https:\/\/tpenergy.com.vn\/wp-content\/uploads\/2025\/11\/THOI-GIAN-BAO-HANH-hinh-anh-0-scaled.jpg 1024w, https:\/\/tpenergy.com.vn\/wp-content\/uploads\/2025\/11\/THOI-GIAN-BAO-HANH-hinh-anh-0-768x1920.jpg 768w, https:\/\/tpenergy.com.vn\/wp-content\/uploads\/2025\/11\/THOI-GIAN-BAO-HANH-hinh-anh-0-614x1536.jpg 614w, https:\/\/tpenergy.com.vn\/wp-content\/uploads\/2025\/11\/THOI-GIAN-BAO-HANH-hinh-anh-0-819x2048.jpg 819w, https:\/\/tpenergy.com.vn\/wp-content\/uploads\/2025\/11\/THOI-GIAN-BAO-HANH-hinh-anh-0-247x618.jpg 247w, https:\/\/tpenergy.com.vn\/wp-content\/uploads\/2025\/11\/THOI-GIAN-BAO-HANH-hinh-anh-0-510x1275.jpg 510w\" sizes=\"(max-width: 1024px) 100vw, 1024px\" \/> <img loading=\"lazy\" decoding=\"async\" class=\"aligncenter size-full wp-image-6591\" src=\"https:\/\/tpenergy.com.vn\/wp-content\/uploads\/2025\/11\/THOI-GIAN-BAO-HANH-hinh-anh-1-scaled.jpg\" alt=\"\" width=\"1024\" height=\"2560\" srcset=\"https:\/\/tpenergy.com.vn\/wp-content\/uploads\/2025\/11\/THOI-GIAN-BAO-HANH-hinh-anh-1-scaled.jpg 1024w, https:\/\/tpenergy.com.vn\/wp-content\/uploads\/2025\/11\/THOI-GIAN-BAO-HANH-hinh-anh-1-768x1920.jpg 768w, https:\/\/tpenergy.com.vn\/wp-content\/uploads\/2025\/11\/THOI-GIAN-BAO-HANH-hinh-anh-1-614x1536.jpg 614w, https:\/\/tpenergy.com.vn\/wp-content\/uploads\/2025\/11\/THOI-GIAN-BAO-HANH-hinh-anh-1-819x2048.jpg 819w, https:\/\/tpenergy.com.vn\/wp-content\/uploads\/2025\/11\/THOI-GIAN-BAO-HANH-hinh-anh-1-247x618.jpg 247w, https:\/\/tpenergy.com.vn\/wp-content\/uploads\/2025\/11\/THOI-GIAN-BAO-HANH-hinh-anh-1-510x1275.jpg 510w\" sizes=\"(max-width: 1024px) 100vw, 1024px\" \/> <img loading=\"lazy\" decoding=\"async\" class=\"aligncenter size-full wp-image-6592\" src=\"https:\/\/tpenergy.com.vn\/wp-content\/uploads\/2025\/11\/THOI-GIAN-BAO-HANH-hinh-anh-2-scaled.jpg\" alt=\"\" width=\"1024\" height=\"2560\" srcset=\"https:\/\/tpenergy.com.vn\/wp-content\/uploads\/2025\/11\/THOI-GIAN-BAO-HANH-hinh-anh-2-scaled.jpg 1024w, https:\/\/tpenergy.com.vn\/wp-content\/uploads\/2025\/11\/THOI-GIAN-BAO-HANH-hinh-anh-2-768x1920.jpg 768w, https:\/\/tpenergy.com.vn\/wp-content\/uploads\/2025\/11\/THOI-GIAN-BAO-HANH-hinh-anh-2-614x1536.jpg 614w, https:\/\/tpenergy.com.vn\/wp-content\/uploads\/2025\/11\/THOI-GIAN-BAO-HANH-hinh-anh-2-819x2048.jpg 819w, https:\/\/tpenergy.com.vn\/wp-content\/uploads\/2025\/11\/THOI-GIAN-BAO-HANH-hinh-anh-2-247x618.jpg 247w, https:\/\/tpenergy.com.vn\/wp-content\/uploads\/2025\/11\/THOI-GIAN-BAO-HANH-hinh-anh-2-510x1275.jpg 510w\" sizes=\"(max-width: 1024px) 100vw, 1024px\" \/> <img loading=\"lazy\" decoding=\"async\" class=\"aligncenter size-full wp-image-6593\" src=\"https:\/\/tpenergy.com.vn\/wp-content\/uploads\/2025\/11\/THOI-GIAN-BAO-HANH-hinh-anh-3-scaled.jpg\" alt=\"\" width=\"1024\" height=\"2560\" srcset=\"https:\/\/tpenergy.com.vn\/wp-content\/uploads\/2025\/11\/THOI-GIAN-BAO-HANH-hinh-anh-3-scaled.jpg 1024w, https:\/\/tpenergy.com.vn\/wp-content\/uploads\/2025\/11\/THOI-GIAN-BAO-HANH-hinh-anh-3-768x1920.jpg 768w, https:\/\/tpenergy.com.vn\/wp-content\/uploads\/2025\/11\/THOI-GIAN-BAO-HANH-hinh-anh-3-614x1536.jpg 614w, https:\/\/tpenergy.com.vn\/wp-content\/uploads\/2025\/11\/THOI-GIAN-BAO-HANH-hinh-anh-3-819x2048.jpg 819w, https:\/\/tpenergy.com.vn\/wp-content\/uploads\/2025\/11\/THOI-GIAN-BAO-HANH-hinh-anh-3-247x618.jpg 247w, https:\/\/tpenergy.com.vn\/wp-content\/uploads\/2025\/11\/THOI-GIAN-BAO-HANH-hinh-anh-3-510x1275.jpg 510w\" sizes=\"(max-width: 1024px) 100vw, 1024px\" \/> <img loading=\"lazy\" decoding=\"async\" class=\"aligncenter size-full wp-image-6594\" src=\"https:\/\/tpenergy.com.vn\/wp-content\/uploads\/2025\/11\/THOI-GIAN-BAO-HANH-hinh-anh-4-scaled.jpg\" alt=\"\" width=\"1024\" height=\"2560\" srcset=\"https:\/\/tpenergy.com.vn\/wp-content\/uploads\/2025\/11\/THOI-GIAN-BAO-HANH-hinh-anh-4-scaled.jpg 1024w, https:\/\/tpenergy.com.vn\/wp-content\/uploads\/2025\/11\/THOI-GIAN-BAO-HANH-hinh-anh-4-768x1920.jpg 768w, https:\/\/tpenergy.com.vn\/wp-content\/uploads\/2025\/11\/THOI-GIAN-BAO-HANH-hinh-anh-4-614x1536.jpg 614w, https:\/\/tpenergy.com.vn\/wp-content\/uploads\/2025\/11\/THOI-GIAN-BAO-HANH-hinh-anh-4-819x2048.jpg 819w, https:\/\/tpenergy.com.vn\/wp-content\/uploads\/2025\/11\/THOI-GIAN-BAO-HANH-hinh-anh-4-247x618.jpg 247w, https:\/\/tpenergy.com.vn\/wp-content\/uploads\/2025\/11\/THOI-GIAN-BAO-HANH-hinh-anh-4-510x1275.jpg 510w\" sizes=\"(max-width: 1024px) 100vw, 1024px\" \/> <img loading=\"lazy\" decoding=\"async\" class=\"aligncenter size-full wp-image-6595\" src=\"https:\/\/tpenergy.com.vn\/wp-content\/uploads\/2025\/11\/THOI-GIAN-BAO-HANH-hinh-anh-5-scaled.jpg\" alt=\"\" width=\"1024\" height=\"2560\" srcset=\"https:\/\/tpenergy.com.vn\/wp-content\/uploads\/2025\/11\/THOI-GIAN-BAO-HANH-hinh-anh-5-scaled.jpg 1024w, https:\/\/tpenergy.com.vn\/wp-content\/uploads\/2025\/11\/THOI-GIAN-BAO-HANH-hinh-anh-5-768x1920.jpg 768w, https:\/\/tpenergy.com.vn\/wp-content\/uploads\/2025\/11\/THOI-GIAN-BAO-HANH-hinh-anh-5-614x1536.jpg 614w, https:\/\/tpenergy.com.vn\/wp-content\/uploads\/2025\/11\/THOI-GIAN-BAO-HANH-hinh-anh-5-819x2048.jpg 819w, https:\/\/tpenergy.com.vn\/wp-content\/uploads\/2025\/11\/THOI-GIAN-BAO-HANH-hinh-anh-5-247x618.jpg 247w, https:\/\/tpenergy.com.vn\/wp-content\/uploads\/2025\/11\/THOI-GIAN-BAO-HANH-hinh-anh-5-510x1275.jpg 510w\" sizes=\"(max-width: 1024px) 100vw, 1024px\" \/> <img loading=\"lazy\" decoding=\"async\" class=\"aligncenter size-full wp-image-6596\" src=\"https:\/\/tpenergy.com.vn\/wp-content\/uploads\/2025\/11\/THOI-GIAN-BAO-HANH-hinh-anh-6-scaled.jpg\" alt=\"\" width=\"1024\" height=\"2560\" srcset=\"https:\/\/tpenergy.com.vn\/wp-content\/uploads\/2025\/11\/THOI-GIAN-BAO-HANH-hinh-anh-6-scaled.jpg 1024w, https:\/\/tpenergy.com.vn\/wp-content\/uploads\/2025\/11\/THOI-GIAN-BAO-HANH-hinh-anh-6-768x1920.jpg 768w, https:\/\/tpenergy.com.vn\/wp-content\/uploads\/2025\/11\/THOI-GIAN-BAO-HANH-hinh-anh-6-614x1536.jpg 614w, https:\/\/tpenergy.com.vn\/wp-content\/uploads\/2025\/11\/THOI-GIAN-BAO-HANH-hinh-anh-6-819x2048.jpg 819w, https:\/\/tpenergy.com.vn\/wp-content\/uploads\/2025\/11\/THOI-GIAN-BAO-HANH-hinh-anh-6-247x618.jpg 247w, https:\/\/tpenergy.com.vn\/wp-content\/uploads\/2025\/11\/THOI-GIAN-BAO-HANH-hinh-anh-6-510x1275.jpg 510w\" sizes=\"(max-width: 1024px) 100vw, 1024px\" \/> <img loading=\"lazy\" decoding=\"async\" class=\"aligncenter size-full wp-image-6597\" src=\"https:\/\/tpenergy.com.vn\/wp-content\/uploads\/2025\/11\/THOI-GIAN-BAO-HANH-hinh-anh-7-scaled.jpg\" alt=\"\" width=\"1024\" height=\"2560\" srcset=\"https:\/\/tpenergy.com.vn\/wp-content\/uploads\/2025\/11\/THOI-GIAN-BAO-HANH-hinh-anh-7-scaled.jpg 1024w, https:\/\/tpenergy.com.vn\/wp-content\/uploads\/2025\/11\/THOI-GIAN-BAO-HANH-hinh-anh-7-768x1920.jpg 768w, https:\/\/tpenergy.com.vn\/wp-content\/uploads\/2025\/11\/THOI-GIAN-BAO-HANH-hinh-anh-7-614x1536.jpg 614w, https:\/\/tpenergy.com.vn\/wp-content\/uploads\/2025\/11\/THOI-GIAN-BAO-HANH-hinh-anh-7-819x2048.jpg 819w, https:\/\/tpenergy.com.vn\/wp-content\/uploads\/2025\/11\/THOI-GIAN-BAO-HANH-hinh-anh-7-247x618.jpg 247w, https:\/\/tpenergy.com.vn\/wp-content\/uploads\/2025\/11\/THOI-GIAN-BAO-HANH-hinh-anh-7-510x1275.jpg 510w\" sizes=\"(max-width: 1024px) 100vw, 1024px\" \/> <img loading=\"lazy\" decoding=\"async\" class=\"aligncenter size-full wp-image-6598\" src=\"https:\/\/tpenergy.com.vn\/wp-content\/uploads\/2025\/11\/THOI-GIAN-BAO-HANH-hinh-anh-8-scaled.jpg\" alt=\"\" width=\"1024\" height=\"2560\" srcset=\"https:\/\/tpenergy.com.vn\/wp-content\/uploads\/2025\/11\/THOI-GIAN-BAO-HANH-hinh-anh-8-scaled.jpg 1024w, https:\/\/tpenergy.com.vn\/wp-content\/uploads\/2025\/11\/THOI-GIAN-BAO-HANH-hinh-anh-8-768x1920.jpg 768w, https:\/\/tpenergy.com.vn\/wp-content\/uploads\/2025\/11\/THOI-GIAN-BAO-HANH-hinh-anh-8-614x1536.jpg 614w, https:\/\/tpenergy.com.vn\/wp-content\/uploads\/2025\/11\/THOI-GIAN-BAO-HANH-hinh-anh-8-819x2048.jpg 819w, https:\/\/tpenergy.com.vn\/wp-content\/uploads\/2025\/11\/THOI-GIAN-BAO-HANH-hinh-anh-8-247x618.jpg 247w, https:\/\/tpenergy.com.vn\/wp-content\/uploads\/2025\/11\/THOI-GIAN-BAO-HANH-hinh-anh-8-510x1275.jpg 510w\" sizes=\"(max-width: 1024px) 100vw, 1024px\" \/><\/p>\n","protected":false},"excerpt":{"rendered":"","protected":false},"author":4,"featured_media":0,"parent":0,"menu_order":0,"comment_status":"closed","ping_status":"closed","template":"","meta":{"_eb_attr":"","footnotes":""},"class_list":["post-4046","page","type-page","status-publish","hentry"],"yoast_head":"<!-- This site is optimized with the Yoast SEO plugin v20.9 - https:\/\/yoast.com\/wordpress\/plugins\/seo\/ -->\r\n<title>Ch\u00ednh s\u00e1ch b\u1ea3o h\u00e0nh TPE<\/title>\r\n<meta name=\"description\" content=\"T\u1ea5t c\u1ea3 c\u00e1c s\u1ea3n ph\u1ea9m c\u1ee7a C\u00d4NG TY TNHH Th\u01b0\u01a1ng M\u1ea1i D\u1ecbch V\u1ee5 C\u01a1 \u0111i\u1ec7n Thu\u1eadn Phong ph\u00e2n ph\u1ed1i \u0111\u1ec1u \u0111\u01b0\u1ee3c b\u1ea3o h\u00e0nh theo \u0111\u00fang quy \u0111\u1ecbnh c\u1ee7a nh\u00e0 s\u1ea3n xu\u1ea5t\" \/>\r\n<meta name=\"robots\" content=\"index, follow, max-snippet:-1, max-image-preview:large, max-video-preview:-1\" \/>\r\n<link rel=\"canonical\" href=\"https:\/\/tpenergy.com.vn\/?page_id=4046\" \/>\r\n<meta property=\"og:locale\" content=\"vi_VN\" \/>\r\n<meta property=\"og:type\" content=\"article\" \/>\r\n<meta property=\"og:title\" content=\"Ch\u00ednh s\u00e1ch b\u1ea3o h\u00e0nh TPE\" \/>\r\n<meta property=\"og:description\" content=\"T\u1ea5t c\u1ea3 c\u00e1c s\u1ea3n ph\u1ea9m c\u1ee7a C\u00d4NG TY TNHH Th\u01b0\u01a1ng M\u1ea1i D\u1ecbch V\u1ee5 C\u01a1 \u0111i\u1ec7n Thu\u1eadn Phong ph\u00e2n ph\u1ed1i \u0111\u1ec1u \u0111\u01b0\u1ee3c b\u1ea3o h\u00e0nh theo \u0111\u00fang quy \u0111\u1ecbnh c\u1ee7a nh\u00e0 s\u1ea3n xu\u1ea5t\" \/>\r\n<meta property=\"og:url\" content=\"https:\/\/tpenergy.com.vn\/?page_id=4046\" \/>\r\n<meta property=\"og:site_name\" content=\"Thuan Phong Solar Energy\" \/>\r\n<meta property=\"article:modified_time\" content=\"2025-11-08T03:56:32+00:00\" \/>\r\n<meta property=\"og:image\" content=\"https:\/\/tpenergy.com.vn\/wp-content\/uploads\/2025\/11\/THOI-GIAN-BAO-HANH-hinh-anh-0-scaled.jpg\" \/>\r\n<meta name=\"twitter:card\" content=\"summary_large_image\" \/>\r\n<meta name=\"twitter:label1\" content=\"\u01af\u1edbc t\u00ednh th\u1eddi gian \u0111\u1ecdc\" \/>\n\t<meta name=\"twitter:data1\" content=\"2 ph\u00fat\" \/>\r\n<script type=\"application\/ld+json\" class=\"yoast-schema-graph\">{\"@context\":\"https:\/\/schema.org\",\"@graph\":[{\"@type\":\"WebPage\",\"@id\":\"https:\/\/tpenergy.com.vn\/?page_id=4046\",\"url\":\"https:\/\/tpenergy.com.vn\/?page_id=4046\",\"name\":\"Ch\u00ednh s\u00e1ch b\u1ea3o h\u00e0nh TPE\",\"isPartOf\":{\"@id\":\"https:\/\/tpenergy.com.vn\/#website\"},\"datePublished\":\"2023-12-12T03:48:54+00:00\",\"dateModified\":\"2025-11-08T03:56:32+00:00\",\"description\":\"T\u1ea5t c\u1ea3 c\u00e1c s\u1ea3n ph\u1ea9m c\u1ee7a C\u00d4NG TY TNHH Th\u01b0\u01a1ng M\u1ea1i D\u1ecbch V\u1ee5 C\u01a1 \u0111i\u1ec7n Thu\u1eadn Phong ph\u00e2n ph\u1ed1i \u0111\u1ec1u \u0111\u01b0\u1ee3c b\u1ea3o h\u00e0nh theo \u0111\u00fang quy \u0111\u1ecbnh c\u1ee7a nh\u00e0 s\u1ea3n xu\u1ea5t\",\"breadcrumb\":{\"@id\":\"https:\/\/tpenergy.com.vn\/?page_id=4046#breadcrumb\"},\"inLanguage\":\"vi\",\"potentialAction\":[{\"@type\":\"ReadAction\",\"target\":[\"https:\/\/tpenergy.com.vn\/?page_id=4046\"]}]},{\"@type\":\"BreadcrumbList\",\"@id\":\"https:\/\/tpenergy.com.vn\/?page_id=4046#breadcrumb\",\"itemListElement\":[{\"@type\":\"ListItem\",\"position\":1,\"name\":\"Trang ch\u1ee7\",\"item\":\"https:\/\/tpenergy.com.vn\/\"},{\"@type\":\"ListItem\",\"position\":2,\"name\":\"Ch\u00ednh s\u00e1ch\"}]},{\"@type\":\"WebSite\",\"@id\":\"https:\/\/tpenergy.com.vn\/#website\",\"url\":\"https:\/\/tpenergy.com.vn\/\",\"name\":\"Thuan Phong Solar Energy\",\"description\":\"\",\"potentialAction\":[{\"@type\":\"SearchAction\",\"target\":{\"@type\":\"EntryPoint\",\"urlTemplate\":\"https:\/\/tpenergy.com.vn\/?s={search_term_string}\"},\"query-input\":\"required name=search_term_string\"}],\"inLanguage\":\"vi\"}]}<\/script>\r\n<!-- \/ Yoast SEO plugin. -->","yoast_head_json":{"title":"Ch\u00ednh s\u00e1ch b\u1ea3o h\u00e0nh TPE","description":"T\u1ea5t c\u1ea3 c\u00e1c s\u1ea3n ph\u1ea9m c\u1ee7a C\u00d4NG TY TNHH Th\u01b0\u01a1ng M\u1ea1i D\u1ecbch V\u1ee5 C\u01a1 \u0111i\u1ec7n Thu\u1eadn Phong ph\u00e2n ph\u1ed1i \u0111\u1ec1u \u0111\u01b0\u1ee3c b\u1ea3o h\u00e0nh theo \u0111\u00fang quy \u0111\u1ecbnh c\u1ee7a nh\u00e0 s\u1ea3n xu\u1ea5t","robots":{"index":"index","follow":"follow","max-snippet":"max-snippet:-1","max-image-preview":"max-image-preview:large","max-video-preview":"max-video-preview:-1"},"canonical":"https:\/\/tpenergy.com.vn\/?page_id=4046","og_locale":"vi_VN","og_type":"article","og_title":"Ch\u00ednh s\u00e1ch b\u1ea3o h\u00e0nh TPE","og_description":"T\u1ea5t c\u1ea3 c\u00e1c s\u1ea3n ph\u1ea9m c\u1ee7a C\u00d4NG TY TNHH Th\u01b0\u01a1ng M\u1ea1i D\u1ecbch V\u1ee5 C\u01a1 \u0111i\u1ec7n Thu\u1eadn Phong ph\u00e2n ph\u1ed1i \u0111\u1ec1u \u0111\u01b0\u1ee3c b\u1ea3o h\u00e0nh theo \u0111\u00fang quy \u0111\u1ecbnh c\u1ee7a nh\u00e0 s\u1ea3n xu\u1ea5t","og_url":"https:\/\/tpenergy.com.vn\/?page_id=4046","og_site_name":"Thuan Phong Solar Energy","article_modified_time":"2025-11-08T03:56:32+00:00","og_image":[{"url":"https:\/\/tpenergy.com.vn\/wp-content\/uploads\/2025\/11\/THOI-GIAN-BAO-HANH-hinh-anh-0-scaled.jpg"}],"twitter_card":"summary_large_image","twitter_misc":{"\u01af\u1edbc t\u00ednh th\u1eddi gian \u0111\u1ecdc":"2 ph\u00fat"},"schema":{"@context":"https:\/\/schema.org","@graph":[{"@type":"WebPage","@id":"https:\/\/tpenergy.com.vn\/?page_id=4046","url":"https:\/\/tpenergy.com.vn\/?page_id=4046","name":"Ch\u00ednh s\u00e1ch b\u1ea3o h\u00e0nh TPE","isPartOf":{"@id":"https:\/\/tpenergy.com.vn\/#website"},"datePublished":"2023-12-12T03:48:54+00:00","dateModified":"2025-11-08T03:56:32+00:00","description":"T\u1ea5t c\u1ea3 c\u00e1c s\u1ea3n ph\u1ea9m c\u1ee7a C\u00d4NG TY TNHH Th\u01b0\u01a1ng M\u1ea1i D\u1ecbch V\u1ee5 C\u01a1 \u0111i\u1ec7n Thu\u1eadn Phong ph\u00e2n ph\u1ed1i \u0111\u1ec1u \u0111\u01b0\u1ee3c b\u1ea3o h\u00e0nh theo \u0111\u00fang quy \u0111\u1ecbnh c\u1ee7a nh\u00e0 s\u1ea3n xu\u1ea5t","breadcrumb":{"@id":"https:\/\/tpenergy.com.vn\/?page_id=4046#breadcrumb"},"inLanguage":"vi","potentialAction":[{"@type":"ReadAction","target":["https:\/\/tpenergy.com.vn\/?page_id=4046"]}]},{"@type":"BreadcrumbList","@id":"https:\/\/tpenergy.com.vn\/?page_id=4046#breadcrumb","itemListElement":[{"@type":"ListItem","position":1,"name":"Trang ch\u1ee7","item":"https:\/\/tpenergy.com.vn\/"},{"@type":"ListItem","position":2,"name":"Ch\u00ednh s\u00e1ch"}]},{"@type":"WebSite","@id":"https:\/\/tpenergy.com.vn\/#website","url":"https:\/\/tpenergy.com.vn\/","name":"Thuan Phong Solar Energy","description":"","potentialAction":[{"@type":"SearchAction","target":{"@type":"EntryPoint","urlTemplate":"https:\/\/tpenergy.com.vn\/?s={search_term_string}"},"query-input":"required name=search_term_string"}],"inLanguage":"vi"}]}},"_links":{"self":[{"href":"https:\/\/tpenergy.com.vn\/index.php?rest_route=\/wp\/v2\/pages\/4046"}],"collection":[{"href":"https:\/\/tpenergy.com.vn\/index.php?rest_route=\/wp\/v2\/pages"}],"about":[{"href":"https:\/\/tpenergy.com.vn\/index.php?rest_route=\/wp\/v2\/types\/page"}],"author":[{"embeddable":true,"href":"https:\/\/tpenergy.com.vn\/index.php?rest_route=\/wp\/v2\/users\/4"}],"replies":[{"embeddable":true,"href":"https:\/\/tpenergy.com.vn\/index.php?rest_route=%2Fwp%2Fv2%2Fcomments&post=4046"}],"version-history":[{"count":7,"href":"https:\/\/tpenergy.com.vn\/index.php?rest_route=\/wp\/v2\/pages\/4046\/revisions"}],"predecessor-version":[{"id":6599,"href":"https:\/\/tpenergy.com.vn\/index.php?rest_route=\/wp\/v2\/pages\/4046\/revisions\/6599"}],"wp:attachment":[{"href":"https:\/\/tpenergy.com.vn\/index.php?rest_route=%2Fwp%2Fv2%2Fmedia&parent=4046"}],"curies":[{"name":"wp","href":"https:\/\/api.w.org\/{rel}","templated":true}]}}